{"id":6320,"date":"2025-03-25T08:51:16","date_gmt":"2025-03-25T01:51:16","guid":{"rendered":"https:\/\/bitcoinvn.io\/shop\/?post_type=product&#038;p=6320"},"modified":"2025-07-28T11:49:36","modified_gmt":"2025-07-28T04:49:36","slug":"bitcoin-elephant","status":"publish","type":"product","link":"https:\/\/bitcoinvn.io\/shop\/ja\/product\/bitcoin-elephant\/","title":{"rendered":"\u30d3\u30c3\u30c8\u30b3\u30a4\u30f3\u306e\u30be\u30a6"},"content":{"rendered":"<ul>\n<li>\u4e2d\u7dbf\uff1a100% \u30aa\u30fc\u30ac\u30cb\u30c3\u30af\u30b3\u30c3\u30c8\u30f3\u3002<\/li>\n<li>\u624b\u7de8\u307f\u306e\u6bdb\u7cf8\u88fd\uff08\u7dbf78% &amp; \u30a2\u30af\u30ea\u30eb22%\uff09\u3002<\/li>\n<li>\u88fd\u54c1\u306e\u9577\u3055\uff1a24cm<\/li>\n<\/ul>\n","protected":false},"excerpt":{"rendered":"<p id=\"tw-target-text\" class=\"tw-data-text tw-text-large tw-ta\" dir=\"ltr\" data-placeholder=\"\u7ffb\u8a33\"><span class=\"Y2IQFc\" lang=\"ja\">\u3053\u3093\u306b\u3061\u306f\u3001\u50d5\u306f\u30d3\u30c3\u30c8\u30b3\u30a4\u30f3\u305e\u3046\u3055\u3093\u3067\u3059\uff01<img decoding=\"async\" class=\"emoji\" src=\"https:\/\/web.telegram.org\/k\/assets\/img\/emoji\/1f418.png\" alt=\"\ud83d\udc18\" \/> <\/span><\/p>\n<p class=\"tw-data-text tw-text-large tw-ta\" dir=\"ltr\" data-placeholder=\"\u7ffb\u8a33\"><span class=\"Y2IQFc\" lang=\"ja\">\u50d5\u306f\u3001\u30b3\u30c3\u30c8\u30f378%\u3068\u30a2\u30af\u30ea\u30eb22%\u306e\u6bdb\u7cf8\u3067\u4e01\u5be7\u306b\u624b\u7de8\u307f\u3055\u308c\u3066\u3044\u3066\u3001\u5feb\u9069\u3055\u3068\u8010\u4e45\u6027\u3092\u517c\u306d\u5099\u3048\u3066\u3044\u307e\u3059\u3002<\/span><\/p>\n<p class=\"tw-data-text tw-text-large tw-ta\" dir=\"ltr\" data-placeholder=\"\u7ffb\u8a33\"><span class=\"Y2IQFc\" lang=\"ja\">\u50d5\u306e\u8eab\u9577\u306f24cm\u3067\u3001100%\u30aa\u30fc\u30ac\u30cb\u30c3\u30af\u30b3\u30c3\u30c8\u30f3\u306e\u4e2d\u7dbf\u304c\u305f\u3063\u3077\u308a\u8a70\u307e\u3063\u3066\u3044\u308b\u306e\u3067\u3001\u5c11\u3057\u307d\u3063\u3061\u3083\u308a\u3057\u3066\u3044\u307e\u3059\u3002\u3060\u304b\u3089\u3053\u305d\u3001\u3042\u3089\u3086\u308b\u5e74\u9f62\u306e\u4eba\u306b\u62b1\u304d\u3057\u3081\u3066\u3082\u3089\u3046\u306e\u306b\u3074\u3063\u305f\u308a\u306a\u3093\u3067\u3059\uff01<\/span><\/p>\n<p class=\"tw-data-text tw-text-large tw-ta\" dir=\"ltr\" data-placeholder=\"\u7ffb\u8a33\"><span class=\"Y2IQFc\" lang=\"ja\">\u6c5a\u308c\u3066\u3057\u307e\u3063\u305f\u3089\u3001\u512a\u3057\u304f\u304a\u98a8\u5442\u306b\u6d78\u3057\u3066\u6d17\u3063\u3066\u304f\u3060\u3055\u3044\u306d\u3002\u6d17\u6fef\u6a5f\u306b\u306f\u5165\u308c\u306a\u3044\u3067\u306d\u3002\u592a\u967d\u306e\u5149\u306e\u4e0b\u3067\u81ea\u7136\u4e7e\u71e5\u3059\u308b\u306e\u304c\u5927\u597d\u304d\u306a\u3093\u3067\u3059\uff01<\/span><\/p>\n<p class=\"tw-data-text tw-text-large tw-ta\" dir=\"ltr\" data-placeholder=\"\u7ffb\u8a33\"><span class=\"Y2IQFc\" lang=\"ja\">\u50d5\u306f\u3001\u60c5\u71b1\u7684\u306a\u7de8\u307f\u7269\u8077\u4eba\u306e\u624b\u306b\u3088\u3063\u3066\u3001\u611b\u60c5\u305f\u3063\u3077\u308a\u306b\u4f5c\u3089\u308c\u307e\u3057\u305f\u3002\u305d\u306e\u8077\u4eba\u3055\u3093\u306f\u3001\u50d5\u3092\u3042\u306a\u305f\u3084\u3042\u306a\u305f\u306e\u5927\u5207\u306a\u4eba\u305f\u3061\u3068\u5206\u304b\u3061\u5408\u3048\u308b\u3053\u3068\u3092\u3001\u3068\u3066\u3082\u697d\u3057\u307f\u306b\u3057\u3066\u3044\u307e\u3059\uff01<\/span><\/p>\n<p class=\"tw-data-text tw-text-large tw-ta\" dir=\"ltr\" data-placeholder=\"\u7ffb\u8a33\"><span class=\"Y2IQFc\" lang=\"ja\">\u50d5\u3092\u304a\u5bb6\u306b\u8fce\u3048\u3066\u3001\u4e00\u7dd2\u306b\u7d20\u6575\u306a\u601d\u3044\u51fa\u3092\u4f5c\u308a\u307e\u3057\u3087\u3046\u306d\uff01 \ud83d\ude42<\/span><\/p>\n","protected":false},"featured_media":6640,"comment_status":"open","ping_status":"closed","template":"","meta":[],"product_brand":[],"product_cat":[626,628],"product_tag":[],"class_list":{"0":"post-6320","1":"product","2":"type-product","3":"status-publish","4":"has-post-thumbnail","6":"product_cat-arts-collectibles","7":"product_cat-chubby-bitcoiners","9":"first","10":"instock","11":"taxable","12":"shipping-taxable","13":"purchasable","14":"product-type-variable"},"yoast_head":"<!-- This site is optimized with the Yoast SEO plugin v26.6 - https:\/\/yoast.com\/wordpress\/plugins\/seo\/ -->\n<title>\u30d3\u30c3\u30c8\u30b3\u30a4\u30f3\u306e\u30be\u30a6 - BitcoinVN Shop<\/title>\n<meta name=\"description\" content=\"Ch\u00fa vui Bitcoin m\u00f3c len nh\u1ed3i b\u00f4ng si\u00eau \u0111\u00e1ng y\u00eau, ph\u00f9 h\u1ee3p l\u00e0m qu\u00e0 t\u1eb7ng d\u00e0nh cho nh\u1eefng ng\u01b0\u1eddi \u0111am m\u00ea BTC. Ship COD t\u1eadn n\u01a1i. Mua ngay!\" \/>\n<meta name=\"robots\" content=\"index, follow, max-snippet:-1, max-image-preview:large, max-video-preview:-1\" \/>\n<link rel=\"canonical\" href=\"https:\/\/bitcoinvn.io\/shop\/ja\/product\/bitcoin-elephant\/\" \/>\n<meta property=\"og:locale\" content=\"en_US\" \/>\n<meta property=\"og:type\" content=\"article\" \/>\n<meta property=\"og:title\" content=\"\u30d3\u30c3\u30c8\u30b3\u30a4\u30f3\u306e\u30be\u30a6 - BitcoinVN Shop\" \/>\n<meta property=\"og:description\" content=\"Ch\u00fa vui Bitcoin m\u00f3c len nh\u1ed3i b\u00f4ng si\u00eau \u0111\u00e1ng y\u00eau, ph\u00f9 h\u1ee3p l\u00e0m qu\u00e0 t\u1eb7ng d\u00e0nh cho nh\u1eefng ng\u01b0\u1eddi \u0111am m\u00ea BTC. Ship COD t\u1eadn n\u01a1i. Mua ngay!\" \/>\n<meta property=\"og:url\" content=\"https:\/\/bitcoinvn.io\/shop\/ja\/product\/bitcoin-elephant\/\" \/>\n<meta property=\"og:site_name\" content=\"BitcoinVN Shop\" \/>\n<meta property=\"article:publisher\" content=\"https:\/\/www.facebook.com\/BitcoinVNShop\/\" \/>\n<meta property=\"article:modified_time\" content=\"2025-07-28T04:49:36+00:00\" \/>\n<meta property=\"og:image\" content=\"https:\/\/bitcoinvn.io\/shop\/wp-content\/uploads\/2023\/07\/photo_6147680501343828566_y.jpg\" \/>\n\t<meta property=\"og:image:width\" content=\"960\" \/>\n\t<meta property=\"og:image:height\" content=\"1280\" \/>\n\t<meta property=\"og:image:type\" content=\"image\/jpeg\" \/>\n<meta name=\"twitter:card\" content=\"summary_large_image\" \/>\n<meta name=\"twitter:site\" content=\"@bitcoinvnshop\" \/>\n<meta name=\"twitter:label1\" content=\"Est. reading time\" \/>\n\t<meta name=\"twitter:data1\" content=\"1 minute\" \/>\n<script type=\"application\/ld+json\" class=\"yoast-schema-graph\">{\"@context\":\"https:\/\/schema.org\",\"@graph\":[{\"@type\":\"WebPage\",\"@id\":\"https:\/\/bitcoinvn.io\/shop\/ja\/product\/bitcoin-elephant\/\",\"url\":\"https:\/\/bitcoinvn.io\/shop\/ja\/product\/bitcoin-elephant\/\",\"name\":\"\u30d3\u30c3\u30c8\u30b3\u30a4\u30f3\u306e\u30be\u30a6 - BitcoinVN Shop\",\"isPartOf\":{\"@id\":\"https:\/\/bitcoinvn.io\/shop\/#website\"},\"primaryImageOfPage\":{\"@id\":\"https:\/\/bitcoinvn.io\/shop\/ja\/product\/bitcoin-elephant\/#primaryimage\"},\"image\":{\"@id\":\"https:\/\/bitcoinvn.io\/shop\/ja\/product\/bitcoin-elephant\/#primaryimage\"},\"thumbnailUrl\":\"https:\/\/bitcoinvn.io\/shop\/wp-content\/uploads\/2023\/07\/photo_6147680501343828566_y.jpg\",\"datePublished\":\"2025-03-25T01:51:16+00:00\",\"dateModified\":\"2025-07-28T04:49:36+00:00\",\"description\":\"Ch\u00fa vui Bitcoin m\u00f3c len nh\u1ed3i b\u00f4ng si\u00eau \u0111\u00e1ng y\u00eau, ph\u00f9 h\u1ee3p l\u00e0m qu\u00e0 t\u1eb7ng d\u00e0nh cho nh\u1eefng ng\u01b0\u1eddi \u0111am m\u00ea BTC. Ship COD t\u1eadn n\u01a1i. Mua ngay!\",\"breadcrumb\":{\"@id\":\"https:\/\/bitcoinvn.io\/shop\/ja\/product\/bitcoin-elephant\/#breadcrumb\"},\"inLanguage\":\"en-US\",\"potentialAction\":[{\"@type\":\"ReadAction\",\"target\":[\"https:\/\/bitcoinvn.io\/shop\/ja\/product\/bitcoin-elephant\/\"]}]},{\"@type\":\"ImageObject\",\"inLanguage\":\"en-US\",\"@id\":\"https:\/\/bitcoinvn.io\/shop\/ja\/product\/bitcoin-elephant\/#primaryimage\",\"url\":\"https:\/\/bitcoinvn.io\/shop\/wp-content\/uploads\/2023\/07\/photo_6147680501343828566_y.jpg\",\"contentUrl\":\"https:\/\/bitcoinvn.io\/shop\/wp-content\/uploads\/2023\/07\/photo_6147680501343828566_y.jpg\",\"width\":960,\"height\":1280},{\"@type\":\"BreadcrumbList\",\"@id\":\"https:\/\/bitcoinvn.io\/shop\/ja\/product\/bitcoin-elephant\/#breadcrumb\",\"itemListElement\":[{\"@type\":\"ListItem\",\"position\":1,\"name\":\"Home\",\"item\":\"https:\/\/bitcoinvn.io\/shop\/store\/\"},{\"@type\":\"ListItem\",\"position\":2,\"name\":\"Shop\",\"item\":\"https:\/\/bitcoinvn.io\/shop\/shop\/\"},{\"@type\":\"ListItem\",\"position\":3,\"name\":\"\u30d3\u30c3\u30c8\u30b3\u30a4\u30f3\u306e\u30be\u30a6\"}]},{\"@type\":\"WebSite\",\"@id\":\"https:\/\/bitcoinvn.io\/shop\/#website\",\"url\":\"https:\/\/bitcoinvn.io\/shop\/\",\"name\":\"BitcoinVN Shop\",\"description\":\"Official Hardware Wallet Distributor in Vietnam\",\"publisher\":{\"@id\":\"https:\/\/bitcoinvn.io\/shop\/#organization\"},\"potentialAction\":[{\"@type\":\"SearchAction\",\"target\":{\"@type\":\"EntryPoint\",\"urlTemplate\":\"https:\/\/bitcoinvn.io\/shop\/?s={search_term_string}\"},\"query-input\":{\"@type\":\"PropertyValueSpecification\",\"valueRequired\":true,\"valueName\":\"search_term_string\"}}],\"inLanguage\":\"en-US\"},{\"@type\":\"Organization\",\"@id\":\"https:\/\/bitcoinvn.io\/shop\/#organization\",\"name\":\"BitcoinVN Shop\",\"url\":\"https:\/\/bitcoinvn.io\/shop\/\",\"logo\":{\"@type\":\"ImageObject\",\"inLanguage\":\"en-US\",\"@id\":\"https:\/\/bitcoinvn.io\/shop\/#\/schema\/logo\/image\/\",\"url\":\"https:\/\/bitcoinvn.io\/shop\/wp-content\/uploads\/2021\/03\/logo-bitcoinvn-shop.jpg\",\"contentUrl\":\"https:\/\/bitcoinvn.io\/shop\/wp-content\/uploads\/2021\/03\/logo-bitcoinvn-shop.jpg\",\"width\":1200,\"height\":675,\"caption\":\"BitcoinVN Shop\"},\"image\":{\"@id\":\"https:\/\/bitcoinvn.io\/shop\/#\/schema\/logo\/image\/\"},\"sameAs\":[\"https:\/\/www.facebook.com\/BitcoinVNShop\/\",\"https:\/\/x.com\/bitcoinvnshop\"]}]}<\/script>\n<!-- \/ Yoast SEO plugin. -->","yoast_head_json":{"title":"\u30d3\u30c3\u30c8\u30b3\u30a4\u30f3\u306e\u30be\u30a6 - BitcoinVN Shop","description":"Ch\u00fa vui Bitcoin m\u00f3c len nh\u1ed3i b\u00f4ng si\u00eau \u0111\u00e1ng y\u00eau, ph\u00f9 h\u1ee3p l\u00e0m qu\u00e0 t\u1eb7ng d\u00e0nh cho nh\u1eefng ng\u01b0\u1eddi \u0111am m\u00ea BTC. Ship COD t\u1eadn n\u01a1i. Mua ngay!","robots":{"index":"index","follow":"follow","max-snippet":"max-snippet:-1","max-image-preview":"max-image-preview:large","max-video-preview":"max-video-preview:-1"},"canonical":"https:\/\/bitcoinvn.io\/shop\/ja\/product\/bitcoin-elephant\/","og_locale":"en_US","og_type":"article","og_title":"\u30d3\u30c3\u30c8\u30b3\u30a4\u30f3\u306e\u30be\u30a6 - BitcoinVN Shop","og_description":"Ch\u00fa vui Bitcoin m\u00f3c len nh\u1ed3i b\u00f4ng si\u00eau \u0111\u00e1ng y\u00eau, ph\u00f9 h\u1ee3p l\u00e0m qu\u00e0 t\u1eb7ng d\u00e0nh cho nh\u1eefng ng\u01b0\u1eddi \u0111am m\u00ea BTC. Ship COD t\u1eadn n\u01a1i. Mua ngay!","og_url":"https:\/\/bitcoinvn.io\/shop\/ja\/product\/bitcoin-elephant\/","og_site_name":"BitcoinVN Shop","article_publisher":"https:\/\/www.facebook.com\/BitcoinVNShop\/","article_modified_time":"2025-07-28T04:49:36+00:00","og_image":[{"width":960,"height":1280,"url":"https:\/\/bitcoinvn.io\/shop\/wp-content\/uploads\/2023\/07\/photo_6147680501343828566_y.jpg","type":"image\/jpeg"}],"twitter_card":"summary_large_image","twitter_site":"@bitcoinvnshop","twitter_misc":{"Est. reading time":"1 minute"},"schema":{"@context":"https:\/\/schema.org","@graph":[{"@type":"WebPage","@id":"https:\/\/bitcoinvn.io\/shop\/ja\/product\/bitcoin-elephant\/","url":"https:\/\/bitcoinvn.io\/shop\/ja\/product\/bitcoin-elephant\/","name":"\u30d3\u30c3\u30c8\u30b3\u30a4\u30f3\u306e\u30be\u30a6 - BitcoinVN Shop","isPartOf":{"@id":"https:\/\/bitcoinvn.io\/shop\/#website"},"primaryImageOfPage":{"@id":"https:\/\/bitcoinvn.io\/shop\/ja\/product\/bitcoin-elephant\/#primaryimage"},"image":{"@id":"https:\/\/bitcoinvn.io\/shop\/ja\/product\/bitcoin-elephant\/#primaryimage"},"thumbnailUrl":"https:\/\/bitcoinvn.io\/shop\/wp-content\/uploads\/2023\/07\/photo_6147680501343828566_y.jpg","datePublished":"2025-03-25T01:51:16+00:00","dateModified":"2025-07-28T04:49:36+00:00","description":"Ch\u00fa vui Bitcoin m\u00f3c len nh\u1ed3i b\u00f4ng si\u00eau \u0111\u00e1ng y\u00eau, ph\u00f9 h\u1ee3p l\u00e0m qu\u00e0 t\u1eb7ng d\u00e0nh cho nh\u1eefng ng\u01b0\u1eddi \u0111am m\u00ea BTC. Ship COD t\u1eadn n\u01a1i. Mua ngay!","breadcrumb":{"@id":"https:\/\/bitcoinvn.io\/shop\/ja\/product\/bitcoin-elephant\/#breadcrumb"},"inLanguage":"en-US","potentialAction":[{"@type":"ReadAction","target":["https:\/\/bitcoinvn.io\/shop\/ja\/product\/bitcoin-elephant\/"]}]},{"@type":"ImageObject","inLanguage":"en-US","@id":"https:\/\/bitcoinvn.io\/shop\/ja\/product\/bitcoin-elephant\/#primaryimage","url":"https:\/\/bitcoinvn.io\/shop\/wp-content\/uploads\/2023\/07\/photo_6147680501343828566_y.jpg","contentUrl":"https:\/\/bitcoinvn.io\/shop\/wp-content\/uploads\/2023\/07\/photo_6147680501343828566_y.jpg","width":960,"height":1280},{"@type":"BreadcrumbList","@id":"https:\/\/bitcoinvn.io\/shop\/ja\/product\/bitcoin-elephant\/#breadcrumb","itemListElement":[{"@type":"ListItem","position":1,"name":"Home","item":"https:\/\/bitcoinvn.io\/shop\/store\/"},{"@type":"ListItem","position":2,"name":"Shop","item":"https:\/\/bitcoinvn.io\/shop\/shop\/"},{"@type":"ListItem","position":3,"name":"\u30d3\u30c3\u30c8\u30b3\u30a4\u30f3\u306e\u30be\u30a6"}]},{"@type":"WebSite","@id":"https:\/\/bitcoinvn.io\/shop\/#website","url":"https:\/\/bitcoinvn.io\/shop\/","name":"BitcoinVN Shop","description":"Official Hardware Wallet Distributor in Vietnam","publisher":{"@id":"https:\/\/bitcoinvn.io\/shop\/#organization"},"potentialAction":[{"@type":"SearchAction","target":{"@type":"EntryPoint","urlTemplate":"https:\/\/bitcoinvn.io\/shop\/?s={search_term_string}"},"query-input":{"@type":"PropertyValueSpecification","valueRequired":true,"valueName":"search_term_string"}}],"inLanguage":"en-US"},{"@type":"Organization","@id":"https:\/\/bitcoinvn.io\/shop\/#organization","name":"BitcoinVN Shop","url":"https:\/\/bitcoinvn.io\/shop\/","logo":{"@type":"ImageObject","inLanguage":"en-US","@id":"https:\/\/bitcoinvn.io\/shop\/#\/schema\/logo\/image\/","url":"https:\/\/bitcoinvn.io\/shop\/wp-content\/uploads\/2021\/03\/logo-bitcoinvn-shop.jpg","contentUrl":"https:\/\/bitcoinvn.io\/shop\/wp-content\/uploads\/2021\/03\/logo-bitcoinvn-shop.jpg","width":1200,"height":675,"caption":"BitcoinVN Shop"},"image":{"@id":"https:\/\/bitcoinvn.io\/shop\/#\/schema\/logo\/image\/"},"sameAs":["https:\/\/www.facebook.com\/BitcoinVNShop\/","https:\/\/x.com\/bitcoinvnshop"]}]}},"lang":"ja","translations":{"ja":6320,"vi":4573,"en":4555,"ru":7004},"pll_sync_post":[],"_links":{"self":[{"href":"https:\/\/bitcoinvn.io\/shop\/wp-json\/wp\/v2\/product\/6320","targetHints":{"allow":["GET"]}}],"collection":[{"href":"https:\/\/bitcoinvn.io\/shop\/wp-json\/wp\/v2\/product"}],"about":[{"href":"https:\/\/bitcoinvn.io\/shop\/wp-json\/wp\/v2\/types\/product"}],"replies":[{"embeddable":true,"href":"https:\/\/bitcoinvn.io\/shop\/wp-json\/wp\/v2\/comments?post=6320"}],"wp:featuredmedia":[{"embeddable":true,"href":"https:\/\/bitcoinvn.io\/shop\/wp-json\/wp\/v2\/media\/6640"}],"wp:attachment":[{"href":"https:\/\/bitcoinvn.io\/shop\/wp-json\/wp\/v2\/media?parent=6320"}],"wp:term":[{"taxonomy":"product_brand","embeddable":true,"href":"https:\/\/bitcoinvn.io\/shop\/wp-json\/wp\/v2\/product_brand?post=6320"},{"taxonomy":"product_cat","embeddable":true,"href":"https:\/\/bitcoinvn.io\/shop\/wp-json\/wp\/v2\/product_cat?post=6320"},{"taxonomy":"product_tag","embeddable":true,"href":"https:\/\/bitcoinvn.io\/shop\/wp-json\/wp\/v2\/product_tag?post=6320"}],"curies":[{"name":"wp","href":"https:\/\/api.w.org\/{rel}","templated":true}]}}