{"id":6319,"date":"2025-03-25T08:50:20","date_gmt":"2025-03-25T01:50:20","guid":{"rendered":"https:\/\/bitcoinvn.io\/shop\/?post_type=product&#038;p=6319"},"modified":"2025-06-11T07:39:24","modified_gmt":"2025-06-11T00:39:24","slug":"bitcoin-baby","status":"publish","type":"product","link":"https:\/\/bitcoinvn.io\/shop\/ja\/product\/bitcoin-baby\/","title":{"rendered":"\u30d3\u30c3\u30c8\u30b3\u30a4\u30f3\u30d9\u30d3\u30fc"},"content":{"rendered":"<ul>\n<li>\u624b\u7de8\u307f\u306e\u6bdb\u7cf8\uff0860% \u30b3\u30c3\u30c8\u30f3 &amp; 40% \u30a2\u30af\u30ea\u30eb\uff09<\/li>\n<li>\u8a70\u3081\u7269: 100% \u30aa\u30fc\u30ac\u30cb\u30c3\u30af<\/li>\n<li>\u9ad8\u3055: 22cm<\/li>\n<\/ul>\n","protected":false},"excerpt":{"rendered":"<p>\u3053\u3093\u306b\u3061\u306f\uff01<\/p>\n<p>\u50d5\u306f\u307e\u3093\u307e\u308b\u30d3\u30c3\u30c8\u30b3\u30a4\u30f3\u30d9\u30d3\u30fc\u3001\u7d20\u6575\u306a\u6d77\u8fba\u306e\u8857\u3067\u751f\u307e\u308c\u307e\u3057\u305f\u3002\u30de\u30de\u304c\u50d5\u306e\u305f\u3081\u306b\u30b5\u30e1\u306e\u8863\u88c5\u3092\u4f5c\u3063\u3066\u304f\u308c\u305f\u3093\u3060\uff01\u30de\u30de\u3068\u306e\u91e3\u308a\u306e\u5192\u967a\u306b\u3074\u3063\u305f\u308a\u3067\u3057\u3087\uff1f\u3067\u3082\u3001\u30de\u30de\u306f\u30dc\u30fc\u30c8\u306e\u4e8b\u6545\u3067\u30d3\u30c3\u30c8\u30b3\u30a4\u30f3\u3092\u5168\u90e8\u5931\u3063\u3061\u3083\u3063\u305f\u304b\u3089\u3001\u4eca\u306f\u7de8\u307f\u7269\ud83e\uddf6\u3067\u30b5\u30c8\u30b7\u3092\u8caf\u3081\u76f4\u3057\u3066\u308b\u3093\u3060\uff01<\/p>\n<p>\u50d5\u306f\u67d4\u3089\u304b\u3044\u6bdb\u7cf8\u3067\u3067\u304d\u3066\u3044\u3066\u300160%\u30b3\u30c3\u30c8\u30f3\u306840%\u30a2\u30af\u30ea\u30eb\u3001\u305d\u3057\u3066\u305f\u3063\u3077\u308a\u306e\u611b\u60c5\u304c\u8a70\u307e\u3063\u3066\u308b\u3088\uff01\u4e2d\u306b\u306f\u5bb6\u65cf\u304c\u624b\u4f5c\u696d\u3067\u53ce\u7a6b\u3057\u305f\u30aa\u30fc\u30ac\u30cb\u30c3\u30af\u30b3\u30c3\u30c8\u30f3\u304c\u5165\u3063\u3066\u308b\u3093\u3060 \ud83c\udf3f<\/p>\n<p>\u50d5\u306e\u8eab\u9577\u306f22cm\u3067\u3001\u3061\u3087\u3063\u3068\u307d\u3063\u3061\u3083\u308a\u3002\u5168\u90e8\u30aa\u30fc\u30ac\u30cb\u30c3\u30af\u306a\u98df\u751f\u6d3b\u306e\u304a\u304b\u3052\u3060\u306d\uff01\u305d\u3057\u3066\u3001\u50d5\u306e\u304b\u308f\u3044\u3044\u304a\u5c3b\u3082\u5fd8\u308c\u306a\u3044\u3067\u306d\u3002\u5fc3\u306e\u5e83\u3055\u3068\u540c\u3058\u304f\u3089\u3044\u5927\u304d\u3044\u3093\u3060\u304b\u3089\uff01<\/p>\n<p>\u50d5\u306f\u3061\u3087\u3063\u3068\u30ce\u30b9\u30bf\u30eb\u30b8\u30c3\u30af\u306a\u5b50\u4f9b\u3002\u81ea\u7136\u306e\u4e2d\u3067\u904a\u3076\u306e\u304c\u597d\u304d\u3060\u304b\u3089\u3001\u3059\u3050\u306b\u6c5a\u308c\u3061\u3083\u3046\u3002\u3067\u3082\u6d17\u6fef\u6a5f\u3067\u6d17\u308f\u306a\u3044\u3067\u306d\u3002\u304a\u6d0b\u670d\u3082\u50d5\u306e\u6c17\u5206\u3082\u53f0\u7121\u3057\u306b\u306a\u3063\u3061\u3083\u3046\u304b\u3089\u3002\u30de\u30de\u304c\u3044\u3064\u3082\u3057\u3066\u304f\u308c\u308b\u307f\u305f\u3044\u306b\u3001\u306c\u308b\u307e\u6e6f\u3067\u512a\u3057\u304f\u624b\u6d17\u3044\u3057\u3066\u306d\uff01<\/p>\n<p>\u30de\u30de\u306f\u50d5\u306b\u5927\u304d\u306a\u5922\u3092\u6301\u3063\u3066\u3044\u308b\u3093\u3060\u3002\u305d\u3057\u3066\u50d5\u306b\u3082\u305f\u304f\u3055\u3093\u306e\u53cb\u9054\u304c\u3067\u304d\u308b\u3053\u3068\u3092\u9858\u3063\u3066\u308b\u3088\u3002\u3060\u304b\u3089\u3001\u50d5\u3092\u304a\u5bb6\u306b\u9023\u308c\u3066\u5e30\u3063\u3066\u3001\u4e00\u7dd2\u306b\u697d\u3057\u3044\u6bce\u65e5\u3092\u904e\u3054\u305d\u3046\u306d\uff01\ud83d\udc9e\ud83c\udfe1<\/p>\n","protected":false},"featured_media":6636,"comment_status":"open","ping_status":"closed","template":"","meta":[],"product_brand":[],"product_cat":[626,628],"product_tag":[],"class_list":{"0":"post-6319","1":"product","2":"type-product","3":"status-publish","4":"has-post-thumbnail","6":"product_cat-arts-collectibles","7":"product_cat-chubby-bitcoiners","9":"first","10":"instock","11":"taxable","12":"shipping-taxable","13":"purchasable","14":"product-type-simple"},"yoast_head":"<!-- This site is optimized with the Yoast SEO plugin v26.6 - https:\/\/yoast.com\/wordpress\/plugins\/seo\/ -->\n<title>\u30d3\u30c3\u30c8\u30b3\u30a4\u30f3\u30d9\u30d3\u30fc - BitcoinVN Shop<\/title>\n<meta name=\"description\" content=\"Em b\u00e9 Bitcoin b\u1eb1ng len m\u00f3c th\u1ee7 c\u00f4ng v\u00e0 nh\u1ed3i b\u00f4ng si\u00eau cute \u0111\u00e3 c\u00f3 m\u1eb7t t\u1ea1i BitcoinVN Shop. S\u1ea3n ph\u1ea9m ch\u00ednh h\u00e3ng, gi\u00e1 t\u1ed1t, ship COD t\u1eadn n\u01a1i. Mua ngay!\" \/>\n<meta name=\"robots\" content=\"index, follow, max-snippet:-1, max-image-preview:large, max-video-preview:-1\" \/>\n<link rel=\"canonical\" href=\"https:\/\/bitcoinvn.io\/shop\/ja\/product\/bitcoin-baby\/\" \/>\n<meta property=\"og:locale\" content=\"en_US\" \/>\n<meta property=\"og:type\" content=\"article\" \/>\n<meta property=\"og:title\" content=\"\u30d3\u30c3\u30c8\u30b3\u30a4\u30f3\u30d9\u30d3\u30fc - BitcoinVN Shop\" \/>\n<meta property=\"og:description\" content=\"Em b\u00e9 Bitcoin b\u1eb1ng len m\u00f3c th\u1ee7 c\u00f4ng v\u00e0 nh\u1ed3i b\u00f4ng si\u00eau cute \u0111\u00e3 c\u00f3 m\u1eb7t t\u1ea1i BitcoinVN Shop. S\u1ea3n ph\u1ea9m ch\u00ednh h\u00e3ng, gi\u00e1 t\u1ed1t, ship COD t\u1eadn n\u01a1i. Mua ngay!\" \/>\n<meta property=\"og:url\" content=\"https:\/\/bitcoinvn.io\/shop\/ja\/product\/bitcoin-baby\/\" \/>\n<meta property=\"og:site_name\" content=\"BitcoinVN Shop\" \/>\n<meta property=\"article:publisher\" content=\"https:\/\/www.facebook.com\/BitcoinVNShop\/\" \/>\n<meta property=\"article:modified_time\" content=\"2025-06-11T00:39:24+00:00\" \/>\n<meta property=\"og:image\" content=\"https:\/\/bitcoinvn.io\/shop\/wp-content\/uploads\/2023\/07\/photo_6194730025530537827_y.jpg\" \/>\n\t<meta property=\"og:image:width\" content=\"967\" \/>\n\t<meta property=\"og:image:height\" content=\"1280\" \/>\n\t<meta property=\"og:image:type\" content=\"image\/jpeg\" \/>\n<meta name=\"twitter:card\" content=\"summary_large_image\" \/>\n<meta name=\"twitter:site\" content=\"@bitcoinvnshop\" \/>\n<meta name=\"twitter:label1\" content=\"Est. reading time\" \/>\n\t<meta name=\"twitter:data1\" content=\"1 minute\" \/>\n<script type=\"application\/ld+json\" class=\"yoast-schema-graph\">{\"@context\":\"https:\/\/schema.org\",\"@graph\":[{\"@type\":\"WebPage\",\"@id\":\"https:\/\/bitcoinvn.io\/shop\/ja\/product\/bitcoin-baby\/\",\"url\":\"https:\/\/bitcoinvn.io\/shop\/ja\/product\/bitcoin-baby\/\",\"name\":\"\u30d3\u30c3\u30c8\u30b3\u30a4\u30f3\u30d9\u30d3\u30fc - BitcoinVN Shop\",\"isPartOf\":{\"@id\":\"https:\/\/bitcoinvn.io\/shop\/#website\"},\"primaryImageOfPage\":{\"@id\":\"https:\/\/bitcoinvn.io\/shop\/ja\/product\/bitcoin-baby\/#primaryimage\"},\"image\":{\"@id\":\"https:\/\/bitcoinvn.io\/shop\/ja\/product\/bitcoin-baby\/#primaryimage\"},\"thumbnailUrl\":\"https:\/\/bitcoinvn.io\/shop\/wp-content\/uploads\/2023\/07\/photo_6194730025530537827_y.jpg\",\"datePublished\":\"2025-03-25T01:50:20+00:00\",\"dateModified\":\"2025-06-11T00:39:24+00:00\",\"description\":\"Em b\u00e9 Bitcoin b\u1eb1ng len m\u00f3c th\u1ee7 c\u00f4ng v\u00e0 nh\u1ed3i b\u00f4ng si\u00eau cute \u0111\u00e3 c\u00f3 m\u1eb7t t\u1ea1i BitcoinVN Shop. S\u1ea3n ph\u1ea9m ch\u00ednh h\u00e3ng, gi\u00e1 t\u1ed1t, ship COD t\u1eadn n\u01a1i. Mua ngay!\",\"breadcrumb\":{\"@id\":\"https:\/\/bitcoinvn.io\/shop\/ja\/product\/bitcoin-baby\/#breadcrumb\"},\"inLanguage\":\"en-US\",\"potentialAction\":[{\"@type\":\"ReadAction\",\"target\":[\"https:\/\/bitcoinvn.io\/shop\/ja\/product\/bitcoin-baby\/\"]}]},{\"@type\":\"ImageObject\",\"inLanguage\":\"en-US\",\"@id\":\"https:\/\/bitcoinvn.io\/shop\/ja\/product\/bitcoin-baby\/#primaryimage\",\"url\":\"https:\/\/bitcoinvn.io\/shop\/wp-content\/uploads\/2023\/07\/photo_6194730025530537827_y.jpg\",\"contentUrl\":\"https:\/\/bitcoinvn.io\/shop\/wp-content\/uploads\/2023\/07\/photo_6194730025530537827_y.jpg\",\"width\":967,\"height\":1280},{\"@type\":\"BreadcrumbList\",\"@id\":\"https:\/\/bitcoinvn.io\/shop\/ja\/product\/bitcoin-baby\/#breadcrumb\",\"itemListElement\":[{\"@type\":\"ListItem\",\"position\":1,\"name\":\"Home\",\"item\":\"https:\/\/bitcoinvn.io\/shop\/store\/\"},{\"@type\":\"ListItem\",\"position\":2,\"name\":\"Shop\",\"item\":\"https:\/\/bitcoinvn.io\/shop\/shop\/\"},{\"@type\":\"ListItem\",\"position\":3,\"name\":\"\u30d3\u30c3\u30c8\u30b3\u30a4\u30f3\u30d9\u30d3\u30fc\"}]},{\"@type\":\"WebSite\",\"@id\":\"https:\/\/bitcoinvn.io\/shop\/#website\",\"url\":\"https:\/\/bitcoinvn.io\/shop\/\",\"name\":\"BitcoinVN Shop\",\"description\":\"Official Hardware Wallet Distributor in Vietnam\",\"publisher\":{\"@id\":\"https:\/\/bitcoinvn.io\/shop\/#organization\"},\"potentialAction\":[{\"@type\":\"SearchAction\",\"target\":{\"@type\":\"EntryPoint\",\"urlTemplate\":\"https:\/\/bitcoinvn.io\/shop\/?s={search_term_string}\"},\"query-input\":{\"@type\":\"PropertyValueSpecification\",\"valueRequired\":true,\"valueName\":\"search_term_string\"}}],\"inLanguage\":\"en-US\"},{\"@type\":\"Organization\",\"@id\":\"https:\/\/bitcoinvn.io\/shop\/#organization\",\"name\":\"BitcoinVN Shop\",\"url\":\"https:\/\/bitcoinvn.io\/shop\/\",\"logo\":{\"@type\":\"ImageObject\",\"inLanguage\":\"en-US\",\"@id\":\"https:\/\/bitcoinvn.io\/shop\/#\/schema\/logo\/image\/\",\"url\":\"https:\/\/bitcoinvn.io\/shop\/wp-content\/uploads\/2021\/03\/logo-bitcoinvn-shop.jpg\",\"contentUrl\":\"https:\/\/bitcoinvn.io\/shop\/wp-content\/uploads\/2021\/03\/logo-bitcoinvn-shop.jpg\",\"width\":1200,\"height\":675,\"caption\":\"BitcoinVN Shop\"},\"image\":{\"@id\":\"https:\/\/bitcoinvn.io\/shop\/#\/schema\/logo\/image\/\"},\"sameAs\":[\"https:\/\/www.facebook.com\/BitcoinVNShop\/\",\"https:\/\/x.com\/bitcoinvnshop\"]}]}<\/script>\n<!-- \/ Yoast SEO plugin. -->","yoast_head_json":{"title":"\u30d3\u30c3\u30c8\u30b3\u30a4\u30f3\u30d9\u30d3\u30fc - BitcoinVN Shop","description":"Em b\u00e9 Bitcoin b\u1eb1ng len m\u00f3c th\u1ee7 c\u00f4ng v\u00e0 nh\u1ed3i b\u00f4ng si\u00eau cute \u0111\u00e3 c\u00f3 m\u1eb7t t\u1ea1i BitcoinVN Shop. S\u1ea3n ph\u1ea9m ch\u00ednh h\u00e3ng, gi\u00e1 t\u1ed1t, ship COD t\u1eadn n\u01a1i. Mua ngay!","robots":{"index":"index","follow":"follow","max-snippet":"max-snippet:-1","max-image-preview":"max-image-preview:large","max-video-preview":"max-video-preview:-1"},"canonical":"https:\/\/bitcoinvn.io\/shop\/ja\/product\/bitcoin-baby\/","og_locale":"en_US","og_type":"article","og_title":"\u30d3\u30c3\u30c8\u30b3\u30a4\u30f3\u30d9\u30d3\u30fc - BitcoinVN Shop","og_description":"Em b\u00e9 Bitcoin b\u1eb1ng len m\u00f3c th\u1ee7 c\u00f4ng v\u00e0 nh\u1ed3i b\u00f4ng si\u00eau cute \u0111\u00e3 c\u00f3 m\u1eb7t t\u1ea1i BitcoinVN Shop. S\u1ea3n ph\u1ea9m ch\u00ednh h\u00e3ng, gi\u00e1 t\u1ed1t, ship COD t\u1eadn n\u01a1i. Mua ngay!","og_url":"https:\/\/bitcoinvn.io\/shop\/ja\/product\/bitcoin-baby\/","og_site_name":"BitcoinVN Shop","article_publisher":"https:\/\/www.facebook.com\/BitcoinVNShop\/","article_modified_time":"2025-06-11T00:39:24+00:00","og_image":[{"width":967,"height":1280,"url":"https:\/\/bitcoinvn.io\/shop\/wp-content\/uploads\/2023\/07\/photo_6194730025530537827_y.jpg","type":"image\/jpeg"}],"twitter_card":"summary_large_image","twitter_site":"@bitcoinvnshop","twitter_misc":{"Est. reading time":"1 minute"},"schema":{"@context":"https:\/\/schema.org","@graph":[{"@type":"WebPage","@id":"https:\/\/bitcoinvn.io\/shop\/ja\/product\/bitcoin-baby\/","url":"https:\/\/bitcoinvn.io\/shop\/ja\/product\/bitcoin-baby\/","name":"\u30d3\u30c3\u30c8\u30b3\u30a4\u30f3\u30d9\u30d3\u30fc - BitcoinVN Shop","isPartOf":{"@id":"https:\/\/bitcoinvn.io\/shop\/#website"},"primaryImageOfPage":{"@id":"https:\/\/bitcoinvn.io\/shop\/ja\/product\/bitcoin-baby\/#primaryimage"},"image":{"@id":"https:\/\/bitcoinvn.io\/shop\/ja\/product\/bitcoin-baby\/#primaryimage"},"thumbnailUrl":"https:\/\/bitcoinvn.io\/shop\/wp-content\/uploads\/2023\/07\/photo_6194730025530537827_y.jpg","datePublished":"2025-03-25T01:50:20+00:00","dateModified":"2025-06-11T00:39:24+00:00","description":"Em b\u00e9 Bitcoin b\u1eb1ng len m\u00f3c th\u1ee7 c\u00f4ng v\u00e0 nh\u1ed3i b\u00f4ng si\u00eau cute \u0111\u00e3 c\u00f3 m\u1eb7t t\u1ea1i BitcoinVN Shop. S\u1ea3n ph\u1ea9m ch\u00ednh h\u00e3ng, gi\u00e1 t\u1ed1t, ship COD t\u1eadn n\u01a1i. Mua ngay!","breadcrumb":{"@id":"https:\/\/bitcoinvn.io\/shop\/ja\/product\/bitcoin-baby\/#breadcrumb"},"inLanguage":"en-US","potentialAction":[{"@type":"ReadAction","target":["https:\/\/bitcoinvn.io\/shop\/ja\/product\/bitcoin-baby\/"]}]},{"@type":"ImageObject","inLanguage":"en-US","@id":"https:\/\/bitcoinvn.io\/shop\/ja\/product\/bitcoin-baby\/#primaryimage","url":"https:\/\/bitcoinvn.io\/shop\/wp-content\/uploads\/2023\/07\/photo_6194730025530537827_y.jpg","contentUrl":"https:\/\/bitcoinvn.io\/shop\/wp-content\/uploads\/2023\/07\/photo_6194730025530537827_y.jpg","width":967,"height":1280},{"@type":"BreadcrumbList","@id":"https:\/\/bitcoinvn.io\/shop\/ja\/product\/bitcoin-baby\/#breadcrumb","itemListElement":[{"@type":"ListItem","position":1,"name":"Home","item":"https:\/\/bitcoinvn.io\/shop\/store\/"},{"@type":"ListItem","position":2,"name":"Shop","item":"https:\/\/bitcoinvn.io\/shop\/shop\/"},{"@type":"ListItem","position":3,"name":"\u30d3\u30c3\u30c8\u30b3\u30a4\u30f3\u30d9\u30d3\u30fc"}]},{"@type":"WebSite","@id":"https:\/\/bitcoinvn.io\/shop\/#website","url":"https:\/\/bitcoinvn.io\/shop\/","name":"BitcoinVN Shop","description":"Official Hardware Wallet Distributor in Vietnam","publisher":{"@id":"https:\/\/bitcoinvn.io\/shop\/#organization"},"potentialAction":[{"@type":"SearchAction","target":{"@type":"EntryPoint","urlTemplate":"https:\/\/bitcoinvn.io\/shop\/?s={search_term_string}"},"query-input":{"@type":"PropertyValueSpecification","valueRequired":true,"valueName":"search_term_string"}}],"inLanguage":"en-US"},{"@type":"Organization","@id":"https:\/\/bitcoinvn.io\/shop\/#organization","name":"BitcoinVN Shop","url":"https:\/\/bitcoinvn.io\/shop\/","logo":{"@type":"ImageObject","inLanguage":"en-US","@id":"https:\/\/bitcoinvn.io\/shop\/#\/schema\/logo\/image\/","url":"https:\/\/bitcoinvn.io\/shop\/wp-content\/uploads\/2021\/03\/logo-bitcoinvn-shop.jpg","contentUrl":"https:\/\/bitcoinvn.io\/shop\/wp-content\/uploads\/2021\/03\/logo-bitcoinvn-shop.jpg","width":1200,"height":675,"caption":"BitcoinVN Shop"},"image":{"@id":"https:\/\/bitcoinvn.io\/shop\/#\/schema\/logo\/image\/"},"sameAs":["https:\/\/www.facebook.com\/BitcoinVNShop\/","https:\/\/x.com\/bitcoinvnshop"]}]}},"lang":"ja","translations":{"ja":6319,"vi":4579,"en":4564,"ru":6992},"pll_sync_post":[],"_links":{"self":[{"href":"https:\/\/bitcoinvn.io\/shop\/wp-json\/wp\/v2\/product\/6319","targetHints":{"allow":["GET"]}}],"collection":[{"href":"https:\/\/bitcoinvn.io\/shop\/wp-json\/wp\/v2\/product"}],"about":[{"href":"https:\/\/bitcoinvn.io\/shop\/wp-json\/wp\/v2\/types\/product"}],"replies":[{"embeddable":true,"href":"https:\/\/bitcoinvn.io\/shop\/wp-json\/wp\/v2\/comments?post=6319"}],"wp:featuredmedia":[{"embeddable":true,"href":"https:\/\/bitcoinvn.io\/shop\/wp-json\/wp\/v2\/media\/6636"}],"wp:attachment":[{"href":"https:\/\/bitcoinvn.io\/shop\/wp-json\/wp\/v2\/media?parent=6319"}],"wp:term":[{"taxonomy":"product_brand","embeddable":true,"href":"https:\/\/bitcoinvn.io\/shop\/wp-json\/wp\/v2\/product_brand?post=6319"},{"taxonomy":"product_cat","embeddable":true,"href":"https:\/\/bitcoinvn.io\/shop\/wp-json\/wp\/v2\/product_cat?post=6319"},{"taxonomy":"product_tag","embeddable":true,"href":"https:\/\/bitcoinvn.io\/shop\/wp-json\/wp\/v2\/product_tag?post=6319"}],"curies":[{"name":"wp","href":"https:\/\/api.w.org\/{rel}","templated":true}]}}