{"id":6450,"date":"2025-05-02T19:23:15","date_gmt":"2025-05-02T12:23:15","guid":{"rendered":"https:\/\/bitcoinvn.io\/shop-2\/?post_type=product&#038;p=6450"},"modified":"2025-08-27T11:42:59","modified_gmt":"2025-08-27T04:42:59","slug":"trezor-safe-3","status":"publish","type":"product","link":"https:\/\/bitcoinvn.io\/shop-2\/vi\/product\/trezor-safe-3\/","title":{"rendered":"V\u00ed Trezor Safe 3"},"content":{"rendered":"<p><em>\u0110\u01b0\u1ee3c mong ch\u1edd t\u1eeb r\u1ea5t l\u00e2u, <span style=\"font-weight: 400;\"><a href=\"https:\/\/bitcoinvn.io\/shop-2\/product\/vi-trezor-safe-3\/\">Trezor Safe 3<\/a>\u00a0 &#8211; d\u00f2ng v\u00ed c\u1ee9ng \u0111\u1ea7u ti\u00ean c\u1ee7a Trezor \u0111\u01b0\u1ee3c trang b\u1ecb chip b\u1ea3o m\u1eadt k\u00e9p Secure Element &#8211; hi\u1ec7n \u0111\u00e3 c\u00f3 m\u1eb7t t\u1ea1i Vi\u1ec7t Nam. <\/span>Ngay sau \u0111\u00e2y, m\u1eddi b\u1ea1n kh\u00e1m ph\u00e1 t\u00ednh n\u0103ng \u0111\u1ed9c \u0111\u00e1o c\u1ee7a d\u00f2ng v\u00ed c\u1ee9ng th\u1ebf h\u1ec7 m\u1edbi n\u00e0y nh\u00e9!<\/em><\/p>\n<h2><b>\u0110i\u1ec1u g\u00ec khi\u1ebfn Trezor Safe 3 \u0111\u01b0\u1ee3c c\u00e1c nh\u00e0 \u0111\u1ea7u t\u01b0 l\u00e2u n\u0103m l\u1ef1a ch\u1ecdn?<\/b><\/h2>\n<h3><b>Thi\u1ebft b\u1ecb \u0111\u1ea7u ti\u00ean t\u00edch h\u1ee3p chip b\u1ea3o m\u1eadt Secure Element<\/b><\/h3>\n<p><span style=\"font-weight: 400;\">Trezor Safe 3 s\u1eed d\u1ee5ng chip Secure Element OPTIGA\u2122 Trust M (V3), cung c\u1ea5p <\/span><b>\u201cl\u1edbp b\u1ea3o v\u1ec7 k\u00e9p\u201d cho m\u00e3 PIN<\/b><span style=\"font-weight: 400;\">, gi\u00fap b\u1ea1n ch\u1ed1ng l\u1ea1i c\u00e1c cu\u1ed9c t\u1ea5n c\u00f4ng v\u1eadt l\u00fd v\u00e0 truy c\u1eadp tr\u00e1i ph\u00e9p. Chip n\u00e0y \u0111\u1ea1t ch\u1ee9ng nh\u1eadn EAL6+, m\u1ed9t ti\u00eau chu\u1ea9n b\u1ea3o m\u1eadt cao c\u1ea5p th\u01b0\u1eddng \u0111\u01b0\u1ee3c \u1ee9ng d\u1ee5ng trong ng\u00e2n h\u00e0ng v\u00e0 c\u00e1c h\u1ec7 th\u1ed1ng ch\u00ednh ph\u1ee7.<\/span><\/p>\n<h3><b>H\u1ed7 tr\u1ee3 h\u01a1n 7000 lo\u1ea1i coin v\u00e0 token<\/b><\/h3>\n<p><span style=\"font-weight: 400;\">Trezor Safe 3 l\u00e0 m\u1ed9t v\u00ed c\u1ee9ng \u0111a ti\u1ec1n \u0111i\u1ec7n t\u1eed, h\u1ed7 tr\u1ee3 h\u00e0ng ngh\u00ecn lo\u1ea1i coin v\u00e0 token, bao g\u1ed3m Bitcoin (BTC), Ethereum (ETH), USDT, BNB v\u00e0 nhi\u1ec1u t\u00e0i s\u1ea3n kh\u00e1c.<\/span><\/p>\n<p><span style=\"font-weight: 400;\">Thi\u1ebft b\u1ecb \u0111\u01b0\u1ee3c thi\u1ebft k\u1ebf ph\u00f9 h\u1ee3p v\u1edbi c\u1ea3 giao d\u1ecbch th\u01b0\u1eddng xuy\u00ean l\u1eabn l\u01b0u tr\u1eef d\u00e0i h\u1ea1n, \u0111\u00e1p \u1ee9ng nhu c\u1ea7u c\u1ee7a c\u1ea3 ng\u01b0\u1eddi m\u1edbi v\u00e0 nh\u00e0 \u0111\u1ea7u t\u01b0 chuy\u00ean nghi\u1ec7p. Ngo\u00e0i ra, Trezor c\u00f2n cung c\u1ea5p <\/span><b>phi\u00ean b\u1ea3n firmware chuy\u00ean bi\u1ec7t d\u00e0nh ri\u00eang cho Bitcoin<\/b><span style=\"font-weight: 400;\">, c\u00f3 th\u1ec3 t\u1ea3i tr\u1ef1c ti\u1ebfp t\u1eeb website ch\u00ednh th\u1ee9c c\u1ee7a h\u00e3ng.<\/span><\/p>\n<h3><b>\u0110\u1ea3m b\u1ea3o t\u00ednh ri\u00eang t\u01b0 v\u00e0 sao l\u01b0u an to\u00e0n<\/b><\/h3>\n<p><span style=\"font-weight: 400;\">V\u00ed Trezor Safe 3 t\u0103ng c\u01b0\u1eddng b\u1ea3o m\u1eadt v\u00e0 quy\u1ec1n ri\u00eang t\u01b0 v\u1edbi:<\/span><\/p>\n<ul>\n<li style=\"font-weight: 400;\" aria-level=\"1\"><b>Coin Control: <\/b><span style=\"font-weight: 400;\">Ki\u1ec3m so\u00e1t \u0111\u1ea7u v\u00e0o giao d\u1ecbch, tr\u00e1nh b\u1ecb theo d\u00f5i.<\/span><\/li>\n<li style=\"font-weight: 400;\" aria-level=\"1\"><b>T\u00edch h\u1ee3p Tor:<\/b><span style=\"font-weight: 400;\"> B\u1ea3o v\u1ec7 danh t\u00ednh b\u1eb1ng c\u00e1ch \u1ea9n \u0111\u1ecba ch\u1ec9 IP khi th\u1ef1c hi\u1ec7n giao d\u1ecbch, gi\u00fap ng\u0103n ch\u1eb7n vi\u1ec7c theo d\u00f5i t\u1eeb b\u00ean th\u1ee9 ba.<\/span><\/li>\n<li style=\"font-weight: 400;\" aria-level=\"1\"><b>Sao l\u01b0u linh ho\u1ea1t:<\/b><span style=\"font-weight: 400;\"> H\u1ed7 tr\u1ee3 c\u00e1c ph\u01b0\u01a1ng ph\u00e1p kh\u00f4i ph\u1ee5c v\u1edbi 12, 20 ho\u1eb7c 24 t\u1eeb, gi\u00fap ng\u01b0\u1eddi d\u00f9ng d\u1ec5 d\u00e0ng kh\u00f4i ph\u1ee5c v\u00ed trong tr\u01b0\u1eddng h\u1ee3p thi\u1ebft b\u1ecb b\u1ecb m\u1ea5t ho\u1eb7c h\u1ecfng.<\/span><\/li>\n<li style=\"font-weight: 400;\" aria-level=\"1\"><b>Multi-share Backup: <\/b><span style=\"font-weight: 400;\">Chia nh\u1ecf c\u1ee5m t\u1eeb kh\u00f4i ph\u1ee5c th\u00e0nh nhi\u1ec1u ph\u1ea7n v\u00e0 l\u01b0u tr\u1eef an to\u00e0n t\u1ea1i c\u00e1c v\u1ecb tr\u00ed kh\u00e1c nhau, \u0111\u1ea3m b\u1ea3o t\u00e0i s\u1ea3n lu\u00f4n \u0111\u01b0\u1ee3c b\u1ea3o v\u1ec7 ngay c\u1ea3 khi m\u1ed9t ph\u1ea7n sao l\u01b0u b\u1ecb m\u1ea5t.<\/span><\/li>\n<\/ul>\n<h3><b>C\u00e1c ti\u1ec7n \u00edch kh\u00e1c<\/b><\/h3>\n<ul>\n<li style=\"font-weight: 400;\" aria-level=\"1\"><b>H\u1ed7 tr\u1ee3 x\u00e1c th\u1ef1c hai y\u1ebfu t\u1ed1 (FIDO2)<\/b><span style=\"font-weight: 400;\">: Cho ph\u00e9p \u0111\u0103ng nh\u1eadp an to\u00e0n v\u00e0o c\u00e1c t\u00e0i kho\u1ea3n tr\u1ef1c tuy\u1ebfn m\u00e0 kh\u00f4ng c\u1ea7n m\u1eadt kh\u1ea9u, gi\u1ea3m nguy c\u01a1 b\u1ecb t\u1ea5n c\u00f4ng.<\/span><\/li>\n<li style=\"font-weight: 400;\" aria-level=\"1\"><b>Ch\u1ee9ng nh\u1eadn CE &amp; RoHS<\/b><span style=\"font-weight: 400;\">: \u0110\u00e1p \u1ee9ng c\u00e1c ti\u00eau chu\u1ea9n qu\u1ed1c t\u1ebf v\u1ec1 ch\u1ea5t l\u01b0\u1ee3ng, an to\u00e0n v\u00e0 b\u1ea3o v\u1ec7 m\u00f4i tr\u01b0\u1eddng.<\/span><\/li>\n<li style=\"font-weight: 400;\" aria-level=\"1\"><b>An to\u00e0n khi di chuy\u1ec3n<\/b><span style=\"font-weight: 400;\">: Kh\u00f4ng b\u1ecb \u1ea3nh h\u01b0\u1edfng b\u1edfi tia X-ray, \u0111\u1ea3m b\u1ea3o thi\u1ebft b\u1ecb ho\u1ea1t \u0111\u1ed9ng \u1ed5n \u0111\u1ecbnh trong m\u1ecdi \u0111i\u1ec1u ki\u1ec7n.<\/span><\/li>\n<li style=\"font-weight: 400;\" aria-level=\"1\"><b>B\u1ea3o v\u1ec7 b\u1eb1ng m\u00e3 PIN &amp; passphrase<\/b><span style=\"font-weight: 400;\">: Gi\u00fap ng\u0103n ch\u1eb7n truy c\u1eadp tr\u00e1i ph\u00e9p, ngay c\u1ea3 khi thi\u1ebft b\u1ecb b\u1ecb m\u1ea5t ho\u1eb7c \u0111\u00e1nh c\u1eafp.<\/span><\/li>\n<li style=\"font-weight: 400;\" aria-level=\"1\"><b>X\u00e1c th\u1ef1c giao d\u1ecbch tr\u1ef1c ti\u1ebfp tr\u00ean thi\u1ebft b\u1ecb<\/b>: Ng\u01b0\u1eddi d\u00f9ng c\u00f3 th\u1ec3 ki\u1ec3m tra v\u00e0 ph\u00ea duy\u1ec7t giao d\u1ecbch ngay tr\u00ean m\u00e0n h\u00ecnh c\u1ee7a Trezor Safe 3, \u0111\u1ea3m b\u1ea3o an to\u00e0n tuy\u1ec7t \u0111\u1ed1i tr\u01b0\u1edbc c\u00e1c cu\u1ed9c t\u1ea5n c\u00f4ng t\u1eeb xa.<\/li>\n<\/ul>\n<h2><b>Th\u00f4ng s\u1ed1 k\u1ef9 thu\u1eadt c\u1ee7a v\u00ed Trezor Safe 3<\/b><\/h2>\n<table>\n<tbody>\n<tr>\n<td><b>Th\u00f4ng S\u1ed1<\/b><\/td>\n<td><b>Chi Ti\u1ebft<\/b><\/td>\n<\/tr>\n<tr>\n<td><b>K\u00edch th\u01b0\u1edbc thi\u1ebft b\u1ecb<\/b><\/td>\n<td><span style=\"font-weight: 400;\">59 x 32 x 7.4 mm \/ 14 g<\/span><\/td>\n<\/tr>\n<tr>\n<td><b>K\u00edch th\u01b0\u1edbc h\u1ed9p<\/b><\/td>\n<td><span style=\"font-weight: 400;\">145 x 92 x 21 mm \/ 66 g<\/span><\/td>\n<\/tr>\n<tr>\n<td><b>Nhi\u1ec7t \u0111\u1ed9 ho\u1ea1t \u0111\u1ed9ng<\/b><\/td>\n<td><span style=\"font-weight: 400;\">-20\u00b0C \u0111\u1ebfn +60\u00b0C<\/span><\/td>\n<\/tr>\n<tr>\n<td><b>B\u1ed9 x\u1eed l\u00fd<\/b><\/td>\n<td><span style=\"font-weight: 400;\">ARM Cortex M4 (180MHz)<\/span><\/td>\n<\/tr>\n<tr>\n<td><b>Giao di\u1ec7n \u0111i\u1ec1u khi\u1ec3n<\/b><\/td>\n<td><span style=\"font-weight: 400;\">Hai n\u00fat b\u1ea5m tr\u1ef1c quan<\/span><\/td>\n<\/tr>\n<tr>\n<td><b>M\u00e0n h\u00ecnh<\/b><\/td>\n<td><span style=\"font-weight: 400;\">OLED \u0111\u01a1n s\u1eafc 0.96\u201d (128 x 64 pixels)<\/span><\/td>\n<\/tr>\n<tr>\n<td><b>C\u1ed5ng k\u1ebft n\u1ed1i<\/b><\/td>\n<td><span style=\"font-weight: 400;\">USB-C, t\u01b0\u01a1ng th\u00edch v\u1edbi nhi\u1ec1u thi\u1ebft b\u1ecb hi\u1ec7n \u0111\u1ea1i<\/span><\/td>\n<\/tr>\n<tr>\n<td><b>Ch\u1ee9c n\u0103ng<\/b><\/td>\n<td><span style=\"font-weight: 400;\">H\u1ed7 tr\u1ee3 giao d\u1ecbch, staking &amp; l\u01b0u tr\u1eef ti\u1ec1n \u0111i\u1ec7n t\u1eed<\/span><\/td>\n<\/tr>\n<tr>\n<td><b>H\u1ec7 \u0111i\u1ec1u h\u00e0nh h\u1ed7 tr\u1ee3<\/b><\/td>\n<td><span style=\"font-weight: 400;\">MacOS, Windows, Linux, Android (ch\u1ec9 xem tr\u00ean iOS)<\/span><\/td>\n<\/tr>\n<\/tbody>\n<\/table>\n<h2><b>Fullbox v\u00ed Trezor Safe 3 ch\u00ednh h\u00e3ng c\u00f3 g\u00ec?<\/b><\/h2>\n<ul>\n<li style=\"font-weight: 400;\" aria-level=\"1\"><span style=\"font-weight: 400;\">1\u00a0 v\u00ed Trezor Safe 3 v\u1edbi tem ni\u00eam phong ch\u1ed1ng gi\u1ea3 tr\u00ean c\u1ed5ng k\u1ebft n\u1ed1i (h\u1ed9p \u0111\u1ef1ng Trezor Safe 3 kh\u00f4ng c\u00f3 tem ni\u00eam phong).<\/span><\/li>\n<li style=\"font-weight: 400;\" aria-level=\"1\"><span style=\"font-weight: 400;\">\u00a01 c\u00e1p USB (type-C).<\/span><\/li>\n<li style=\"font-weight: 400;\" aria-level=\"1\"><span style=\"font-weight: 400;\">1 th\u1ebb h\u01b0\u1edbng d\u1eabn b\u1eaft \u0111\u1ea7u.<\/span><\/li>\n<li style=\"font-weight: 400;\" aria-level=\"1\"><span style=\"font-weight: 400;\">2 th\u1ebb sao l\u01b0u v\u00ed (12 ho\u1eb7c 20 t\u1eeb, tr\u01b0\u1edbc \u0111\u00e2y g\u1ecdi l\u00e0 recovery seed).<\/span><\/li>\n<li style=\"font-weight: 400;\" aria-level=\"1\"><span style=\"font-weight: 400;\">B\u1ed9 sticker.<\/span><\/li>\n<\/ul>\n<figure id=\"attachment_6451\" aria-describedby=\"caption-attachment-6451\" style=\"width: 800px\" class=\"wp-caption aligncenter\"><img loading=\"lazy\" decoding=\"async\" class=\"wp-image-6451 size-full\" src=\"https:\/\/bitcoinvn.io\/shop-2\/wp-content\/uploads\/2025\/05\/trezor-safe3.jpg\" alt=\"Fullbox Trezor Safe 3 ch\u00ednh h\u00e3ng\" width=\"800\" height=\"534\" srcset=\"https:\/\/bitcoinvn.io\/shop-2\/wp-content\/uploads\/2025\/05\/trezor-safe3.jpg 800w, https:\/\/bitcoinvn.io\/shop-2\/wp-content\/uploads\/2025\/05\/trezor-safe3-300x200.jpg 300w, https:\/\/bitcoinvn.io\/shop-2\/wp-content\/uploads\/2025\/05\/trezor-safe3-768x513.jpg 768w, https:\/\/bitcoinvn.io\/shop-2\/wp-content\/uploads\/2025\/05\/trezor-safe3-600x401.jpg 600w\" sizes=\"auto, (max-width: 800px) 100vw, 800px\" \/><figcaption id=\"caption-attachment-6451\" class=\"wp-caption-text\">Fullbox Trezor Safe 3 ch\u00ednh h\u00e3ng<\/figcaption><\/figure>\n<h2><b>V\u00ec sao n\u00ean mua v\u00ed Trezor Safe 3 t\u1ea1i BitcoinVN Shop?<\/b><\/h2>\n<ul>\n<li style=\"font-weight: 400;\" aria-level=\"1\"><b>S\u1ea3n ph\u1ea9m ch\u00ednh h\u00e3ng<\/b><span style=\"font-weight: 400;\">: BitcoinVN Shop l\u00e0 m\u1ed9t trong nh\u1eefng c\u1eeda h\u00e0ng uy t\u00edn t\u1ea1i Vi\u1ec7t Nam chuy\u00ean cung c\u1ea5p c\u00e1c s\u1ea3n ph\u1ea9m ch\u00ednh h\u00e3ng, \u0111\u1ea3m b\u1ea3o ch\u1ea5t l\u01b0\u1ee3ng v\u00e0 t\u00ednh b\u1ea3o m\u1eadt cao. Khi mua v\u00ed Trezor Safe 3 t\u1ea1i \u0111\u00e2y, b\u1ea1n c\u00f3 th\u1ec3 y\u00ean t\u00e2m v\u1ec1 ngu\u1ed3n g\u1ed1c v\u00e0 \u0111\u1ed9 an to\u00e0n c\u1ee7a s\u1ea3n ph\u1ea9m.<\/span><span style=\"font-weight: 400;\"><br \/>\n<\/span><b>H\u1ed7 tr\u1ee3 kh\u00e1ch h\u00e0ng chuy\u00ean nghi\u1ec7p<\/b><span style=\"font-weight: 400;\">: Lu\u00f4n s\u1eb5n s\u00e0ng gi\u1ea3i \u0111\u00e1p m\u1ecdi th\u1eafc m\u1eafc li\u00ean quan \u0111\u1ebfn b\u1ea3o m\u1eadt v\u00ed c\u1ee9ng, c\u00e1ch s\u1eed d\u1ee5ng v\u00e0 giao d\u1ecbch ti\u1ec1n \u0111i\u1ec7n t\u1eed.<\/span><\/li>\n<li style=\"font-weight: 400;\" aria-level=\"1\"><b>Thanh to\u00e1n d\u1ec5 d\u00e0ng v\u00e0 nhanh ch\u00f3ng<\/b><span style=\"font-weight: 400;\">: V\u1edbi nhi\u1ec1u ph\u01b0\u01a1ng th\u1ee9c thanh to\u00e1n ti\u1ec7n l\u1ee3i, b\u1ea1n c\u00f3 th\u1ec3 d\u1ec5 d\u00e0ng mua Trezor Safe 3 m\u00e0 kh\u00f4ng g\u1eb7p b\u1ea5t k\u1ef3 kh\u00f3 kh\u0103n n\u00e0o.<\/span><\/li>\n<li style=\"font-weight: 400;\" aria-level=\"1\"><b>Giao h\u00e0ng nhanh ch\u00f3ng:<\/b><span style=\"font-weight: 400;\"> Giao ngay trong ng\u00e0y \u0111\u1ed1i v\u1edbi kh\u00e1ch h\u00e0ng t\u1ea1i TP. HCM v\u00e0 2-5 ng\u00e0y \u0111\u1ed1i v\u1edbi c\u00e1c t\u1ec9nh th\u00e0nh kh\u00e1c.<\/span><\/li>\n<li style=\"font-weight: 400;\" aria-level=\"1\"><b>T\u1eb7ng 1 gi\u1edd t\u01b0 v\u1ea5n mi\u1ec5n ph\u00ed: <\/b><span style=\"font-weight: 400;\">Khi mua h\u00e0ng t\u1ea1i BitcoinVN Shop, b\u1ea1n s\u1ebd nh\u1eadn \u0111\u01b0\u1ee3c 1 gi\u1edd t\u01b0 v\u1ea5n b\u1ea3o m\u1eadt mi\u1ec5n ph\u00ed, h\u01b0\u1edbng d\u1eabn chi ti\u1ebft v\u1ec1 c\u00e0i \u0111\u1eb7t, s\u1eed d\u1ee5ng v\u00e0 b\u1ea3o v\u1ec7 kh\u00f3a ri\u00eang t\u01b0 an to\u00e0n t\u1eeb \u0111\u1ed9i ng\u0169 chuy\u00ean gia.<\/span><\/li>\n<li style=\"font-weight: 400;\" aria-level=\"1\"><b>Mi\u1ec5n ship:<\/b> B\u1ea1n s\u1ebd \u0111\u01b0\u1ee3c mi\u1ec5n ph\u00ed ship khi mua \u0111\u01a1n h\u00e0ng c\u00f3 t\u1ed5ng gi\u00e1 tr\u1ecb t\u1eeb<b> 2.100.000 VND <\/b>tr\u1edf l\u00ean.<\/li>\n<\/ul>\n","protected":false},"excerpt":{"rendered":"<ul>\n<li><b>B\u1ea3o m\u1eadt k\u00e9p<\/b><span style=\"font-weight: 400;\">: \u0110\u00e2y l\u00e0 thi\u1ebft b\u1ecb \u0111\u1ea7u ti\u00ean c\u1ee7a Trezor t\u00edch h\u1ee3p Chip Secure Element OPTIGA\u2122 Trust M (V3) &#8211; m\u1ed9t l\u1edbp &#8220;b\u1ea3o m\u1eadt k\u00e9p&#8221; cho m\u00e3 PIN.<\/span><\/li>\n<li><b>H\u1ed7 tr\u1ee3 l\u01b0u tr\u1eef v\u00e0 qu\u1ea3n l\u00fd h\u01a1n 7.000 lo\u1ea1i ti\u1ec1n \u0111i\u1ec7n t\u1eed: <\/b><span style=\"font-weight: 400;\">Bao g\u1ed3m Bitcoin (BTC), Ethereum (ETH), BNB, ADA, XRP, SOL v\u00e0 nhi\u1ec1u lo\u1ea1i token kh\u00e1c.<\/span><\/li>\n<li style=\"font-weight: 400;\" aria-level=\"1\"><b>Ch\u1ea5t li\u1ec7u b\u1ec1n b\u1ec9<\/b><span style=\"font-weight: 400;\">: Nh\u1ef1a PMMA, m\u1eb7t l\u01b0ng nh\u00f4m anodized, v\u1ecf ch\u1ed1ng gi\u1ea3 m\u1ea1o.<\/span><\/li>\n<li style=\"font-weight: 400;\" aria-level=\"1\"><b>Thi\u1ebft k\u1ebf tinh x\u1ea3o<\/b><span style=\"font-weight: 400;\">: N\u00fat b\u1ea5m ch\u00ednh x\u00e1c, kh\u1eafc laser.<\/span><\/li>\n<li aria-level=\"1\"><span style=\"font-weight: 400;\">T\u1eb7ng<strong> 1h t\u01b0 v\u1ea5n b\u1ea3o m\u1eadt mi\u1ec5n ph\u00ed<\/strong> khi mua h\u00e0ng ch\u00ednh h\u00e3ng t\u1ea1i BitcoinVN Shop<\/span><\/li>\n<\/ul>\n<hr \/>\n<p><span style=\"font-weight: 400;\">B\u1ea1n s\u1ed1ng \u1edf n\u01b0\u1edbc ngo\u00e0i? Mua tr\u1ef1c ti\u1ebfp t\u1ea1i <a href=\"https:\/\/trezor.io\/trezor-safe-3?transaction_id=10244e74ae5380bd4dc3d9a7e240e8&amp;offer_id=169&amp;affiliate_id=34273\" target=\"_blank\" rel=\"noopener\">Trezor<\/a><\/span><\/p>\n","protected":false},"featured_media":6576,"comment_status":"open","ping_status":"closed","template":"","meta":[],"product_brand":[],"product_cat":[144,337],"product_tag":[],"class_list":{"0":"post-6450","1":"product","2":"type-product","3":"status-publish","4":"has-post-thumbnail","6":"product_cat-trezor","7":"product_cat-hardware-wallets","9":"first","10":"instock","11":"sale","12":"taxable","13":"shipping-taxable","14":"purchasable","15":"product-type-simple"},"yoast_head":"<!-- This site is optimized with the Yoast SEO plugin v27.2 - https:\/\/yoast.com\/product\/yoast-seo-wordpress\/ -->\n<title>Official importedTrezor Safe 3 at best price - Bitcoinvn Shop<\/title>\n<meta name=\"description\" content=\"Xem nhanh v\u00ed Trezor Safe 3 - d\u00f2ng v\u00ed c\u1ee9ng \u0111\u1ea7u ti\u00ean s\u1eed d\u1ee5ng chip Secure Element OPTIGA\u2122 Trust M (V3), cung c\u1ea5p \u201cl\u1edbp b\u1ea3o v\u1ec7 k\u00e9p\u201d cho m\u00e3 PIN. Xem nhanh!\" \/>\n<meta name=\"robots\" content=\"index, follow, max-snippet:-1, max-image-preview:large, max-video-preview:-1\" \/>\n<link rel=\"canonical\" href=\"https:\/\/bitcoinvn.io\/shop-2\/vi\/product\/trezor-safe-3\/\" \/>\n<meta property=\"og:locale\" content=\"en_US\" \/>\n<meta property=\"og:type\" content=\"article\" \/>\n<meta property=\"og:title\" content=\"Official importedTrezor Safe 3 at best price - Bitcoinvn Shop\" \/>\n<meta property=\"og:description\" content=\"Xem nhanh v\u00ed Trezor Safe 3 - d\u00f2ng v\u00ed c\u1ee9ng \u0111\u1ea7u ti\u00ean s\u1eed d\u1ee5ng chip Secure Element OPTIGA\u2122 Trust M (V3), cung c\u1ea5p \u201cl\u1edbp b\u1ea3o v\u1ec7 k\u00e9p\u201d cho m\u00e3 PIN. Xem nhanh!\" \/>\n<meta property=\"og:url\" content=\"https:\/\/bitcoinvn.io\/shop-2\/vi\/product\/trezor-safe-3\/\" \/>\n<meta property=\"og:site_name\" content=\"BitcoinVN Shop\" \/>\n<meta property=\"article:publisher\" content=\"https:\/\/www.facebook.com\/BitcoinVNShop\/\" \/>\n<meta property=\"article:modified_time\" content=\"2025-08-27T04:42:59+00:00\" \/>\n<meta property=\"og:image\" content=\"https:\/\/bitcoinvn.io\/shop-2\/wp-content\/uploads\/2024\/06\/trezor-safe-3-2.jpg\" \/>\n\t<meta property=\"og:image:width\" content=\"1500\" \/>\n\t<meta property=\"og:image:height\" content=\"1500\" \/>\n\t<meta property=\"og:image:type\" content=\"image\/jpeg\" \/>\n<meta name=\"twitter:card\" content=\"summary_large_image\" \/>\n<meta name=\"twitter:site\" content=\"@bitcoinvnshop\" \/>\n<meta name=\"twitter:label1\" content=\"Est. reading time\" \/>\n\t<meta name=\"twitter:data1\" content=\"5 minutes\" \/>\n<script type=\"application\/ld+json\" class=\"yoast-schema-graph\">{\"@context\":\"https:\/\/schema.org\",\"@graph\":[{\"@type\":\"WebPage\",\"@id\":\"https:\/\/bitcoinvn.io\/shop-2\/vi\/product\/trezor-safe-3\/\",\"url\":\"https:\/\/bitcoinvn.io\/shop-2\/vi\/product\/trezor-safe-3\/\",\"name\":\"Official importedTrezor Safe 3 at best price - Bitcoinvn Shop\",\"isPartOf\":{\"@id\":\"https:\/\/bitcoinvn.io\/shop-2\/#website\"},\"primaryImageOfPage\":{\"@id\":\"https:\/\/bitcoinvn.io\/shop-2\/vi\/product\/trezor-safe-3\/#primaryimage\"},\"image\":{\"@id\":\"https:\/\/bitcoinvn.io\/shop-2\/vi\/product\/trezor-safe-3\/#primaryimage\"},\"thumbnailUrl\":\"https:\/\/bitcoinvn.io\/shop-2\/wp-content\/uploads\/2024\/06\/trezor-safe-3-2.jpg\",\"datePublished\":\"2025-05-02T12:23:15+00:00\",\"dateModified\":\"2025-08-27T04:42:59+00:00\",\"description\":\"Xem nhanh v\u00ed Trezor Safe 3 - d\u00f2ng v\u00ed c\u1ee9ng \u0111\u1ea7u ti\u00ean s\u1eed d\u1ee5ng chip Secure Element OPTIGA\u2122 Trust M (V3), cung c\u1ea5p \u201cl\u1edbp b\u1ea3o v\u1ec7 k\u00e9p\u201d cho m\u00e3 PIN. Xem nhanh!\",\"breadcrumb\":{\"@id\":\"https:\/\/bitcoinvn.io\/shop-2\/vi\/product\/trezor-safe-3\/#breadcrumb\"},\"inLanguage\":\"en-US\",\"potentialAction\":[{\"@type\":\"ReadAction\",\"target\":[\"https:\/\/bitcoinvn.io\/shop-2\/vi\/product\/trezor-safe-3\/\"]}]},{\"@type\":\"ImageObject\",\"inLanguage\":\"en-US\",\"@id\":\"https:\/\/bitcoinvn.io\/shop-2\/vi\/product\/trezor-safe-3\/#primaryimage\",\"url\":\"https:\/\/bitcoinvn.io\/shop-2\/wp-content\/uploads\/2024\/06\/trezor-safe-3-2.jpg\",\"contentUrl\":\"https:\/\/bitcoinvn.io\/shop-2\/wp-content\/uploads\/2024\/06\/trezor-safe-3-2.jpg\",\"width\":1500,\"height\":1500},{\"@type\":\"BreadcrumbList\",\"@id\":\"https:\/\/bitcoinvn.io\/shop-2\/vi\/product\/trezor-safe-3\/#breadcrumb\",\"itemListElement\":[{\"@type\":\"ListItem\",\"position\":1,\"name\":\"Home\",\"item\":\"https:\/\/bitcoinvn.io\/shop-2\/store\/\"},{\"@type\":\"ListItem\",\"position\":2,\"name\":\"Shop\",\"item\":\"https:\/\/bitcoinvn.io\/shop-2\/shop\/\"},{\"@type\":\"ListItem\",\"position\":3,\"name\":\"V\u00ed Trezor Safe 3\"}]},{\"@type\":\"WebSite\",\"@id\":\"https:\/\/bitcoinvn.io\/shop-2\/#website\",\"url\":\"https:\/\/bitcoinvn.io\/shop-2\/\",\"name\":\"BitcoinVN Shop\",\"description\":\"Official Hardware Wallet Distributor in Vietnam\",\"publisher\":{\"@id\":\"https:\/\/bitcoinvn.io\/shop-2\/#organization\"},\"potentialAction\":[{\"@type\":\"SearchAction\",\"target\":{\"@type\":\"EntryPoint\",\"urlTemplate\":\"https:\/\/bitcoinvn.io\/shop-2\/?s={search_term_string}\"},\"query-input\":{\"@type\":\"PropertyValueSpecification\",\"valueRequired\":true,\"valueName\":\"search_term_string\"}}],\"inLanguage\":\"en-US\"},{\"@type\":\"Organization\",\"@id\":\"https:\/\/bitcoinvn.io\/shop-2\/#organization\",\"name\":\"BitcoinVN Shop\",\"url\":\"https:\/\/bitcoinvn.io\/shop-2\/\",\"logo\":{\"@type\":\"ImageObject\",\"inLanguage\":\"en-US\",\"@id\":\"https:\/\/bitcoinvn.io\/shop-2\/#\/schema\/logo\/image\/\",\"url\":\"https:\/\/bitcoinvn.io\/shop-2\/wp-content\/uploads\/2021\/03\/logo-bitcoinvn-shop.jpg\",\"contentUrl\":\"https:\/\/bitcoinvn.io\/shop-2\/wp-content\/uploads\/2021\/03\/logo-bitcoinvn-shop.jpg\",\"width\":1200,\"height\":675,\"caption\":\"BitcoinVN Shop\"},\"image\":{\"@id\":\"https:\/\/bitcoinvn.io\/shop-2\/#\/schema\/logo\/image\/\"},\"sameAs\":[\"https:\/\/www.facebook.com\/BitcoinVNShop\/\",\"https:\/\/x.com\/bitcoinvnshop\"]}]}<\/script>\n<!-- \/ Yoast SEO plugin. -->","yoast_head_json":{"title":"Official importedTrezor Safe 3 at best price - Bitcoinvn Shop","description":"Xem nhanh v\u00ed Trezor Safe 3 - d\u00f2ng v\u00ed c\u1ee9ng \u0111\u1ea7u ti\u00ean s\u1eed d\u1ee5ng chip Secure Element OPTIGA\u2122 Trust M (V3), cung c\u1ea5p \u201cl\u1edbp b\u1ea3o v\u1ec7 k\u00e9p\u201d cho m\u00e3 PIN. Xem nhanh!","robots":{"index":"index","follow":"follow","max-snippet":"max-snippet:-1","max-image-preview":"max-image-preview:large","max-video-preview":"max-video-preview:-1"},"canonical":"https:\/\/bitcoinvn.io\/shop-2\/vi\/product\/trezor-safe-3\/","og_locale":"en_US","og_type":"article","og_title":"Official importedTrezor Safe 3 at best price - Bitcoinvn Shop","og_description":"Xem nhanh v\u00ed Trezor Safe 3 - d\u00f2ng v\u00ed c\u1ee9ng \u0111\u1ea7u ti\u00ean s\u1eed d\u1ee5ng chip Secure Element OPTIGA\u2122 Trust M (V3), cung c\u1ea5p \u201cl\u1edbp b\u1ea3o v\u1ec7 k\u00e9p\u201d cho m\u00e3 PIN. Xem nhanh!","og_url":"https:\/\/bitcoinvn.io\/shop-2\/vi\/product\/trezor-safe-3\/","og_site_name":"BitcoinVN Shop","article_publisher":"https:\/\/www.facebook.com\/BitcoinVNShop\/","article_modified_time":"2025-08-27T04:42:59+00:00","og_image":[{"width":1500,"height":1500,"url":"https:\/\/bitcoinvn.io\/shop-2\/wp-content\/uploads\/2024\/06\/trezor-safe-3-2.jpg","type":"image\/jpeg"}],"twitter_card":"summary_large_image","twitter_site":"@bitcoinvnshop","twitter_misc":{"Est. reading time":"5 minutes"},"schema":{"@context":"https:\/\/schema.org","@graph":[{"@type":"WebPage","@id":"https:\/\/bitcoinvn.io\/shop-2\/vi\/product\/trezor-safe-3\/","url":"https:\/\/bitcoinvn.io\/shop-2\/vi\/product\/trezor-safe-3\/","name":"Official importedTrezor Safe 3 at best price - Bitcoinvn Shop","isPartOf":{"@id":"https:\/\/bitcoinvn.io\/shop-2\/#website"},"primaryImageOfPage":{"@id":"https:\/\/bitcoinvn.io\/shop-2\/vi\/product\/trezor-safe-3\/#primaryimage"},"image":{"@id":"https:\/\/bitcoinvn.io\/shop-2\/vi\/product\/trezor-safe-3\/#primaryimage"},"thumbnailUrl":"https:\/\/bitcoinvn.io\/shop-2\/wp-content\/uploads\/2024\/06\/trezor-safe-3-2.jpg","datePublished":"2025-05-02T12:23:15+00:00","dateModified":"2025-08-27T04:42:59+00:00","description":"Xem nhanh v\u00ed Trezor Safe 3 - d\u00f2ng v\u00ed c\u1ee9ng \u0111\u1ea7u ti\u00ean s\u1eed d\u1ee5ng chip Secure Element OPTIGA\u2122 Trust M (V3), cung c\u1ea5p \u201cl\u1edbp b\u1ea3o v\u1ec7 k\u00e9p\u201d cho m\u00e3 PIN. Xem nhanh!","breadcrumb":{"@id":"https:\/\/bitcoinvn.io\/shop-2\/vi\/product\/trezor-safe-3\/#breadcrumb"},"inLanguage":"en-US","potentialAction":[{"@type":"ReadAction","target":["https:\/\/bitcoinvn.io\/shop-2\/vi\/product\/trezor-safe-3\/"]}]},{"@type":"ImageObject","inLanguage":"en-US","@id":"https:\/\/bitcoinvn.io\/shop-2\/vi\/product\/trezor-safe-3\/#primaryimage","url":"https:\/\/bitcoinvn.io\/shop-2\/wp-content\/uploads\/2024\/06\/trezor-safe-3-2.jpg","contentUrl":"https:\/\/bitcoinvn.io\/shop-2\/wp-content\/uploads\/2024\/06\/trezor-safe-3-2.jpg","width":1500,"height":1500},{"@type":"BreadcrumbList","@id":"https:\/\/bitcoinvn.io\/shop-2\/vi\/product\/trezor-safe-3\/#breadcrumb","itemListElement":[{"@type":"ListItem","position":1,"name":"Home","item":"https:\/\/bitcoinvn.io\/shop-2\/store\/"},{"@type":"ListItem","position":2,"name":"Shop","item":"https:\/\/bitcoinvn.io\/shop-2\/shop\/"},{"@type":"ListItem","position":3,"name":"V\u00ed Trezor Safe 3"}]},{"@type":"WebSite","@id":"https:\/\/bitcoinvn.io\/shop-2\/#website","url":"https:\/\/bitcoinvn.io\/shop-2\/","name":"BitcoinVN Shop","description":"Official Hardware Wallet Distributor in Vietnam","publisher":{"@id":"https:\/\/bitcoinvn.io\/shop-2\/#organization"},"potentialAction":[{"@type":"SearchAction","target":{"@type":"EntryPoint","urlTemplate":"https:\/\/bitcoinvn.io\/shop-2\/?s={search_term_string}"},"query-input":{"@type":"PropertyValueSpecification","valueRequired":true,"valueName":"search_term_string"}}],"inLanguage":"en-US"},{"@type":"Organization","@id":"https:\/\/bitcoinvn.io\/shop-2\/#organization","name":"BitcoinVN Shop","url":"https:\/\/bitcoinvn.io\/shop-2\/","logo":{"@type":"ImageObject","inLanguage":"en-US","@id":"https:\/\/bitcoinvn.io\/shop-2\/#\/schema\/logo\/image\/","url":"https:\/\/bitcoinvn.io\/shop-2\/wp-content\/uploads\/2021\/03\/logo-bitcoinvn-shop.jpg","contentUrl":"https:\/\/bitcoinvn.io\/shop-2\/wp-content\/uploads\/2021\/03\/logo-bitcoinvn-shop.jpg","width":1200,"height":675,"caption":"BitcoinVN Shop"},"image":{"@id":"https:\/\/bitcoinvn.io\/shop-2\/#\/schema\/logo\/image\/"},"sameAs":["https:\/\/www.facebook.com\/BitcoinVNShop\/","https:\/\/x.com\/bitcoinvnshop"]}]}},"lang":"vi","translations":{"vi":6450,"ja":6309,"en":5508,"ru":6766},"pll_sync_post":[],"_links":{"self":[{"href":"https:\/\/bitcoinvn.io\/shop-2\/wp-json\/wp\/v2\/product\/6450","targetHints":{"allow":["GET"]}}],"collection":[{"href":"https:\/\/bitcoinvn.io\/shop-2\/wp-json\/wp\/v2\/product"}],"about":[{"href":"https:\/\/bitcoinvn.io\/shop-2\/wp-json\/wp\/v2\/types\/product"}],"replies":[{"embeddable":true,"href":"https:\/\/bitcoinvn.io\/shop-2\/wp-json\/wp\/v2\/comments?post=6450"}],"wp:featuredmedia":[{"embeddable":true,"href":"https:\/\/bitcoinvn.io\/shop-2\/wp-json\/wp\/v2\/media\/6576"}],"wp:attachment":[{"href":"https:\/\/bitcoinvn.io\/shop-2\/wp-json\/wp\/v2\/media?parent=6450"}],"wp:term":[{"taxonomy":"product_brand","embeddable":true,"href":"https:\/\/bitcoinvn.io\/shop-2\/wp-json\/wp\/v2\/product_brand?post=6450"},{"taxonomy":"product_cat","embeddable":true,"href":"https:\/\/bitcoinvn.io\/shop-2\/wp-json\/wp\/v2\/product_cat?post=6450"},{"taxonomy":"product_tag","embeddable":true,"href":"https:\/\/bitcoinvn.io\/shop-2\/wp-json\/wp\/v2\/product_tag?post=6450"}],"curies":[{"name":"wp","href":"https:\/\/api.w.org\/{rel}","templated":true}]}}