{"id":6374,"date":"2025-04-22T10:42:42","date_gmt":"2025-04-22T03:42:42","guid":{"rendered":"https:\/\/bitcoinvn.io\/shop-2\/?post_type=product&#038;p=6374"},"modified":"2025-07-02T18:37:09","modified_gmt":"2025-07-02T11:37:09","slug":"the-nho-micro-sandisk-ultra-32gb-dung-cho-coldcard","status":"publish","type":"product","link":"https:\/\/bitcoinvn.io\/shop-2\/vi\/product\/the-nho-micro-sandisk-ultra-32gb-dung-cho-coldcard\/","title":{"rendered":"Th\u1ebb nh\u1edb Micro Sandisk Ultra 32GB (D\u00f9ng cho Coldcard)"},"content":{"rendered":"<p class=\"\" data-start=\"55\" data-end=\"82\"><strong data-start=\"55\" data-end=\"82\">Dung l\u01b0\u1ee3ng b\u1ed9 nh\u1edb: 32GB<\/strong><\/p>\n<p class=\"\" data-start=\"84\" data-end=\"116\">D\u00f9ng cho ColdCard Mk3, Mk4 v\u00e0 Q:<\/p>\n<ul data-start=\"118\" data-end=\"552\">\n<li class=\"\" data-start=\"118\" data-end=\"232\">\n<p class=\"\" data-start=\"120\" data-end=\"232\"><strong data-start=\"120\" data-end=\"139\">L\u01b0u Passphrase:<\/strong> T\u00ednh n\u0103ng \u201cs\u00e1t th\u1ee7\u201d. D\u1ec5 d\u00e0ng truy c\u1eadp v\u00f4 s\u1ed1 v\u00ed tr\u00ean m\u1ed9t thi\u1ebft b\u1ecb b\u1eb1ng c\u00e1ch l\u01b0u passphrase.<\/p>\n<\/li>\n<li class=\"\" data-start=\"233\" data-end=\"362\">\n<p class=\"\" data-start=\"235\" data-end=\"362\"><strong data-start=\"235\" data-end=\"258\">Sao l\u01b0u d\u1eef li\u1ec7u v\u00ed:<\/strong> To\u00e0n b\u1ed9 d\u1eef li\u1ec7u v\u00ed c\u00f3 th\u1ec3 \u0111\u01b0\u1ee3c l\u01b0u d\u01b0\u1edbi d\u1ea1ng t\u1ec7p m\u00e3 h\u00f3a (Kh\u00f4ng thay th\u1ebf cho seed gi\u1ea5y ho\u1eb7c kim lo\u1ea1i).<\/p>\n<\/li>\n<li class=\"\" data-start=\"363\" data-end=\"464\">\n<p class=\"\" data-start=\"365\" data-end=\"464\"><strong data-start=\"365\" data-end=\"400\">Giao d\u1ecbch c\u00e1ch ly (Air-gapped):<\/strong> K\u00fd giao d\u1ecbch m\u00e0 kh\u00f4ng c\u1ea7n k\u1ebft n\u1ed1i ColdCard v\u1edbi thi\u1ebft b\u1ecb kh\u00e1c.<\/p>\n<\/li>\n<li class=\"\" data-start=\"465\" data-end=\"552\">\n<p class=\"\" data-start=\"467\" data-end=\"552\"><strong data-start=\"467\" data-end=\"489\">C\u1eadp nh\u1eadt firmware:<\/strong> D\u00e0nh cho nh\u1eefng ai mu\u1ed1n duy tr\u00ec s\u1ef1 c\u00e1ch ly ho\u00e0n to\u00e0n (air-gap).<\/p>\n<\/li>\n<\/ul>\n","protected":false},"excerpt":{"rendered":"<p class=\"\" data-start=\"55\" data-end=\"82\"><strong data-start=\"55\" data-end=\"82\">Dung l\u01b0\u1ee3ng b\u1ed9 nh\u1edb: 32GB<\/strong><\/p>\n<p class=\"\" data-start=\"84\" data-end=\"116\">D\u00f9ng cho ColdCard Mk3, Mk4 v\u00e0 Q:<\/p>\n<ul data-start=\"118\" data-end=\"552\">\n<li class=\"\" data-start=\"118\" data-end=\"232\">\n<p class=\"\" data-start=\"120\" data-end=\"232\"><strong data-start=\"120\" data-end=\"139\">L\u01b0u Passphrase:<\/strong> T\u00ednh n\u0103ng \u201cs\u00e1t th\u1ee7\u201d. D\u1ec5 d\u00e0ng truy c\u1eadp v\u00f4 s\u1ed1 v\u00ed tr\u00ean m\u1ed9t thi\u1ebft b\u1ecb b\u1eb1ng c\u00e1ch l\u01b0u passphrase.<\/p>\n<\/li>\n<li class=\"\" data-start=\"233\" data-end=\"362\">\n<p class=\"\" data-start=\"235\" data-end=\"362\"><strong data-start=\"235\" data-end=\"258\">Sao l\u01b0u d\u1eef li\u1ec7u v\u00ed:<\/strong> To\u00e0n b\u1ed9 d\u1eef li\u1ec7u v\u00ed c\u00f3 th\u1ec3 \u0111\u01b0\u1ee3c l\u01b0u d\u01b0\u1edbi d\u1ea1ng t\u1ec7p m\u00e3 h\u00f3a (Kh\u00f4ng thay th\u1ebf cho seed gi\u1ea5y ho\u1eb7c kim lo\u1ea1i).<\/p>\n<\/li>\n<li class=\"\" data-start=\"363\" data-end=\"464\">\n<p class=\"\" data-start=\"365\" data-end=\"464\"><strong data-start=\"365\" data-end=\"400\">Giao d\u1ecbch c\u00e1ch ly (Air-gapped):<\/strong> K\u00fd giao d\u1ecbch m\u00e0 kh\u00f4ng c\u1ea7n k\u1ebft n\u1ed1i ColdCard v\u1edbi thi\u1ebft b\u1ecb kh\u00e1c.<\/p>\n<\/li>\n<li class=\"\" data-start=\"465\" data-end=\"552\">\n<p class=\"\" data-start=\"467\" data-end=\"552\"><strong data-start=\"467\" data-end=\"489\">C\u1eadp nh\u1eadt firmware:<\/strong> D\u00e0nh cho nh\u1eefng ai mu\u1ed1n duy tr\u00ec s\u1ef1 c\u00e1ch ly ho\u00e0n to\u00e0n (air-gap).<\/p>\n<\/li>\n<\/ul>\n","protected":false},"featured_media":6389,"comment_status":"open","ping_status":"closed","template":"","meta":[],"product_brand":[],"product_cat":[143,176],"product_tag":[],"class_list":{"0":"post-6374","1":"product","2":"type-product","3":"status-publish","4":"has-post-thumbnail","6":"product_cat-coinkite","7":"product_cat-extra-components","9":"first","10":"instock","11":"taxable","12":"shipping-taxable","13":"purchasable","14":"product-type-simple"},"yoast_head":"<!-- This site is optimized with the Yoast SEO plugin v27.2 - https:\/\/yoast.com\/product\/yoast-seo-wordpress\/ -->\n<title>Th\u1ebb nh\u1edb Micro Sandisk Ultra 32GB (D\u00f9ng cho Coldcard) - BitcoinVN Shop<\/title>\n<meta name=\"description\" content=\"Buy Th\u1ebb nh\u1edb Micro Sandisk Ultra 32GB (D\u00f9ng cho Coldcard) on BitcoinVN Shop - Official Hardware Wallet Distributor in Vietnam.\" \/>\n<meta name=\"robots\" content=\"index, follow, max-snippet:-1, max-image-preview:large, max-video-preview:-1\" \/>\n<link rel=\"canonical\" href=\"https:\/\/bitcoinvn.io\/shop-2\/vi\/product\/the-nho-micro-sandisk-ultra-32gb-dung-cho-coldcard\/\" \/>\n<meta property=\"og:locale\" content=\"en_US\" \/>\n<meta property=\"og:type\" content=\"article\" \/>\n<meta property=\"og:title\" content=\"Th\u1ebb nh\u1edb Micro Sandisk Ultra 32GB (D\u00f9ng cho Coldcard) - BitcoinVN Shop\" \/>\n<meta property=\"og:description\" content=\"Buy Th\u1ebb nh\u1edb Micro Sandisk Ultra 32GB (D\u00f9ng cho Coldcard) on BitcoinVN Shop - Official Hardware Wallet Distributor in Vietnam.\" \/>\n<meta property=\"og:url\" content=\"https:\/\/bitcoinvn.io\/shop-2\/vi\/product\/the-nho-micro-sandisk-ultra-32gb-dung-cho-coldcard\/\" \/>\n<meta property=\"og:site_name\" content=\"BitcoinVN Shop\" \/>\n<meta property=\"article:publisher\" content=\"https:\/\/www.facebook.com\/BitcoinVNShop\/\" \/>\n<meta property=\"article:modified_time\" content=\"2025-07-02T11:37:09+00:00\" \/>\n<meta property=\"og:image\" content=\"https:\/\/bitcoinvn.io\/shop-2\/wp-content\/uploads\/2025\/04\/IMG_8444.jpeg\" \/>\n\t<meta property=\"og:image:width\" content=\"1500\" \/>\n\t<meta property=\"og:image:height\" content=\"1500\" \/>\n\t<meta property=\"og:image:type\" content=\"image\/jpeg\" \/>\n<meta name=\"twitter:card\" content=\"summary_large_image\" \/>\n<meta name=\"twitter:site\" content=\"@bitcoinvnshop\" \/>\n<meta name=\"twitter:label1\" content=\"Est. reading time\" \/>\n\t<meta name=\"twitter:data1\" content=\"1 minute\" \/>\n<script type=\"application\/ld+json\" class=\"yoast-schema-graph\">{\"@context\":\"https:\/\/schema.org\",\"@graph\":[{\"@type\":\"WebPage\",\"@id\":\"https:\/\/bitcoinvn.io\/shop-2\/vi\/product\/the-nho-micro-sandisk-ultra-32gb-dung-cho-coldcard\/\",\"url\":\"https:\/\/bitcoinvn.io\/shop-2\/vi\/product\/the-nho-micro-sandisk-ultra-32gb-dung-cho-coldcard\/\",\"name\":\"Th\u1ebb nh\u1edb Micro Sandisk Ultra 32GB (D\u00f9ng cho Coldcard) - BitcoinVN Shop\",\"isPartOf\":{\"@id\":\"https:\/\/bitcoinvn.io\/shop-2\/#website\"},\"primaryImageOfPage\":{\"@id\":\"https:\/\/bitcoinvn.io\/shop-2\/vi\/product\/the-nho-micro-sandisk-ultra-32gb-dung-cho-coldcard\/#primaryimage\"},\"image\":{\"@id\":\"https:\/\/bitcoinvn.io\/shop-2\/vi\/product\/the-nho-micro-sandisk-ultra-32gb-dung-cho-coldcard\/#primaryimage\"},\"thumbnailUrl\":\"https:\/\/bitcoinvn.io\/shop-2\/wp-content\/uploads\/2025\/04\/IMG_8444.jpeg\",\"datePublished\":\"2025-04-22T03:42:42+00:00\",\"dateModified\":\"2025-07-02T11:37:09+00:00\",\"description\":\"Buy Th\u1ebb nh\u1edb Micro Sandisk Ultra 32GB (D\u00f9ng cho Coldcard) on BitcoinVN Shop - Official Hardware Wallet Distributor in Vietnam.\",\"breadcrumb\":{\"@id\":\"https:\/\/bitcoinvn.io\/shop-2\/vi\/product\/the-nho-micro-sandisk-ultra-32gb-dung-cho-coldcard\/#breadcrumb\"},\"inLanguage\":\"en-US\",\"potentialAction\":[{\"@type\":\"ReadAction\",\"target\":[\"https:\/\/bitcoinvn.io\/shop-2\/vi\/product\/the-nho-micro-sandisk-ultra-32gb-dung-cho-coldcard\/\"]}]},{\"@type\":\"ImageObject\",\"inLanguage\":\"en-US\",\"@id\":\"https:\/\/bitcoinvn.io\/shop-2\/vi\/product\/the-nho-micro-sandisk-ultra-32gb-dung-cho-coldcard\/#primaryimage\",\"url\":\"https:\/\/bitcoinvn.io\/shop-2\/wp-content\/uploads\/2025\/04\/IMG_8444.jpeg\",\"contentUrl\":\"https:\/\/bitcoinvn.io\/shop-2\/wp-content\/uploads\/2025\/04\/IMG_8444.jpeg\",\"width\":1500,\"height\":1500},{\"@type\":\"BreadcrumbList\",\"@id\":\"https:\/\/bitcoinvn.io\/shop-2\/vi\/product\/the-nho-micro-sandisk-ultra-32gb-dung-cho-coldcard\/#breadcrumb\",\"itemListElement\":[{\"@type\":\"ListItem\",\"position\":1,\"name\":\"Home\",\"item\":\"https:\/\/bitcoinvn.io\/shop-2\/store\/\"},{\"@type\":\"ListItem\",\"position\":2,\"name\":\"Shop\",\"item\":\"https:\/\/bitcoinvn.io\/shop-2\/shop\/\"},{\"@type\":\"ListItem\",\"position\":3,\"name\":\"Th\u1ebb nh\u1edb Micro Sandisk Ultra 32GB (D\u00f9ng cho Coldcard)\"}]},{\"@type\":\"WebSite\",\"@id\":\"https:\/\/bitcoinvn.io\/shop-2\/#website\",\"url\":\"https:\/\/bitcoinvn.io\/shop-2\/\",\"name\":\"BitcoinVN Shop\",\"description\":\"Official Hardware Wallet Distributor in Vietnam\",\"publisher\":{\"@id\":\"https:\/\/bitcoinvn.io\/shop-2\/#organization\"},\"potentialAction\":[{\"@type\":\"SearchAction\",\"target\":{\"@type\":\"EntryPoint\",\"urlTemplate\":\"https:\/\/bitcoinvn.io\/shop-2\/?s={search_term_string}\"},\"query-input\":{\"@type\":\"PropertyValueSpecification\",\"valueRequired\":true,\"valueName\":\"search_term_string\"}}],\"inLanguage\":\"en-US\"},{\"@type\":\"Organization\",\"@id\":\"https:\/\/bitcoinvn.io\/shop-2\/#organization\",\"name\":\"BitcoinVN Shop\",\"url\":\"https:\/\/bitcoinvn.io\/shop-2\/\",\"logo\":{\"@type\":\"ImageObject\",\"inLanguage\":\"en-US\",\"@id\":\"https:\/\/bitcoinvn.io\/shop-2\/#\/schema\/logo\/image\/\",\"url\":\"https:\/\/bitcoinvn.io\/shop-2\/wp-content\/uploads\/2021\/03\/logo-bitcoinvn-shop.jpg\",\"contentUrl\":\"https:\/\/bitcoinvn.io\/shop-2\/wp-content\/uploads\/2021\/03\/logo-bitcoinvn-shop.jpg\",\"width\":1200,\"height\":675,\"caption\":\"BitcoinVN Shop\"},\"image\":{\"@id\":\"https:\/\/bitcoinvn.io\/shop-2\/#\/schema\/logo\/image\/\"},\"sameAs\":[\"https:\/\/www.facebook.com\/BitcoinVNShop\/\",\"https:\/\/x.com\/bitcoinvnshop\"]}]}<\/script>\n<!-- \/ Yoast SEO plugin. -->","yoast_head_json":{"title":"Th\u1ebb nh\u1edb Micro Sandisk Ultra 32GB (D\u00f9ng cho Coldcard) - BitcoinVN Shop","description":"Buy Th\u1ebb nh\u1edb Micro Sandisk Ultra 32GB (D\u00f9ng cho Coldcard) on BitcoinVN Shop - Official Hardware Wallet Distributor in Vietnam.","robots":{"index":"index","follow":"follow","max-snippet":"max-snippet:-1","max-image-preview":"max-image-preview:large","max-video-preview":"max-video-preview:-1"},"canonical":"https:\/\/bitcoinvn.io\/shop-2\/vi\/product\/the-nho-micro-sandisk-ultra-32gb-dung-cho-coldcard\/","og_locale":"en_US","og_type":"article","og_title":"Th\u1ebb nh\u1edb Micro Sandisk Ultra 32GB (D\u00f9ng cho Coldcard) - BitcoinVN Shop","og_description":"Buy Th\u1ebb nh\u1edb Micro Sandisk Ultra 32GB (D\u00f9ng cho Coldcard) on BitcoinVN Shop - Official Hardware Wallet Distributor in Vietnam.","og_url":"https:\/\/bitcoinvn.io\/shop-2\/vi\/product\/the-nho-micro-sandisk-ultra-32gb-dung-cho-coldcard\/","og_site_name":"BitcoinVN Shop","article_publisher":"https:\/\/www.facebook.com\/BitcoinVNShop\/","article_modified_time":"2025-07-02T11:37:09+00:00","og_image":[{"width":1500,"height":1500,"url":"https:\/\/bitcoinvn.io\/shop-2\/wp-content\/uploads\/2025\/04\/IMG_8444.jpeg","type":"image\/jpeg"}],"twitter_card":"summary_large_image","twitter_site":"@bitcoinvnshop","twitter_misc":{"Est. reading time":"1 minute"},"schema":{"@context":"https:\/\/schema.org","@graph":[{"@type":"WebPage","@id":"https:\/\/bitcoinvn.io\/shop-2\/vi\/product\/the-nho-micro-sandisk-ultra-32gb-dung-cho-coldcard\/","url":"https:\/\/bitcoinvn.io\/shop-2\/vi\/product\/the-nho-micro-sandisk-ultra-32gb-dung-cho-coldcard\/","name":"Th\u1ebb nh\u1edb Micro Sandisk Ultra 32GB (D\u00f9ng cho Coldcard) - BitcoinVN Shop","isPartOf":{"@id":"https:\/\/bitcoinvn.io\/shop-2\/#website"},"primaryImageOfPage":{"@id":"https:\/\/bitcoinvn.io\/shop-2\/vi\/product\/the-nho-micro-sandisk-ultra-32gb-dung-cho-coldcard\/#primaryimage"},"image":{"@id":"https:\/\/bitcoinvn.io\/shop-2\/vi\/product\/the-nho-micro-sandisk-ultra-32gb-dung-cho-coldcard\/#primaryimage"},"thumbnailUrl":"https:\/\/bitcoinvn.io\/shop-2\/wp-content\/uploads\/2025\/04\/IMG_8444.jpeg","datePublished":"2025-04-22T03:42:42+00:00","dateModified":"2025-07-02T11:37:09+00:00","description":"Buy Th\u1ebb nh\u1edb Micro Sandisk Ultra 32GB (D\u00f9ng cho Coldcard) on BitcoinVN Shop - Official Hardware Wallet Distributor in Vietnam.","breadcrumb":{"@id":"https:\/\/bitcoinvn.io\/shop-2\/vi\/product\/the-nho-micro-sandisk-ultra-32gb-dung-cho-coldcard\/#breadcrumb"},"inLanguage":"en-US","potentialAction":[{"@type":"ReadAction","target":["https:\/\/bitcoinvn.io\/shop-2\/vi\/product\/the-nho-micro-sandisk-ultra-32gb-dung-cho-coldcard\/"]}]},{"@type":"ImageObject","inLanguage":"en-US","@id":"https:\/\/bitcoinvn.io\/shop-2\/vi\/product\/the-nho-micro-sandisk-ultra-32gb-dung-cho-coldcard\/#primaryimage","url":"https:\/\/bitcoinvn.io\/shop-2\/wp-content\/uploads\/2025\/04\/IMG_8444.jpeg","contentUrl":"https:\/\/bitcoinvn.io\/shop-2\/wp-content\/uploads\/2025\/04\/IMG_8444.jpeg","width":1500,"height":1500},{"@type":"BreadcrumbList","@id":"https:\/\/bitcoinvn.io\/shop-2\/vi\/product\/the-nho-micro-sandisk-ultra-32gb-dung-cho-coldcard\/#breadcrumb","itemListElement":[{"@type":"ListItem","position":1,"name":"Home","item":"https:\/\/bitcoinvn.io\/shop-2\/store\/"},{"@type":"ListItem","position":2,"name":"Shop","item":"https:\/\/bitcoinvn.io\/shop-2\/shop\/"},{"@type":"ListItem","position":3,"name":"Th\u1ebb nh\u1edb Micro Sandisk Ultra 32GB (D\u00f9ng cho Coldcard)"}]},{"@type":"WebSite","@id":"https:\/\/bitcoinvn.io\/shop-2\/#website","url":"https:\/\/bitcoinvn.io\/shop-2\/","name":"BitcoinVN Shop","description":"Official Hardware Wallet Distributor in Vietnam","publisher":{"@id":"https:\/\/bitcoinvn.io\/shop-2\/#organization"},"potentialAction":[{"@type":"SearchAction","target":{"@type":"EntryPoint","urlTemplate":"https:\/\/bitcoinvn.io\/shop-2\/?s={search_term_string}"},"query-input":{"@type":"PropertyValueSpecification","valueRequired":true,"valueName":"search_term_string"}}],"inLanguage":"en-US"},{"@type":"Organization","@id":"https:\/\/bitcoinvn.io\/shop-2\/#organization","name":"BitcoinVN Shop","url":"https:\/\/bitcoinvn.io\/shop-2\/","logo":{"@type":"ImageObject","inLanguage":"en-US","@id":"https:\/\/bitcoinvn.io\/shop-2\/#\/schema\/logo\/image\/","url":"https:\/\/bitcoinvn.io\/shop-2\/wp-content\/uploads\/2021\/03\/logo-bitcoinvn-shop.jpg","contentUrl":"https:\/\/bitcoinvn.io\/shop-2\/wp-content\/uploads\/2021\/03\/logo-bitcoinvn-shop.jpg","width":1200,"height":675,"caption":"BitcoinVN Shop"},"image":{"@id":"https:\/\/bitcoinvn.io\/shop-2\/#\/schema\/logo\/image\/"},"sameAs":["https:\/\/www.facebook.com\/BitcoinVNShop\/","https:\/\/x.com\/bitcoinvnshop"]}]}},"lang":"vi","translations":{"vi":6374},"pll_sync_post":[],"_links":{"self":[{"href":"https:\/\/bitcoinvn.io\/shop-2\/wp-json\/wp\/v2\/product\/6374","targetHints":{"allow":["GET"]}}],"collection":[{"href":"https:\/\/bitcoinvn.io\/shop-2\/wp-json\/wp\/v2\/product"}],"about":[{"href":"https:\/\/bitcoinvn.io\/shop-2\/wp-json\/wp\/v2\/types\/product"}],"replies":[{"embeddable":true,"href":"https:\/\/bitcoinvn.io\/shop-2\/wp-json\/wp\/v2\/comments?post=6374"}],"wp:featuredmedia":[{"embeddable":true,"href":"https:\/\/bitcoinvn.io\/shop-2\/wp-json\/wp\/v2\/media\/6389"}],"wp:attachment":[{"href":"https:\/\/bitcoinvn.io\/shop-2\/wp-json\/wp\/v2\/media?parent=6374"}],"wp:term":[{"taxonomy":"product_brand","embeddable":true,"href":"https:\/\/bitcoinvn.io\/shop-2\/wp-json\/wp\/v2\/product_brand?post=6374"},{"taxonomy":"product_cat","embeddable":true,"href":"https:\/\/bitcoinvn.io\/shop-2\/wp-json\/wp\/v2\/product_cat?post=6374"},{"taxonomy":"product_tag","embeddable":true,"href":"https:\/\/bitcoinvn.io\/shop-2\/wp-json\/wp\/v2\/product_tag?post=6374"}],"curies":[{"name":"wp","href":"https:\/\/api.w.org\/{rel}","templated":true}]}}