{"id":5095,"date":"2023-12-31T00:21:07","date_gmt":"2023-12-30T17:21:07","guid":{"rendered":"https:\/\/bitcoinvn.io\/shop-2\/?post_type=product&#038;p=5095"},"modified":"2025-08-21T14:51:19","modified_gmt":"2025-08-21T07:51:19","slug":"tapsigner","status":"publish","type":"product","link":"https:\/\/bitcoinvn.io\/shop-2\/vi\/product\/tapsigner\/","title":{"rendered":"Th\u1ebb Tapsigner"},"content":{"rendered":"<p><i>Th\u1ebb TapSigner l\u00e0 m\u1ed9t thi\u1ebft b\u1ecb l\u01b0u tr\u1eef Bitcoin th\u1ebf h\u1ec7 m\u1edbi do Coinkite ph\u00e1t tri\u1ec3n. V\u1edbi thi\u1ebft k\u1ebf nh\u1ecf g\u1ecdn d\u01b0\u1edbi d\u1ea1ng m\u1ed9t chi\u1ebfc th\u1ebb NFC, thi\u1ebft b\u1ecb n\u00e0y cho ph\u00e9p ng\u01b0\u1eddi d\u00f9ng l\u01b0u tr\u1eef v\u00e0 k\u00fd c\u00e1c giao d\u1ecbch Bitcoin 1 ch\u1ea1m an to\u00e0n. \u0110\u00e2y l\u00e0 gi\u1ea3i ph\u00e1p l\u00fd t\u01b0\u1edfng d\u00e0nh cho ng\u01b0\u1eddi m\u1edbi b\u1eaft \u0111\u1ea7u ti\u1ebfp c\u1eadn m\u00f4 h\u00ecnh t\u1ef1 qu\u1ea3n t\u00e0i s\u1ea3n s\u1ed1 (self-custody) ho\u1eb7c x\u00e2y d\u1ef1ng chi\u1ebfn l\u01b0\u1ee3c \u0111a ch\u1eef k\u00fd (multisig) chuy\u00ean nghi\u1ec7p.<\/i><\/p>\n<p><i><span style=\"font-weight: 400;\">Hi\u1ec7n t\u1ea1i, BitcoinVN Shop \u0111ang ch\u00ednh th\u1ee9c ph\u00e2n ph\u1ed1i Tap Signer t\u1ea1i Vi\u1ec7t Nam.<\/span><\/i><\/p>\n<h2><b>V\u00ec sao th\u1ebb TapSigner \u0111\u01b0\u1ee3c c\u00e1c nh\u00e0 giao d\u1ecbch \u01b0a chu\u1ed9ng?<\/b><\/h2>\n<h3><b>Giao ti\u1ebfp kh\u00f4ng d\u00e2y qua NFC<\/b><\/h3>\n<p><span style=\"font-weight: 400;\">Kh\u00e1c v\u1edbi c\u00e1c v\u00ed c\u1ee9ng truy\u1ec1n th\u1ed1ng c\u1ea7n k\u1ebft n\u1ed1i qua USB, TapSigner ho\u1ea1t \u0111\u1ed9ng th\u00f4ng qua NFC (Near-Field Communication) &#8211; m\u1ed9t giao th\u1ee9c kh\u00f4ng d\u00e2y t\u1ea7m ng\u1eafn, t\u01b0\u01a1ng t\u1ef1 nh\u01b0 Apple Pay hay Google Pay. \u0110i\u1ec1u n\u00e0y cho ph\u00e9p b\u1ea1n x\u00e1c minh giao d\u1ecbch b\u1eb1ng c\u00e1ch ch\u1ea1m nh\u1eb9 th\u1ebb v\u00e0o thi\u1ebft b\u1ecb.\u00a0<\/span><\/p>\n<p><span style=\"font-weight: 400;\">S\u1edf h\u1eefu th\u1ebb TapSigner gi\u00fap t\u0103ng t\u00ednh ti\u1ec7n l\u1ee3i v\u00e0 h\u1ea1n ch\u1ebf c\u00e1c \u0111i\u1ec3m d\u1ec5 b\u1ecb t\u1ea5n c\u00f4ng qua c\u1ed5ng v\u1eadt l\u00fd.<\/span><\/p>\n<h3><b>B\u1ea1n to\u00e0n quy\u1ec1n ki\u1ec3m so\u00e1t kh\u00f3a ri\u00eang\u00a0\u00a0<\/b><\/h3>\n<p><span style=\"font-weight: 400;\">TapSigner kh\u00f4ng \u0111i k\u00e8m kh\u00f3a ri\u00eang s\u1eb5n t\u1eeb nh\u00e0 s\u1ea3n xu\u1ea5t. Ng\u01b0\u1eddi d\u00f9ng s\u1ebd t\u1ea1o kh\u00f3a tr\u1ef1c ti\u1ebfp trong thi\u1ebft b\u1ecb trong qu\u00e1 tr\u00ecnh thi\u1ebft l\u1eadp l\u1ea7n \u0111\u1ea7u, \u0111\u1ea3m b\u1ea3o ki\u1ec3m so\u00e1t ho\u00e0n to\u00e0n v\u00e0 kh\u00f4ng ai kh\u00e1c (k\u1ec3 c\u1ea3 Coinkite) c\u00f3 th\u1ec3 truy c\u1eadp ho\u1eb7c sao ch\u00e9p.<\/span><\/p>\n<h3><b>X\u00e1c th\u1ef1c theo chu\u1ea9n PSBT (Partially Signed Bitcoin Transactions)<\/b><\/h3>\n<p><span style=\"font-weight: 400;\">Th\u1ebb TapSigner h\u1ed7 tr\u1ee3 chu\u1ea9n PSBT \u2013 m\u1ed9t c\u00e1ch an to\u00e0n v\u00e0 linh ho\u1ea1t \u0111\u1ec3 k\u00fd giao d\u1ecbch Bitcoin. Nh\u1edd \u0111\u00f3, b\u1ea1n c\u00f3 th\u1ec3 d\u1ec5 d\u00e0ng ph\u1ed1i h\u1ee3p v\u1edbi c\u00e1c v\u00ed ph\u1ea7n m\u1ec1m nh\u01b0 Nunchuk, Sparrow ho\u1eb7c c\u00e1c h\u1ec7 th\u1ed1ng \u0111a ch\u1eef k\u00fd (multisig). PSBT gi\u00fap vi\u1ec7c k\u00fd giao d\u1ecbch tr\u1edf n\u00ean r\u00f5 r\u00e0ng, b\u1ea3o m\u1eadt v\u00e0 tu\u00e2n theo m\u1ed9t quy tr\u00ecnh chu\u1ea9n, gi\u1ea3m thi\u1ec3u r\u1ee7i ro khi thao t\u00e1c.<\/span><\/p>\n<h3><b>T\u1ed1i \u01b0u cho Multisig<\/b><\/h3>\n<p><span style=\"font-weight: 400;\">TapSigner ho\u1ea1t \u0111\u1ed9ng r\u1ea5t hi\u1ec7u qu\u1ea3 trong c\u00e1c thi\u1ebft l\u1eadp v\u00ed \u0111a ch\u1eef k\u00fd (multisig). \u0110\u00e2y l\u00e0 l\u1ef1a ch\u1ecdn l\u00fd t\u01b0\u1edfng cho nh\u1eefng ai mu\u1ed1n x\u00e2y d\u1ef1ng h\u1ec7 th\u1ed1ng l\u01b0u tr\u1eef Bitcoin an to\u00e0n, ph\u00e2n t\u00e1n v\u00e0 kh\u00f4ng b\u1ecb ph\u1ee5 thu\u1ed9c v\u00e0o m\u1ed9t thi\u1ebft b\u1ecb duy nh\u1ea5t.<\/span><\/p>\n<h2><b>Th\u00f4ng s\u1ed1 k\u1ef9 thu\u1eadt c\u1ee7a th\u1ebb TapSigner<\/b><\/h2>\n<table>\n<tbody>\n<tr>\n<td colspan=\"2\"><b>Th\u00f4ng s\u1ed1<\/b><\/td>\n<\/tr>\n<tr>\n<td><b>K\u00edch th\u01b0\u1edbc th\u1ebb<\/b><\/td>\n<td><span style=\"font-weight: 400;\">ID-1: 85.6 \u00d7 53.98 mm<\/span><\/td>\n<\/tr>\n<tr>\n<td><b>Gi\u1edbi h\u1ea1n nhi\u1ec7t \u0111\u1ed9<\/b><\/td>\n<td><span style=\"font-weight: 400;\">-15\u2103 \u0111\u1ebfn 50\u2103<\/span><\/td>\n<\/tr>\n<tr>\n<td><b>Ch\u1ed1ng nhi\u1ec5u<\/b><\/td>\n<td><span style=\"font-weight: 400;\">Kh\u00f4ng b\u1ecb \u1ea3nh h\u01b0\u1edfng b\u1edfi t\u1eeb tr\u01b0\u1eddng ho\u1eb7c tr\u1ecdng l\u1ef1c<\/span><\/td>\n<\/tr>\n<tr>\n<td><b>Tu\u1ed5i th\u1ecd ho\u1ea1t \u0111\u1ed9ng<\/b><\/td>\n<td><span style=\"font-weight: 400;\">L\u00ean \u0111\u1ebfn 10 n\u0103m<\/span><\/td>\n<\/tr>\n<tr>\n<td><b>Chu\u1ea9n giao ti\u1ebfp NFC<\/b><\/td>\n<td><span style=\"font-weight: 400;\">ISO\/IEC 7816-4:2020 v\u00e0\/ho\u1eb7c ISO\/IEC 14443-A<\/span><\/td>\n<\/tr>\n<\/tbody>\n<\/table>\n<h2><b>B\u00ean trong h\u1ed9p s\u1ea3n ph\u1ea9m TapSigner c\u00f3 g\u00ec?<\/b><\/h2>\n<ul>\n<li style=\"font-weight: 400;\" aria-level=\"1\"><span style=\"font-weight: 400;\">1 th\u1ebb TapSigner nguy\u00ean seal<\/span><\/li>\n<li style=\"font-weight: 400;\" aria-level=\"1\"><span style=\"font-weight: 400;\">1 v\u1ecf ch\u1ed1ng s\u00f3ng RF<\/span><\/li>\n<\/ul>\n<figure id=\"attachment_7065\" aria-describedby=\"caption-attachment-7065\" style=\"width: 800px\" class=\"wp-caption aligncenter\"><img loading=\"lazy\" decoding=\"async\" class=\"wp-image-7065 size-full\" src=\"https:\/\/bitcoinvn.io\/shop-2\/wp-content\/uploads\/2023\/12\/tapsigner-3.jpg\" alt=\"Th\u1ebb TapSigner\" width=\"800\" height=\"464\" srcset=\"https:\/\/bitcoinvn.io\/shop-2\/wp-content\/uploads\/2023\/12\/tapsigner-3.jpg 800w, https:\/\/bitcoinvn.io\/shop-2\/wp-content\/uploads\/2023\/12\/tapsigner-3-300x174.jpg 300w, https:\/\/bitcoinvn.io\/shop-2\/wp-content\/uploads\/2023\/12\/tapsigner-3-768x445.jpg 768w, https:\/\/bitcoinvn.io\/shop-2\/wp-content\/uploads\/2023\/12\/tapsigner-3-600x348.jpg 600w\" sizes=\"auto, (max-width: 800px) 100vw, 800px\" \/><figcaption id=\"caption-attachment-7065\" class=\"wp-caption-text\">Th\u1ebb TapSigner<\/figcaption><\/figure>\n<h2><b>V\u00ec sao n\u00ean mua TapSigner t\u1ea1i BitcoinVN Shop?<\/b><\/h2>\n<p><span style=\"font-weight: 400;\">BitcoinVN Shop hi\u1ec7n l\u00e0 \u0111\u1ea1i l\u00fd ch\u00ednh th\u1ee9c c\u1ee7a c\u00f4ng ty Coinkite t\u1ea1i Vi\u1ec7t Nam. \u0110\u00e2y c\u0169ng l\u00e0 m\u1ed9t trong nh\u1eefng \u0111\u01a1n v\u1ecb hi\u1ebfm hoi cung \u1ee9ng th\u1ebb TapSigner ch\u00ednh h\u00e3ng, gi\u00e1 t\u1ed1t v\u1edbi nhi\u1ec1u ch\u00ednh s\u00e1ch h\u1ed7 tr\u1ee3 quy\u1ec1n l\u1ee3i kh\u00e1ch h\u00e0ng chu \u0111\u00e1o:<\/span><i><span style=\"font-weight: 400;\">\u00a0<\/span><\/i><\/p>\n<ul>\n<li style=\"font-weight: 400;\" aria-level=\"1\"><b>Giao h\u00e0ng nhanh<\/b><span style=\"font-weight: 400;\">: T\u1ea1i TP. H\u1ed3 Ch\u00ed Minh: S\u1ebd \u0111\u01b0\u1ee3c giao h\u00e0ng trong ng\u00e0y \u0111\u1ed1i v\u1edbi \u0111\u01a1n \u0111\u1eb7t s\u1edbm. C\u00e1c t\u1ec9nh th\u00e0nh kh\u00e1c \u0111\u01b0\u1ee3c giao trong 2-5 ng\u00e0y l\u00e0m vi\u1ec7c.<\/span><\/li>\n<li style=\"font-weight: 400;\" aria-level=\"1\"><b>H\u1ed7 tr\u1ee3 t\u01b0 v\u1ea5n k\u1ef9 thu\u1eadt mi\u1ec5n ph\u00ed 1:1<\/b><span style=\"font-weight: 400;\"> khi mua h\u00e0ng t\u1ea1i BitcoinVN Shop.<\/span><\/li>\n<li style=\"font-weight: 400;\" aria-level=\"1\"><span style=\"font-weight: 400;\">\u0110\u1ed5i tr\u1ea3 trong v\u00f2ng 7 ng\u00e0y \u0111\u1ea7u ti\u00ean n\u1ebfu c\u00f3 l\u1ed7i k\u1ef9 thu\u1eadt t\u1eeb nh\u00e0 s\u1ea3n xu\u1ea5t.<\/span><\/li>\n<\/ul>\n<p><span style=\"font-weight: 400;\">N\u1ebfu b\u1ea1n mu\u1ed1n s\u1edf h\u1eefu chi\u1ebfc th\u1ebb <a href=\"https:\/\/bitcoinvn.io\/shop-2\/vi\/product\/tapsigner\/\">TapSigner<\/a> ch\u1ea5t l\u01b0\u1ee3ng cao, b\u1ea3o m\u1eadt v\u01b0\u1ee3t tr\u1ed9i v\u1edbi nhi\u1ec1u t\u00ednh n\u0103ng \u01b0u vi\u1ec7t \u0111\u1ec3 h\u1ed7 tr\u1ee3 chuy\u1ec3n Bitcoin thu\u1eadn ti\u1ec7n v\u00e0 an to\u00e0n, h\u00e3y cho ngay s\u1ea3n ph\u1ea9m v\u00e0o gi\u1ecf h\u00e0ng v\u00e0 ti\u1ebfn h\u00e0nh \u0111\u1eb7t mua li\u1ec1n nh\u00e9!<\/span><\/p>\n","protected":false},"excerpt":{"rendered":"<ul>\n<li aria-level=\"1\">Th\u1ebb l\u01b0u tr\u1eef kh\u00f3a ri\u00eang Bitcoin c\u1ee7a b\u1ea1n lu\u00f4n ngo\u1ea1i tuy\u1ebfn.<\/li>\n<li aria-level=\"1\">X\u00e1c nh\u1eadn giao d\u1ecbch Bitcoin theo c\u01a1 ch\u1ebf 1 ch\u1ea1m (ch\u1ea1m th\u1ebb v\u00e0o \u0111i\u1ec7n tho\u1ea1i l\u00e0 \u0111\u00e3 c\u00f3 th\u1ec3 x\u00e1c nh\u1eadn chuy\u1ec3n Bitcoin m\u00e0 kh\u00f4ng c\u1ea7n c\u00e1p k\u1ebft n\u1ed1i).<\/li>\n<li aria-level=\"1\">Thi\u1ebft k\u1ebf th\u1ebb m\u1ecfng nh\u1eb9, d\u1ec5 mang theo.<\/li>\n<li aria-level=\"1\">Kh\u00f4ng c\u00f3 ng\u00e0y h\u1ebft h\u1ea1n &amp; kh\u00f4ng gi\u1edbi h\u1ea1n s\u1ed1 l\u1ea7n s\u1eed d\u1ee5ng n\u1ebfu \u0111\u01b0\u1ee3c b\u1ea3o qu\u1ea3n \u0111\u00fang c\u00e1ch.<\/li>\n<li aria-level=\"1\">T\u1eb7ng k\u00e8m v\u1ecf ch\u1ed1ng t\u00edn hi\u1ec7u RF, gi\u00fap ch\u1eb7n truy c\u1eadp tr\u00e1i ph\u00e9p khi kh\u00f4ng s\u1eed d\u1ee5ng.<\/li>\n<li aria-level=\"1\">T\u00edch h\u1ee3p phong c\u00e1ch thi\u1ebft k\u1ebf c\u1ee7a Nunchuk v\u00e0 Mempool.Space, hai th\u01b0\u01a1ng hi\u1ec7u n\u1ed5i ti\u1ebfng trong c\u1ed9ng \u0111\u1ed3ng Bitcoin.<\/li>\n<\/ul>\n<hr \/>\n<p><span style=\"font-weight: 400;\">BitcoinVN Shop l\u00e0 nh\u00e0 ph\u00e2n ph\u1ed1i ch\u00ednh th\u1ee9c s\u1ea3n ph\u1ea9m Ledger Nano X t\u1ea1i Vi\u1ec7t Nam.<\/span><\/p>\n<p><span style=\"font-weight: 400;\">B\u1ea1n s\u1ed1ng \u1edf n\u01b0\u1edbc ngo\u00e0i? Mua tr\u1ef1c ti\u1ebfp t\u1ea1i c\u1eeda h\u00e0ng <\/span><a href=\"https:\/\/store.coinkite.com\/promo\/4E790E123AB1EA5ECAAB\" target=\"_blank\" rel=\"noopener\"><span style=\"font-weight: 400;\">Coinkite<\/span><\/a><\/p>\n","protected":false},"featured_media":6584,"comment_status":"open","ping_status":"closed","template":"","meta":[],"product_brand":[],"product_cat":[143,337],"product_tag":[],"class_list":{"0":"post-5095","1":"product","2":"type-product","3":"status-publish","4":"has-post-thumbnail","6":"product_cat-coinkite","7":"product_cat-hardware-wallets","9":"first","10":"instock","11":"taxable","12":"shipping-taxable","13":"purchasable","14":"product-type-variable"},"yoast_head":"<!-- This site is optimized with the Yoast SEO plugin v27.2 - https:\/\/yoast.com\/product\/yoast-seo-wordpress\/ -->\n<title>Th\u1ebb Tapsigner ch\u00ednh h\u00e3ng, giao h\u00e0ng nhanh t\u1ea1i Vi\u1ec7t Nam - BitcoinVN Shop<\/title>\n<meta name=\"description\" content=\"Ngay b\u00e2y gi\u1edd, Th\u1ebb Tapsigner ch\u00ednh h\u00e3ng \u0111\u00e3 c\u00f3 m\u1eb7t t\u1ea1i Vi\u1ec7t Nam. Mua ngay BitcoinVN Shop - \u0111\u01a1n v\u1ecb \u0111\u01b0\u1ee3c \u1ee7y quy\u1ec1n mua - b\u00e1n trao \u0111\u1ed5i th\u1ebb t\u1eeb Nunchuk!\" \/>\n<meta name=\"robots\" content=\"index, follow, max-snippet:-1, max-image-preview:large, max-video-preview:-1\" \/>\n<link rel=\"canonical\" href=\"https:\/\/bitcoinvn.io\/shop-2\/vi\/product\/tapsigner\/\" \/>\n<meta property=\"og:locale\" content=\"en_US\" \/>\n<meta property=\"og:type\" content=\"article\" \/>\n<meta property=\"og:title\" content=\"Th\u1ebb Tapsigner ch\u00ednh h\u00e3ng, giao h\u00e0ng nhanh t\u1ea1i Vi\u1ec7t Nam - BitcoinVN Shop\" \/>\n<meta property=\"og:description\" content=\"Ngay b\u00e2y gi\u1edd, Th\u1ebb Tapsigner ch\u00ednh h\u00e3ng \u0111\u00e3 c\u00f3 m\u1eb7t t\u1ea1i Vi\u1ec7t Nam. Mua ngay BitcoinVN Shop - \u0111\u01a1n v\u1ecb \u0111\u01b0\u1ee3c \u1ee7y quy\u1ec1n mua - b\u00e1n trao \u0111\u1ed5i th\u1ebb t\u1eeb Nunchuk!\" \/>\n<meta property=\"og:url\" content=\"https:\/\/bitcoinvn.io\/shop-2\/vi\/product\/tapsigner\/\" \/>\n<meta property=\"og:site_name\" content=\"BitcoinVN Shop\" \/>\n<meta property=\"article:publisher\" content=\"https:\/\/www.facebook.com\/BitcoinVNShop\/\" \/>\n<meta property=\"article:modified_time\" content=\"2025-08-21T07:51:19+00:00\" \/>\n<meta property=\"og:image\" content=\"https:\/\/bitcoinvn.io\/shop-2\/wp-content\/uploads\/2024\/06\/Tapsigner.jpg\" \/>\n\t<meta property=\"og:image:width\" content=\"1500\" \/>\n\t<meta property=\"og:image:height\" content=\"1500\" \/>\n\t<meta property=\"og:image:type\" content=\"image\/jpeg\" \/>\n<meta name=\"twitter:card\" content=\"summary_large_image\" \/>\n<meta name=\"twitter:site\" content=\"@bitcoinvnshop\" \/>\n<meta name=\"twitter:label1\" content=\"Est. reading time\" \/>\n\t<meta name=\"twitter:data1\" content=\"4 minutes\" \/>\n<script type=\"application\/ld+json\" class=\"yoast-schema-graph\">{\"@context\":\"https:\/\/schema.org\",\"@graph\":[{\"@type\":\"WebPage\",\"@id\":\"https:\/\/bitcoinvn.io\/shop-2\/vi\/product\/tapsigner\/\",\"url\":\"https:\/\/bitcoinvn.io\/shop-2\/vi\/product\/tapsigner\/\",\"name\":\"Th\u1ebb Tapsigner ch\u00ednh h\u00e3ng, giao h\u00e0ng nhanh t\u1ea1i Vi\u1ec7t Nam - BitcoinVN Shop\",\"isPartOf\":{\"@id\":\"https:\/\/bitcoinvn.io\/shop-2\/#website\"},\"primaryImageOfPage\":{\"@id\":\"https:\/\/bitcoinvn.io\/shop-2\/vi\/product\/tapsigner\/#primaryimage\"},\"image\":{\"@id\":\"https:\/\/bitcoinvn.io\/shop-2\/vi\/product\/tapsigner\/#primaryimage\"},\"thumbnailUrl\":\"https:\/\/bitcoinvn.io\/shop-2\/wp-content\/uploads\/2024\/06\/Tapsigner.jpg\",\"datePublished\":\"2023-12-30T17:21:07+00:00\",\"dateModified\":\"2025-08-21T07:51:19+00:00\",\"description\":\"Ngay b\u00e2y gi\u1edd, Th\u1ebb Tapsigner ch\u00ednh h\u00e3ng \u0111\u00e3 c\u00f3 m\u1eb7t t\u1ea1i Vi\u1ec7t Nam. Mua ngay BitcoinVN Shop - \u0111\u01a1n v\u1ecb \u0111\u01b0\u1ee3c \u1ee7y quy\u1ec1n mua - b\u00e1n trao \u0111\u1ed5i th\u1ebb t\u1eeb Nunchuk!\",\"breadcrumb\":{\"@id\":\"https:\/\/bitcoinvn.io\/shop-2\/vi\/product\/tapsigner\/#breadcrumb\"},\"inLanguage\":\"en-US\",\"potentialAction\":[{\"@type\":\"ReadAction\",\"target\":[\"https:\/\/bitcoinvn.io\/shop-2\/vi\/product\/tapsigner\/\"]}]},{\"@type\":\"ImageObject\",\"inLanguage\":\"en-US\",\"@id\":\"https:\/\/bitcoinvn.io\/shop-2\/vi\/product\/tapsigner\/#primaryimage\",\"url\":\"https:\/\/bitcoinvn.io\/shop-2\/wp-content\/uploads\/2024\/06\/Tapsigner.jpg\",\"contentUrl\":\"https:\/\/bitcoinvn.io\/shop-2\/wp-content\/uploads\/2024\/06\/Tapsigner.jpg\",\"width\":1500,\"height\":1500},{\"@type\":\"BreadcrumbList\",\"@id\":\"https:\/\/bitcoinvn.io\/shop-2\/vi\/product\/tapsigner\/#breadcrumb\",\"itemListElement\":[{\"@type\":\"ListItem\",\"position\":1,\"name\":\"Home\",\"item\":\"https:\/\/bitcoinvn.io\/shop-2\/store\/\"},{\"@type\":\"ListItem\",\"position\":2,\"name\":\"Shop\",\"item\":\"https:\/\/bitcoinvn.io\/shop-2\/shop\/\"},{\"@type\":\"ListItem\",\"position\":3,\"name\":\"Th\u1ebb Tapsigner\"}]},{\"@type\":\"WebSite\",\"@id\":\"https:\/\/bitcoinvn.io\/shop-2\/#website\",\"url\":\"https:\/\/bitcoinvn.io\/shop-2\/\",\"name\":\"BitcoinVN Shop\",\"description\":\"Official Hardware Wallet Distributor in Vietnam\",\"publisher\":{\"@id\":\"https:\/\/bitcoinvn.io\/shop-2\/#organization\"},\"potentialAction\":[{\"@type\":\"SearchAction\",\"target\":{\"@type\":\"EntryPoint\",\"urlTemplate\":\"https:\/\/bitcoinvn.io\/shop-2\/?s={search_term_string}\"},\"query-input\":{\"@type\":\"PropertyValueSpecification\",\"valueRequired\":true,\"valueName\":\"search_term_string\"}}],\"inLanguage\":\"en-US\"},{\"@type\":\"Organization\",\"@id\":\"https:\/\/bitcoinvn.io\/shop-2\/#organization\",\"name\":\"BitcoinVN Shop\",\"url\":\"https:\/\/bitcoinvn.io\/shop-2\/\",\"logo\":{\"@type\":\"ImageObject\",\"inLanguage\":\"en-US\",\"@id\":\"https:\/\/bitcoinvn.io\/shop-2\/#\/schema\/logo\/image\/\",\"url\":\"https:\/\/bitcoinvn.io\/shop-2\/wp-content\/uploads\/2021\/03\/logo-bitcoinvn-shop.jpg\",\"contentUrl\":\"https:\/\/bitcoinvn.io\/shop-2\/wp-content\/uploads\/2021\/03\/logo-bitcoinvn-shop.jpg\",\"width\":1200,\"height\":675,\"caption\":\"BitcoinVN Shop\"},\"image\":{\"@id\":\"https:\/\/bitcoinvn.io\/shop-2\/#\/schema\/logo\/image\/\"},\"sameAs\":[\"https:\/\/www.facebook.com\/BitcoinVNShop\/\",\"https:\/\/x.com\/bitcoinvnshop\"]}]}<\/script>\n<!-- \/ Yoast SEO plugin. -->","yoast_head_json":{"title":"Th\u1ebb Tapsigner ch\u00ednh h\u00e3ng, giao h\u00e0ng nhanh t\u1ea1i Vi\u1ec7t Nam - BitcoinVN Shop","description":"Ngay b\u00e2y gi\u1edd, Th\u1ebb Tapsigner ch\u00ednh h\u00e3ng \u0111\u00e3 c\u00f3 m\u1eb7t t\u1ea1i Vi\u1ec7t Nam. Mua ngay BitcoinVN Shop - \u0111\u01a1n v\u1ecb \u0111\u01b0\u1ee3c \u1ee7y quy\u1ec1n mua - b\u00e1n trao \u0111\u1ed5i th\u1ebb t\u1eeb Nunchuk!","robots":{"index":"index","follow":"follow","max-snippet":"max-snippet:-1","max-image-preview":"max-image-preview:large","max-video-preview":"max-video-preview:-1"},"canonical":"https:\/\/bitcoinvn.io\/shop-2\/vi\/product\/tapsigner\/","og_locale":"en_US","og_type":"article","og_title":"Th\u1ebb Tapsigner ch\u00ednh h\u00e3ng, giao h\u00e0ng nhanh t\u1ea1i Vi\u1ec7t Nam - BitcoinVN Shop","og_description":"Ngay b\u00e2y gi\u1edd, Th\u1ebb Tapsigner ch\u00ednh h\u00e3ng \u0111\u00e3 c\u00f3 m\u1eb7t t\u1ea1i Vi\u1ec7t Nam. Mua ngay BitcoinVN Shop - \u0111\u01a1n v\u1ecb \u0111\u01b0\u1ee3c \u1ee7y quy\u1ec1n mua - b\u00e1n trao \u0111\u1ed5i th\u1ebb t\u1eeb Nunchuk!","og_url":"https:\/\/bitcoinvn.io\/shop-2\/vi\/product\/tapsigner\/","og_site_name":"BitcoinVN Shop","article_publisher":"https:\/\/www.facebook.com\/BitcoinVNShop\/","article_modified_time":"2025-08-21T07:51:19+00:00","og_image":[{"width":1500,"height":1500,"url":"https:\/\/bitcoinvn.io\/shop-2\/wp-content\/uploads\/2024\/06\/Tapsigner.jpg","type":"image\/jpeg"}],"twitter_card":"summary_large_image","twitter_site":"@bitcoinvnshop","twitter_misc":{"Est. reading time":"4 minutes"},"schema":{"@context":"https:\/\/schema.org","@graph":[{"@type":"WebPage","@id":"https:\/\/bitcoinvn.io\/shop-2\/vi\/product\/tapsigner\/","url":"https:\/\/bitcoinvn.io\/shop-2\/vi\/product\/tapsigner\/","name":"Th\u1ebb Tapsigner ch\u00ednh h\u00e3ng, giao h\u00e0ng nhanh t\u1ea1i Vi\u1ec7t Nam - BitcoinVN Shop","isPartOf":{"@id":"https:\/\/bitcoinvn.io\/shop-2\/#website"},"primaryImageOfPage":{"@id":"https:\/\/bitcoinvn.io\/shop-2\/vi\/product\/tapsigner\/#primaryimage"},"image":{"@id":"https:\/\/bitcoinvn.io\/shop-2\/vi\/product\/tapsigner\/#primaryimage"},"thumbnailUrl":"https:\/\/bitcoinvn.io\/shop-2\/wp-content\/uploads\/2024\/06\/Tapsigner.jpg","datePublished":"2023-12-30T17:21:07+00:00","dateModified":"2025-08-21T07:51:19+00:00","description":"Ngay b\u00e2y gi\u1edd, Th\u1ebb Tapsigner ch\u00ednh h\u00e3ng \u0111\u00e3 c\u00f3 m\u1eb7t t\u1ea1i Vi\u1ec7t Nam. Mua ngay BitcoinVN Shop - \u0111\u01a1n v\u1ecb \u0111\u01b0\u1ee3c \u1ee7y quy\u1ec1n mua - b\u00e1n trao \u0111\u1ed5i th\u1ebb t\u1eeb Nunchuk!","breadcrumb":{"@id":"https:\/\/bitcoinvn.io\/shop-2\/vi\/product\/tapsigner\/#breadcrumb"},"inLanguage":"en-US","potentialAction":[{"@type":"ReadAction","target":["https:\/\/bitcoinvn.io\/shop-2\/vi\/product\/tapsigner\/"]}]},{"@type":"ImageObject","inLanguage":"en-US","@id":"https:\/\/bitcoinvn.io\/shop-2\/vi\/product\/tapsigner\/#primaryimage","url":"https:\/\/bitcoinvn.io\/shop-2\/wp-content\/uploads\/2024\/06\/Tapsigner.jpg","contentUrl":"https:\/\/bitcoinvn.io\/shop-2\/wp-content\/uploads\/2024\/06\/Tapsigner.jpg","width":1500,"height":1500},{"@type":"BreadcrumbList","@id":"https:\/\/bitcoinvn.io\/shop-2\/vi\/product\/tapsigner\/#breadcrumb","itemListElement":[{"@type":"ListItem","position":1,"name":"Home","item":"https:\/\/bitcoinvn.io\/shop-2\/store\/"},{"@type":"ListItem","position":2,"name":"Shop","item":"https:\/\/bitcoinvn.io\/shop-2\/shop\/"},{"@type":"ListItem","position":3,"name":"Th\u1ebb Tapsigner"}]},{"@type":"WebSite","@id":"https:\/\/bitcoinvn.io\/shop-2\/#website","url":"https:\/\/bitcoinvn.io\/shop-2\/","name":"BitcoinVN Shop","description":"Official Hardware Wallet Distributor in Vietnam","publisher":{"@id":"https:\/\/bitcoinvn.io\/shop-2\/#organization"},"potentialAction":[{"@type":"SearchAction","target":{"@type":"EntryPoint","urlTemplate":"https:\/\/bitcoinvn.io\/shop-2\/?s={search_term_string}"},"query-input":{"@type":"PropertyValueSpecification","valueRequired":true,"valueName":"search_term_string"}}],"inLanguage":"en-US"},{"@type":"Organization","@id":"https:\/\/bitcoinvn.io\/shop-2\/#organization","name":"BitcoinVN Shop","url":"https:\/\/bitcoinvn.io\/shop-2\/","logo":{"@type":"ImageObject","inLanguage":"en-US","@id":"https:\/\/bitcoinvn.io\/shop-2\/#\/schema\/logo\/image\/","url":"https:\/\/bitcoinvn.io\/shop-2\/wp-content\/uploads\/2021\/03\/logo-bitcoinvn-shop.jpg","contentUrl":"https:\/\/bitcoinvn.io\/shop-2\/wp-content\/uploads\/2021\/03\/logo-bitcoinvn-shop.jpg","width":1200,"height":675,"caption":"BitcoinVN Shop"},"image":{"@id":"https:\/\/bitcoinvn.io\/shop-2\/#\/schema\/logo\/image\/"},"sameAs":["https:\/\/www.facebook.com\/BitcoinVNShop\/","https:\/\/x.com\/bitcoinvnshop"]}]}},"lang":"vi","translations":{"vi":5095,"en":5048,"ja":6285,"ru":6821},"pll_sync_post":[],"_links":{"self":[{"href":"https:\/\/bitcoinvn.io\/shop-2\/wp-json\/wp\/v2\/product\/5095","targetHints":{"allow":["GET"]}}],"collection":[{"href":"https:\/\/bitcoinvn.io\/shop-2\/wp-json\/wp\/v2\/product"}],"about":[{"href":"https:\/\/bitcoinvn.io\/shop-2\/wp-json\/wp\/v2\/types\/product"}],"replies":[{"embeddable":true,"href":"https:\/\/bitcoinvn.io\/shop-2\/wp-json\/wp\/v2\/comments?post=5095"}],"wp:featuredmedia":[{"embeddable":true,"href":"https:\/\/bitcoinvn.io\/shop-2\/wp-json\/wp\/v2\/media\/6584"}],"wp:attachment":[{"href":"https:\/\/bitcoinvn.io\/shop-2\/wp-json\/wp\/v2\/media?parent=5095"}],"wp:term":[{"taxonomy":"product_brand","embeddable":true,"href":"https:\/\/bitcoinvn.io\/shop-2\/wp-json\/wp\/v2\/product_brand?post=5095"},{"taxonomy":"product_cat","embeddable":true,"href":"https:\/\/bitcoinvn.io\/shop-2\/wp-json\/wp\/v2\/product_cat?post=5095"},{"taxonomy":"product_tag","embeddable":true,"href":"https:\/\/bitcoinvn.io\/shop-2\/wp-json\/wp\/v2\/product_tag?post=5095"}],"curies":[{"name":"wp","href":"https:\/\/api.w.org\/{rel}","templated":true}]}}