{"id":4523,"date":"2023-07-11T10:16:19","date_gmt":"2023-07-11T03:16:19","guid":{"rendered":"https:\/\/bitcoinvn.io\/shop-2\/?post_type=product&#038;p=4523"},"modified":"2025-06-11T07:45:25","modified_gmt":"2025-06-11T00:45:25","slug":"microusb-for-ledger-nano-s-and-trezor-one","status":"publish","type":"product","link":"https:\/\/bitcoinvn.io\/shop-2\/vi\/product\/microusb-for-ledger-nano-s-and-trezor-one\/","title":{"rendered":"MicroUSB (d\u00e0nh cho v\u00ed Ledger Nano S v\u00e0 Trezor One)"},"content":{"rendered":"<p>MicroUSB t\u01b0\u01a1ng th\u00edch v\u1edbi Ledger Nano S v\u00e0 Trezor One.<\/p>\n","protected":false},"excerpt":{"rendered":"<p>&nbsp;<\/p>\n<p>T\u01b0\u01a1ng th\u00edch v\u1edbi Ledger Nano S v\u00e0 Trezor One.<\/p>\n","protected":false},"featured_media":5636,"comment_status":"open","ping_status":"closed","template":"","meta":[],"product_brand":[],"product_cat":[177,176,337],"product_tag":[],"class_list":{"0":"post-4523","1":"product","2":"type-product","3":"status-publish","4":"has-post-thumbnail","6":"product_cat-usb-cables","7":"product_cat-extra-components","8":"product_cat-hardware-wallets","10":"first","11":"instock","12":"taxable","13":"shipping-taxable","14":"purchasable","15":"product-type-simple"},"yoast_head":"<!-- This site is optimized with the Yoast SEO plugin v27.2 - https:\/\/yoast.com\/product\/yoast-seo-wordpress\/ -->\n<title>MicroUSB (d\u00e0nh cho v\u00ed Ledger Nano S v\u00e0 Trezor One) - BitcoinVN Shop<\/title>\n<meta name=\"description\" content=\"MicroUSB k\u1ebft n\u1ed1i v\u00ed c\u1ee9ng Trezor &amp; Ledger \u0111\u00e3 c\u00f3 m\u1eb7t t\u1ea1i BitcoinVN Shop - shop ph\u1ee5 ki\u1ec7n ti\u1ec1n \u0111i\u1ec7n t\u1eed ch\u00ednh h\u00e3ng t\u1ea1i Vi\u1ec7t Nam. B\u1ea3o h\u00e0nh d\u00e0i h\u1ea1n, xem ngay!\" \/>\n<meta name=\"robots\" content=\"index, follow, max-snippet:-1, max-image-preview:large, max-video-preview:-1\" \/>\n<link rel=\"canonical\" href=\"https:\/\/bitcoinvn.io\/shop-2\/vi\/product\/microusb-for-ledger-nano-s-and-trezor-one\/\" \/>\n<meta property=\"og:locale\" content=\"en_US\" \/>\n<meta property=\"og:type\" content=\"article\" \/>\n<meta property=\"og:title\" content=\"MicroUSB (d\u00e0nh cho v\u00ed Ledger Nano S v\u00e0 Trezor One) - BitcoinVN Shop\" \/>\n<meta property=\"og:description\" content=\"MicroUSB k\u1ebft n\u1ed1i v\u00ed c\u1ee9ng Trezor &amp; Ledger \u0111\u00e3 c\u00f3 m\u1eb7t t\u1ea1i BitcoinVN Shop - shop ph\u1ee5 ki\u1ec7n ti\u1ec1n \u0111i\u1ec7n t\u1eed ch\u00ednh h\u00e3ng t\u1ea1i Vi\u1ec7t Nam. B\u1ea3o h\u00e0nh d\u00e0i h\u1ea1n, xem ngay!\" \/>\n<meta property=\"og:url\" content=\"https:\/\/bitcoinvn.io\/shop-2\/vi\/product\/microusb-for-ledger-nano-s-and-trezor-one\/\" \/>\n<meta property=\"og:site_name\" content=\"BitcoinVN Shop\" \/>\n<meta property=\"article:publisher\" content=\"https:\/\/www.facebook.com\/BitcoinVNShop\/\" \/>\n<meta property=\"article:modified_time\" content=\"2025-06-11T00:45:25+00:00\" \/>\n<meta property=\"og:image\" content=\"https:\/\/bitcoinvn.io\/shop-2\/wp-content\/uploads\/2023\/07\/microusb.jpg\" \/>\n\t<meta property=\"og:image:width\" content=\"1500\" \/>\n\t<meta property=\"og:image:height\" content=\"1500\" \/>\n\t<meta property=\"og:image:type\" content=\"image\/jpeg\" \/>\n<meta name=\"twitter:card\" content=\"summary_large_image\" \/>\n<meta name=\"twitter:site\" content=\"@bitcoinvnshop\" \/>\n<meta name=\"twitter:label1\" content=\"Est. reading time\" \/>\n\t<meta name=\"twitter:data1\" content=\"1 minute\" \/>\n<script type=\"application\/ld+json\" class=\"yoast-schema-graph\">{\"@context\":\"https:\/\/schema.org\",\"@graph\":[{\"@type\":\"WebPage\",\"@id\":\"https:\/\/bitcoinvn.io\/shop-2\/vi\/product\/microusb-for-ledger-nano-s-and-trezor-one\/\",\"url\":\"https:\/\/bitcoinvn.io\/shop-2\/vi\/product\/microusb-for-ledger-nano-s-and-trezor-one\/\",\"name\":\"MicroUSB (d\u00e0nh cho v\u00ed Ledger Nano S v\u00e0 Trezor One) - BitcoinVN Shop\",\"isPartOf\":{\"@id\":\"https:\/\/bitcoinvn.io\/shop-2\/#website\"},\"primaryImageOfPage\":{\"@id\":\"https:\/\/bitcoinvn.io\/shop-2\/vi\/product\/microusb-for-ledger-nano-s-and-trezor-one\/#primaryimage\"},\"image\":{\"@id\":\"https:\/\/bitcoinvn.io\/shop-2\/vi\/product\/microusb-for-ledger-nano-s-and-trezor-one\/#primaryimage\"},\"thumbnailUrl\":\"https:\/\/bitcoinvn.io\/shop-2\/wp-content\/uploads\/2023\/07\/microusb.jpg\",\"datePublished\":\"2023-07-11T03:16:19+00:00\",\"dateModified\":\"2025-06-11T00:45:25+00:00\",\"description\":\"MicroUSB k\u1ebft n\u1ed1i v\u00ed c\u1ee9ng Trezor & Ledger \u0111\u00e3 c\u00f3 m\u1eb7t t\u1ea1i BitcoinVN Shop - shop ph\u1ee5 ki\u1ec7n ti\u1ec1n \u0111i\u1ec7n t\u1eed ch\u00ednh h\u00e3ng t\u1ea1i Vi\u1ec7t Nam. B\u1ea3o h\u00e0nh d\u00e0i h\u1ea1n, xem ngay!\",\"breadcrumb\":{\"@id\":\"https:\/\/bitcoinvn.io\/shop-2\/vi\/product\/microusb-for-ledger-nano-s-and-trezor-one\/#breadcrumb\"},\"inLanguage\":\"en-US\",\"potentialAction\":[{\"@type\":\"ReadAction\",\"target\":[\"https:\/\/bitcoinvn.io\/shop-2\/vi\/product\/microusb-for-ledger-nano-s-and-trezor-one\/\"]}]},{\"@type\":\"ImageObject\",\"inLanguage\":\"en-US\",\"@id\":\"https:\/\/bitcoinvn.io\/shop-2\/vi\/product\/microusb-for-ledger-nano-s-and-trezor-one\/#primaryimage\",\"url\":\"https:\/\/bitcoinvn.io\/shop-2\/wp-content\/uploads\/2023\/07\/microusb.jpg\",\"contentUrl\":\"https:\/\/bitcoinvn.io\/shop-2\/wp-content\/uploads\/2023\/07\/microusb.jpg\",\"width\":1500,\"height\":1500},{\"@type\":\"BreadcrumbList\",\"@id\":\"https:\/\/bitcoinvn.io\/shop-2\/vi\/product\/microusb-for-ledger-nano-s-and-trezor-one\/#breadcrumb\",\"itemListElement\":[{\"@type\":\"ListItem\",\"position\":1,\"name\":\"Home\",\"item\":\"https:\/\/bitcoinvn.io\/shop-2\/store\/\"},{\"@type\":\"ListItem\",\"position\":2,\"name\":\"Shop\",\"item\":\"https:\/\/bitcoinvn.io\/shop-2\/shop\/\"},{\"@type\":\"ListItem\",\"position\":3,\"name\":\"MicroUSB (d\u00e0nh cho v\u00ed Ledger Nano S v\u00e0 Trezor One)\"}]},{\"@type\":\"WebSite\",\"@id\":\"https:\/\/bitcoinvn.io\/shop-2\/#website\",\"url\":\"https:\/\/bitcoinvn.io\/shop-2\/\",\"name\":\"BitcoinVN Shop\",\"description\":\"Official Hardware Wallet Distributor in Vietnam\",\"publisher\":{\"@id\":\"https:\/\/bitcoinvn.io\/shop-2\/#organization\"},\"potentialAction\":[{\"@type\":\"SearchAction\",\"target\":{\"@type\":\"EntryPoint\",\"urlTemplate\":\"https:\/\/bitcoinvn.io\/shop-2\/?s={search_term_string}\"},\"query-input\":{\"@type\":\"PropertyValueSpecification\",\"valueRequired\":true,\"valueName\":\"search_term_string\"}}],\"inLanguage\":\"en-US\"},{\"@type\":\"Organization\",\"@id\":\"https:\/\/bitcoinvn.io\/shop-2\/#organization\",\"name\":\"BitcoinVN Shop\",\"url\":\"https:\/\/bitcoinvn.io\/shop-2\/\",\"logo\":{\"@type\":\"ImageObject\",\"inLanguage\":\"en-US\",\"@id\":\"https:\/\/bitcoinvn.io\/shop-2\/#\/schema\/logo\/image\/\",\"url\":\"https:\/\/bitcoinvn.io\/shop-2\/wp-content\/uploads\/2021\/03\/logo-bitcoinvn-shop.jpg\",\"contentUrl\":\"https:\/\/bitcoinvn.io\/shop-2\/wp-content\/uploads\/2021\/03\/logo-bitcoinvn-shop.jpg\",\"width\":1200,\"height\":675,\"caption\":\"BitcoinVN Shop\"},\"image\":{\"@id\":\"https:\/\/bitcoinvn.io\/shop-2\/#\/schema\/logo\/image\/\"},\"sameAs\":[\"https:\/\/www.facebook.com\/BitcoinVNShop\/\",\"https:\/\/x.com\/bitcoinvnshop\"]}]}<\/script>\n<!-- \/ Yoast SEO plugin. -->","yoast_head_json":{"title":"MicroUSB (d\u00e0nh cho v\u00ed Ledger Nano S v\u00e0 Trezor One) - BitcoinVN Shop","description":"MicroUSB k\u1ebft n\u1ed1i v\u00ed c\u1ee9ng Trezor & Ledger \u0111\u00e3 c\u00f3 m\u1eb7t t\u1ea1i BitcoinVN Shop - shop ph\u1ee5 ki\u1ec7n ti\u1ec1n \u0111i\u1ec7n t\u1eed ch\u00ednh h\u00e3ng t\u1ea1i Vi\u1ec7t Nam. B\u1ea3o h\u00e0nh d\u00e0i h\u1ea1n, xem ngay!","robots":{"index":"index","follow":"follow","max-snippet":"max-snippet:-1","max-image-preview":"max-image-preview:large","max-video-preview":"max-video-preview:-1"},"canonical":"https:\/\/bitcoinvn.io\/shop-2\/vi\/product\/microusb-for-ledger-nano-s-and-trezor-one\/","og_locale":"en_US","og_type":"article","og_title":"MicroUSB (d\u00e0nh cho v\u00ed Ledger Nano S v\u00e0 Trezor One) - BitcoinVN Shop","og_description":"MicroUSB k\u1ebft n\u1ed1i v\u00ed c\u1ee9ng Trezor & Ledger \u0111\u00e3 c\u00f3 m\u1eb7t t\u1ea1i BitcoinVN Shop - shop ph\u1ee5 ki\u1ec7n ti\u1ec1n \u0111i\u1ec7n t\u1eed ch\u00ednh h\u00e3ng t\u1ea1i Vi\u1ec7t Nam. B\u1ea3o h\u00e0nh d\u00e0i h\u1ea1n, xem ngay!","og_url":"https:\/\/bitcoinvn.io\/shop-2\/vi\/product\/microusb-for-ledger-nano-s-and-trezor-one\/","og_site_name":"BitcoinVN Shop","article_publisher":"https:\/\/www.facebook.com\/BitcoinVNShop\/","article_modified_time":"2025-06-11T00:45:25+00:00","og_image":[{"width":1500,"height":1500,"url":"https:\/\/bitcoinvn.io\/shop-2\/wp-content\/uploads\/2023\/07\/microusb.jpg","type":"image\/jpeg"}],"twitter_card":"summary_large_image","twitter_site":"@bitcoinvnshop","twitter_misc":{"Est. reading time":"1 minute"},"schema":{"@context":"https:\/\/schema.org","@graph":[{"@type":"WebPage","@id":"https:\/\/bitcoinvn.io\/shop-2\/vi\/product\/microusb-for-ledger-nano-s-and-trezor-one\/","url":"https:\/\/bitcoinvn.io\/shop-2\/vi\/product\/microusb-for-ledger-nano-s-and-trezor-one\/","name":"MicroUSB (d\u00e0nh cho v\u00ed Ledger Nano S v\u00e0 Trezor One) - BitcoinVN Shop","isPartOf":{"@id":"https:\/\/bitcoinvn.io\/shop-2\/#website"},"primaryImageOfPage":{"@id":"https:\/\/bitcoinvn.io\/shop-2\/vi\/product\/microusb-for-ledger-nano-s-and-trezor-one\/#primaryimage"},"image":{"@id":"https:\/\/bitcoinvn.io\/shop-2\/vi\/product\/microusb-for-ledger-nano-s-and-trezor-one\/#primaryimage"},"thumbnailUrl":"https:\/\/bitcoinvn.io\/shop-2\/wp-content\/uploads\/2023\/07\/microusb.jpg","datePublished":"2023-07-11T03:16:19+00:00","dateModified":"2025-06-11T00:45:25+00:00","description":"MicroUSB k\u1ebft n\u1ed1i v\u00ed c\u1ee9ng Trezor & Ledger \u0111\u00e3 c\u00f3 m\u1eb7t t\u1ea1i BitcoinVN Shop - shop ph\u1ee5 ki\u1ec7n ti\u1ec1n \u0111i\u1ec7n t\u1eed ch\u00ednh h\u00e3ng t\u1ea1i Vi\u1ec7t Nam. B\u1ea3o h\u00e0nh d\u00e0i h\u1ea1n, xem ngay!","breadcrumb":{"@id":"https:\/\/bitcoinvn.io\/shop-2\/vi\/product\/microusb-for-ledger-nano-s-and-trezor-one\/#breadcrumb"},"inLanguage":"en-US","potentialAction":[{"@type":"ReadAction","target":["https:\/\/bitcoinvn.io\/shop-2\/vi\/product\/microusb-for-ledger-nano-s-and-trezor-one\/"]}]},{"@type":"ImageObject","inLanguage":"en-US","@id":"https:\/\/bitcoinvn.io\/shop-2\/vi\/product\/microusb-for-ledger-nano-s-and-trezor-one\/#primaryimage","url":"https:\/\/bitcoinvn.io\/shop-2\/wp-content\/uploads\/2023\/07\/microusb.jpg","contentUrl":"https:\/\/bitcoinvn.io\/shop-2\/wp-content\/uploads\/2023\/07\/microusb.jpg","width":1500,"height":1500},{"@type":"BreadcrumbList","@id":"https:\/\/bitcoinvn.io\/shop-2\/vi\/product\/microusb-for-ledger-nano-s-and-trezor-one\/#breadcrumb","itemListElement":[{"@type":"ListItem","position":1,"name":"Home","item":"https:\/\/bitcoinvn.io\/shop-2\/store\/"},{"@type":"ListItem","position":2,"name":"Shop","item":"https:\/\/bitcoinvn.io\/shop-2\/shop\/"},{"@type":"ListItem","position":3,"name":"MicroUSB (d\u00e0nh cho v\u00ed Ledger Nano S v\u00e0 Trezor One)"}]},{"@type":"WebSite","@id":"https:\/\/bitcoinvn.io\/shop-2\/#website","url":"https:\/\/bitcoinvn.io\/shop-2\/","name":"BitcoinVN Shop","description":"Official Hardware Wallet Distributor in Vietnam","publisher":{"@id":"https:\/\/bitcoinvn.io\/shop-2\/#organization"},"potentialAction":[{"@type":"SearchAction","target":{"@type":"EntryPoint","urlTemplate":"https:\/\/bitcoinvn.io\/shop-2\/?s={search_term_string}"},"query-input":{"@type":"PropertyValueSpecification","valueRequired":true,"valueName":"search_term_string"}}],"inLanguage":"en-US"},{"@type":"Organization","@id":"https:\/\/bitcoinvn.io\/shop-2\/#organization","name":"BitcoinVN Shop","url":"https:\/\/bitcoinvn.io\/shop-2\/","logo":{"@type":"ImageObject","inLanguage":"en-US","@id":"https:\/\/bitcoinvn.io\/shop-2\/#\/schema\/logo\/image\/","url":"https:\/\/bitcoinvn.io\/shop-2\/wp-content\/uploads\/2021\/03\/logo-bitcoinvn-shop.jpg","contentUrl":"https:\/\/bitcoinvn.io\/shop-2\/wp-content\/uploads\/2021\/03\/logo-bitcoinvn-shop.jpg","width":1200,"height":675,"caption":"BitcoinVN Shop"},"image":{"@id":"https:\/\/bitcoinvn.io\/shop-2\/#\/schema\/logo\/image\/"},"sameAs":["https:\/\/www.facebook.com\/BitcoinVNShop\/","https:\/\/x.com\/bitcoinvnshop"]}]}},"lang":"vi","translations":{"vi":4523,"en":4478,"ru":6897},"pll_sync_post":[],"_links":{"self":[{"href":"https:\/\/bitcoinvn.io\/shop-2\/wp-json\/wp\/v2\/product\/4523","targetHints":{"allow":["GET"]}}],"collection":[{"href":"https:\/\/bitcoinvn.io\/shop-2\/wp-json\/wp\/v2\/product"}],"about":[{"href":"https:\/\/bitcoinvn.io\/shop-2\/wp-json\/wp\/v2\/types\/product"}],"replies":[{"embeddable":true,"href":"https:\/\/bitcoinvn.io\/shop-2\/wp-json\/wp\/v2\/comments?post=4523"}],"wp:featuredmedia":[{"embeddable":true,"href":"https:\/\/bitcoinvn.io\/shop-2\/wp-json\/wp\/v2\/media\/5636"}],"wp:attachment":[{"href":"https:\/\/bitcoinvn.io\/shop-2\/wp-json\/wp\/v2\/media?parent=4523"}],"wp:term":[{"taxonomy":"product_brand","embeddable":true,"href":"https:\/\/bitcoinvn.io\/shop-2\/wp-json\/wp\/v2\/product_brand?post=4523"},{"taxonomy":"product_cat","embeddable":true,"href":"https:\/\/bitcoinvn.io\/shop-2\/wp-json\/wp\/v2\/product_cat?post=4523"},{"taxonomy":"product_tag","embeddable":true,"href":"https:\/\/bitcoinvn.io\/shop-2\/wp-json\/wp\/v2\/product_tag?post=4523"}],"curies":[{"name":"wp","href":"https:\/\/api.w.org\/{rel}","templated":true}]}}