{"id":3530,"date":"2022-08-08T14:11:40","date_gmt":"2022-08-08T07:11:40","guid":{"rendered":"https:\/\/bitcoinvn.io\/shop-2\/?post_type=product&#038;p=3530"},"modified":"2025-06-11T07:47:10","modified_gmt":"2025-06-11T00:47:10","slug":"bitcoin-t-shirt-black","status":"publish","type":"product","link":"https:\/\/bitcoinvn.io\/shop-2\/vi\/product\/bitcoin-t-shirt-black\/","title":{"rendered":"\u00c1o thun Bitcoin m\u00e0u \u0111en"},"content":{"rendered":"<p>\u00c1o thun Bitcoin th\u1eddi trang m\u00e0u \u0111en v\u1edbi ch\u1ea5t li\u1ec7u 100% cotton si\u00eau tho\u00e1ng m\u00e1t.<\/p>\n<p>Thi\u1ebft k\u1ebf s\u00e0nh \u0111i\u1ec7u, ph\u00f9 h\u1ee3p cho c\u1ea3 nam v\u00e0 n\u1eef.<\/p>\n<p>S\u1ea3n ph\u1ea9m ch\u00ednh h\u00e3ng do BitcoinVN cung c\u1ea5p.<\/p>\n","protected":false},"excerpt":{"rendered":"<ul>\n<li>BitcoinVN cho ra \u0111\u1eddi d\u00f2ng \u00c1o thun th\u1eddi trang d\u00e0nh cho Crypto, .. Sau bao l\u1ea7n thay \u0111\u1ed5i, ch\u1ec9nh s\u1eeda BitcoinVN cho ra m\u1eaft m\u1eabu \u00c1o thun logo Bitcoin cao c\u1ea5p nh\u01b0 h\u00e0ng xu\u1ea5t kh\u1ea9u\n<ul>\n<li>\u00c1o thun th\u1eddi trang BitcoinVN: Th\u1eddi trang c\u00e1 t\u00ednh, ph\u00f9 h\u1ee3p cho c\u1ea3 nam v\u00e0 n\u1eef, phong c\u00e1ch H\u00e0n qu\u1ed1c tr\u1ebb trung, hi\u1ec7n \u0111\u1ea1i.<\/li>\n<li>Thi\u1ebft k\u1ebf \u0111\u1ed9c quy\u1ec1n: Thi\u1ebft k\u1ebf th\u1eddi trang ch\u1ec9 c\u00f3 DUY NH\u1ea4T t\u1ea1i BitcoinVN, chu\u00e2\u0309n form, \u0111\u01b0\u01a1\u0300ng may s\u0103\u0301c xa\u0309o. H\u00ecnh in logo Bitcoin \u0111\u1ed9c, l\u1ea1 c\u00e1 t\u00ednh, kh\u00f4ng \u0111\u1ee5ng h\u00e0ng, t\u1ea1o n\u00ean phong c\u00e1ch ri\u00eang c\u1ee7a ch\u00ednh b\u1ea1n.<\/li>\n<li>Ch\u1ea5t li\u1ec7u cao c\u1ea5p: V\u1edbi ch\u1ea5t li\u1ec7u v\u1ea3i 100% cotton m\u1eb7c m\u00e1t m\u1ebb, co gi\u00e3n t\u1ed1t, th\u00e2\u0301m hu\u0301t m\u00f4\u0300 h\u00f4i gi\u00fap b\u1ea1n tho\u1ea3i m\u00e1i khi m\u1eb7c.<\/li>\n<li>In cao c\u1ea5p hi\u1ec7n nay: v\u1edbi m\u00e1y in cao c\u1ea5p H\u1ecda ti\u1ebft r\u00f5 n\u00e9t, gi\u1eb7t kh\u00f4ng phai, kh\u00f4ng lem m\u00e0u, kh\u00f4ng h\u1ea1i s\u1ee9c kh\u1ecfe, tuy\u1ec7t \u0111\u1ed1i an to\u00e0n.<\/li>\n<li>Ph\u00f9 h\u1ee3p, \u00e1o \u0111\u00f4i, qu\u00e0 t\u1eb7ng, th\u1eddi trang: D\u1ec5 d\u00e0ng ph\u1ed1i trang ph\u1ee5c nam n\u1eef, d\u1ec5 d\u00e0ng l\u00e0m \u00e1o \u0111\u00f4i, \u00e1o gia \u0111\u00ecnh, h\u1ed9i l\u1edbp, \u00e1o nh\u00f3m, team building hay qu\u00e0 t\u1eb7ng b\u1ea1n th\u00e2n, ng\u01b0\u1eddi y\u00eau, crush trong c\u00e1c d\u1ecbp christmass, gift, gi\u00e1ng sinh, valentine, halloween, 8\/3, 20\/10, 20\/11, l\u1ec5 t\u00ecnh nh\u00e2n 14\/2, h\u1ed9i nh\u00f3m &#8230;..vv.<\/li>\n<li>Cam k\u1ebft b\u1ea3o h\u00e0nh 1 \u0111\u1ed5i 1: Cung c\u1ea5p cho m\u1ed7i kh\u00e1ch h\u00e0ng nh\u1eefng s\u1ea3n ph\u1ea9m v\u00e0 d\u1ecbch v\u1ee5 t\u1ed1t nh\u1ea5t l\u00e0 s\u1ee9 m\u1ec7nh c\u1ee7a ch\u00fang t\u00f4i.<\/li>\n<\/ul>\n<p>N\u1ebfu b\u1ea1n g\u1eb7p b\u1ea5t k\u1ef3 v\u1ea5n \u0111\u1ec1 n\u00e0o, h\u00e3y g\u1eedi tin nh\u1eafn \u0111\u1ec3 BitcoinVN \u0111\u01b0a ra cho b\u1ea1n h\u1ed7 tr\u1ee3 nhanh nh\u1ea5t. Nh\u1ea5p th\u00eam v\u00e0o gi\u1ecf h\u00e0ng v\u00e0 tr\u1ea3i nghi\u1ec7m th\u00eam m\u1eabu \u00e1o thun, hot, \u0111\u1eb9p v\u1edbi gi\u00e1 c\u1ef1c c\u1ea1nh tranh t\u1eeb shop! BitcoinVN chuy\u00ean cung c\u1ea5p \u00e1o thun v\u1edbi s\u1ed1 l\u01b0\u1ee3ng v\u00e0 thi\u1ebft k\u1ebf theo nhu c\u1ea7u kh\u00e1ch h\u00e0ng.<\/li>\n<\/ul>\n","protected":false},"featured_media":3501,"comment_status":"open","ping_status":"closed","template":"","meta":[],"product_brand":[],"product_cat":[331],"product_tag":[],"class_list":{"0":"post-3530","1":"product","2":"type-product","3":"status-publish","4":"has-post-thumbnail","6":"product_cat-gear","8":"first","9":"instock","10":"sale","11":"taxable","12":"shipping-taxable","13":"purchasable","14":"product-type-variable"},"yoast_head":"<!-- This site is optimized with the Yoast SEO plugin v27.2 - https:\/\/yoast.com\/product\/yoast-seo-wordpress\/ -->\n<title>\u00c1o thun Bitcoin T-Shirt th\u1eddi trang, 100% cotton<\/title>\n<meta name=\"description\" content=\"Mua ngay \u00e1o Bitcoin (Bitcoin T-Shirt) c\u1ef1c s\u00e0nh \u0111i\u1ec7u, ch\u1ea5t li\u1ec7u cotton tho\u00e1ng m\u00e1t. Bitcoin VN giao h\u00e0ng nhanh ch\u00f3ng to\u00e0n qu\u1ed1c.\" \/>\n<meta name=\"robots\" content=\"index, follow, max-snippet:-1, max-image-preview:large, max-video-preview:-1\" \/>\n<link rel=\"canonical\" href=\"https:\/\/bitcoinvn.io\/shop-2\/vi\/product\/bitcoin-t-shirt-black\/\" \/>\n<meta property=\"og:locale\" content=\"en_US\" \/>\n<meta property=\"og:type\" content=\"article\" \/>\n<meta property=\"og:title\" content=\"\u00c1o thun Bitcoin T-Shirt th\u1eddi trang, 100% cotton\" \/>\n<meta property=\"og:description\" content=\"Mua ngay \u00e1o Bitcoin (Bitcoin T-Shirt) c\u1ef1c s\u00e0nh \u0111i\u1ec7u, ch\u1ea5t li\u1ec7u cotton tho\u00e1ng m\u00e1t. Bitcoin VN giao h\u00e0ng nhanh ch\u00f3ng to\u00e0n qu\u1ed1c.\" \/>\n<meta property=\"og:url\" content=\"https:\/\/bitcoinvn.io\/shop-2\/vi\/product\/bitcoin-t-shirt-black\/\" \/>\n<meta property=\"og:site_name\" content=\"BitcoinVN Shop\" \/>\n<meta property=\"article:publisher\" content=\"https:\/\/www.facebook.com\/BitcoinVNShop\/\" \/>\n<meta property=\"article:modified_time\" content=\"2025-06-11T00:47:10+00:00\" \/>\n<meta property=\"og:image\" content=\"https:\/\/bitcoinvn.io\/shop-2\/wp-content\/uploads\/2022\/08\/ao-thun-1.jpg\" \/>\n\t<meta property=\"og:image:width\" content=\"873\" \/>\n\t<meta property=\"og:image:height\" content=\"944\" \/>\n\t<meta property=\"og:image:type\" content=\"image\/jpeg\" \/>\n<meta name=\"twitter:card\" content=\"summary_large_image\" \/>\n<meta name=\"twitter:site\" content=\"@bitcoinvnshop\" \/>\n<meta name=\"twitter:label1\" content=\"Est. reading time\" \/>\n\t<meta name=\"twitter:data1\" content=\"1 minute\" \/>\n<script type=\"application\/ld+json\" class=\"yoast-schema-graph\">{\"@context\":\"https:\/\/schema.org\",\"@graph\":[{\"@type\":\"WebPage\",\"@id\":\"https:\/\/bitcoinvn.io\/shop-2\/vi\/product\/bitcoin-t-shirt-black\/\",\"url\":\"https:\/\/bitcoinvn.io\/shop-2\/vi\/product\/bitcoin-t-shirt-black\/\",\"name\":\"\u00c1o thun Bitcoin T-Shirt th\u1eddi trang, 100% cotton\",\"isPartOf\":{\"@id\":\"https:\/\/bitcoinvn.io\/shop-2\/#website\"},\"primaryImageOfPage\":{\"@id\":\"https:\/\/bitcoinvn.io\/shop-2\/vi\/product\/bitcoin-t-shirt-black\/#primaryimage\"},\"image\":{\"@id\":\"https:\/\/bitcoinvn.io\/shop-2\/vi\/product\/bitcoin-t-shirt-black\/#primaryimage\"},\"thumbnailUrl\":\"https:\/\/bitcoinvn.io\/shop-2\/wp-content\/uploads\/2022\/08\/ao-thun-1.jpg\",\"datePublished\":\"2022-08-08T07:11:40+00:00\",\"dateModified\":\"2025-06-11T00:47:10+00:00\",\"description\":\"Mua ngay \u00e1o Bitcoin (Bitcoin T-Shirt) c\u1ef1c s\u00e0nh \u0111i\u1ec7u, ch\u1ea5t li\u1ec7u cotton tho\u00e1ng m\u00e1t. Bitcoin VN giao h\u00e0ng nhanh ch\u00f3ng to\u00e0n qu\u1ed1c.\",\"breadcrumb\":{\"@id\":\"https:\/\/bitcoinvn.io\/shop-2\/vi\/product\/bitcoin-t-shirt-black\/#breadcrumb\"},\"inLanguage\":\"en-US\",\"potentialAction\":[{\"@type\":\"ReadAction\",\"target\":[\"https:\/\/bitcoinvn.io\/shop-2\/vi\/product\/bitcoin-t-shirt-black\/\"]}]},{\"@type\":\"ImageObject\",\"inLanguage\":\"en-US\",\"@id\":\"https:\/\/bitcoinvn.io\/shop-2\/vi\/product\/bitcoin-t-shirt-black\/#primaryimage\",\"url\":\"https:\/\/bitcoinvn.io\/shop-2\/wp-content\/uploads\/2022\/08\/ao-thun-1.jpg\",\"contentUrl\":\"https:\/\/bitcoinvn.io\/shop-2\/wp-content\/uploads\/2022\/08\/ao-thun-1.jpg\",\"width\":873,\"height\":944},{\"@type\":\"BreadcrumbList\",\"@id\":\"https:\/\/bitcoinvn.io\/shop-2\/vi\/product\/bitcoin-t-shirt-black\/#breadcrumb\",\"itemListElement\":[{\"@type\":\"ListItem\",\"position\":1,\"name\":\"Home\",\"item\":\"https:\/\/bitcoinvn.io\/shop-2\/store\/\"},{\"@type\":\"ListItem\",\"position\":2,\"name\":\"Shop\",\"item\":\"https:\/\/bitcoinvn.io\/shop-2\/shop\/\"},{\"@type\":\"ListItem\",\"position\":3,\"name\":\"\u00c1o thun Bitcoin m\u00e0u \u0111en\"}]},{\"@type\":\"WebSite\",\"@id\":\"https:\/\/bitcoinvn.io\/shop-2\/#website\",\"url\":\"https:\/\/bitcoinvn.io\/shop-2\/\",\"name\":\"BitcoinVN Shop\",\"description\":\"Official Hardware Wallet Distributor in Vietnam\",\"publisher\":{\"@id\":\"https:\/\/bitcoinvn.io\/shop-2\/#organization\"},\"potentialAction\":[{\"@type\":\"SearchAction\",\"target\":{\"@type\":\"EntryPoint\",\"urlTemplate\":\"https:\/\/bitcoinvn.io\/shop-2\/?s={search_term_string}\"},\"query-input\":{\"@type\":\"PropertyValueSpecification\",\"valueRequired\":true,\"valueName\":\"search_term_string\"}}],\"inLanguage\":\"en-US\"},{\"@type\":\"Organization\",\"@id\":\"https:\/\/bitcoinvn.io\/shop-2\/#organization\",\"name\":\"BitcoinVN Shop\",\"url\":\"https:\/\/bitcoinvn.io\/shop-2\/\",\"logo\":{\"@type\":\"ImageObject\",\"inLanguage\":\"en-US\",\"@id\":\"https:\/\/bitcoinvn.io\/shop-2\/#\/schema\/logo\/image\/\",\"url\":\"https:\/\/bitcoinvn.io\/shop-2\/wp-content\/uploads\/2021\/03\/logo-bitcoinvn-shop.jpg\",\"contentUrl\":\"https:\/\/bitcoinvn.io\/shop-2\/wp-content\/uploads\/2021\/03\/logo-bitcoinvn-shop.jpg\",\"width\":1200,\"height\":675,\"caption\":\"BitcoinVN Shop\"},\"image\":{\"@id\":\"https:\/\/bitcoinvn.io\/shop-2\/#\/schema\/logo\/image\/\"},\"sameAs\":[\"https:\/\/www.facebook.com\/BitcoinVNShop\/\",\"https:\/\/x.com\/bitcoinvnshop\"]}]}<\/script>\n<!-- \/ Yoast SEO plugin. -->","yoast_head_json":{"title":"\u00c1o thun Bitcoin T-Shirt th\u1eddi trang, 100% cotton","description":"Mua ngay \u00e1o Bitcoin (Bitcoin T-Shirt) c\u1ef1c s\u00e0nh \u0111i\u1ec7u, ch\u1ea5t li\u1ec7u cotton tho\u00e1ng m\u00e1t. Bitcoin VN giao h\u00e0ng nhanh ch\u00f3ng to\u00e0n qu\u1ed1c.","robots":{"index":"index","follow":"follow","max-snippet":"max-snippet:-1","max-image-preview":"max-image-preview:large","max-video-preview":"max-video-preview:-1"},"canonical":"https:\/\/bitcoinvn.io\/shop-2\/vi\/product\/bitcoin-t-shirt-black\/","og_locale":"en_US","og_type":"article","og_title":"\u00c1o thun Bitcoin T-Shirt th\u1eddi trang, 100% cotton","og_description":"Mua ngay \u00e1o Bitcoin (Bitcoin T-Shirt) c\u1ef1c s\u00e0nh \u0111i\u1ec7u, ch\u1ea5t li\u1ec7u cotton tho\u00e1ng m\u00e1t. Bitcoin VN giao h\u00e0ng nhanh ch\u00f3ng to\u00e0n qu\u1ed1c.","og_url":"https:\/\/bitcoinvn.io\/shop-2\/vi\/product\/bitcoin-t-shirt-black\/","og_site_name":"BitcoinVN Shop","article_publisher":"https:\/\/www.facebook.com\/BitcoinVNShop\/","article_modified_time":"2025-06-11T00:47:10+00:00","og_image":[{"width":873,"height":944,"url":"https:\/\/bitcoinvn.io\/shop-2\/wp-content\/uploads\/2022\/08\/ao-thun-1.jpg","type":"image\/jpeg"}],"twitter_card":"summary_large_image","twitter_site":"@bitcoinvnshop","twitter_misc":{"Est. reading time":"1 minute"},"schema":{"@context":"https:\/\/schema.org","@graph":[{"@type":"WebPage","@id":"https:\/\/bitcoinvn.io\/shop-2\/vi\/product\/bitcoin-t-shirt-black\/","url":"https:\/\/bitcoinvn.io\/shop-2\/vi\/product\/bitcoin-t-shirt-black\/","name":"\u00c1o thun Bitcoin T-Shirt th\u1eddi trang, 100% cotton","isPartOf":{"@id":"https:\/\/bitcoinvn.io\/shop-2\/#website"},"primaryImageOfPage":{"@id":"https:\/\/bitcoinvn.io\/shop-2\/vi\/product\/bitcoin-t-shirt-black\/#primaryimage"},"image":{"@id":"https:\/\/bitcoinvn.io\/shop-2\/vi\/product\/bitcoin-t-shirt-black\/#primaryimage"},"thumbnailUrl":"https:\/\/bitcoinvn.io\/shop-2\/wp-content\/uploads\/2022\/08\/ao-thun-1.jpg","datePublished":"2022-08-08T07:11:40+00:00","dateModified":"2025-06-11T00:47:10+00:00","description":"Mua ngay \u00e1o Bitcoin (Bitcoin T-Shirt) c\u1ef1c s\u00e0nh \u0111i\u1ec7u, ch\u1ea5t li\u1ec7u cotton tho\u00e1ng m\u00e1t. Bitcoin VN giao h\u00e0ng nhanh ch\u00f3ng to\u00e0n qu\u1ed1c.","breadcrumb":{"@id":"https:\/\/bitcoinvn.io\/shop-2\/vi\/product\/bitcoin-t-shirt-black\/#breadcrumb"},"inLanguage":"en-US","potentialAction":[{"@type":"ReadAction","target":["https:\/\/bitcoinvn.io\/shop-2\/vi\/product\/bitcoin-t-shirt-black\/"]}]},{"@type":"ImageObject","inLanguage":"en-US","@id":"https:\/\/bitcoinvn.io\/shop-2\/vi\/product\/bitcoin-t-shirt-black\/#primaryimage","url":"https:\/\/bitcoinvn.io\/shop-2\/wp-content\/uploads\/2022\/08\/ao-thun-1.jpg","contentUrl":"https:\/\/bitcoinvn.io\/shop-2\/wp-content\/uploads\/2022\/08\/ao-thun-1.jpg","width":873,"height":944},{"@type":"BreadcrumbList","@id":"https:\/\/bitcoinvn.io\/shop-2\/vi\/product\/bitcoin-t-shirt-black\/#breadcrumb","itemListElement":[{"@type":"ListItem","position":1,"name":"Home","item":"https:\/\/bitcoinvn.io\/shop-2\/store\/"},{"@type":"ListItem","position":2,"name":"Shop","item":"https:\/\/bitcoinvn.io\/shop-2\/shop\/"},{"@type":"ListItem","position":3,"name":"\u00c1o thun Bitcoin m\u00e0u \u0111en"}]},{"@type":"WebSite","@id":"https:\/\/bitcoinvn.io\/shop-2\/#website","url":"https:\/\/bitcoinvn.io\/shop-2\/","name":"BitcoinVN Shop","description":"Official Hardware Wallet Distributor in Vietnam","publisher":{"@id":"https:\/\/bitcoinvn.io\/shop-2\/#organization"},"potentialAction":[{"@type":"SearchAction","target":{"@type":"EntryPoint","urlTemplate":"https:\/\/bitcoinvn.io\/shop-2\/?s={search_term_string}"},"query-input":{"@type":"PropertyValueSpecification","valueRequired":true,"valueName":"search_term_string"}}],"inLanguage":"en-US"},{"@type":"Organization","@id":"https:\/\/bitcoinvn.io\/shop-2\/#organization","name":"BitcoinVN Shop","url":"https:\/\/bitcoinvn.io\/shop-2\/","logo":{"@type":"ImageObject","inLanguage":"en-US","@id":"https:\/\/bitcoinvn.io\/shop-2\/#\/schema\/logo\/image\/","url":"https:\/\/bitcoinvn.io\/shop-2\/wp-content\/uploads\/2021\/03\/logo-bitcoinvn-shop.jpg","contentUrl":"https:\/\/bitcoinvn.io\/shop-2\/wp-content\/uploads\/2021\/03\/logo-bitcoinvn-shop.jpg","width":1200,"height":675,"caption":"BitcoinVN Shop"},"image":{"@id":"https:\/\/bitcoinvn.io\/shop-2\/#\/schema\/logo\/image\/"},"sameAs":["https:\/\/www.facebook.com\/BitcoinVNShop\/","https:\/\/x.com\/bitcoinvnshop"]}]}},"lang":"vi","translations":{"vi":3530},"pll_sync_post":[],"_links":{"self":[{"href":"https:\/\/bitcoinvn.io\/shop-2\/wp-json\/wp\/v2\/product\/3530","targetHints":{"allow":["GET"]}}],"collection":[{"href":"https:\/\/bitcoinvn.io\/shop-2\/wp-json\/wp\/v2\/product"}],"about":[{"href":"https:\/\/bitcoinvn.io\/shop-2\/wp-json\/wp\/v2\/types\/product"}],"replies":[{"embeddable":true,"href":"https:\/\/bitcoinvn.io\/shop-2\/wp-json\/wp\/v2\/comments?post=3530"}],"wp:featuredmedia":[{"embeddable":true,"href":"https:\/\/bitcoinvn.io\/shop-2\/wp-json\/wp\/v2\/media\/3501"}],"wp:attachment":[{"href":"https:\/\/bitcoinvn.io\/shop-2\/wp-json\/wp\/v2\/media?parent=3530"}],"wp:term":[{"taxonomy":"product_brand","embeddable":true,"href":"https:\/\/bitcoinvn.io\/shop-2\/wp-json\/wp\/v2\/product_brand?post=3530"},{"taxonomy":"product_cat","embeddable":true,"href":"https:\/\/bitcoinvn.io\/shop-2\/wp-json\/wp\/v2\/product_cat?post=3530"},{"taxonomy":"product_tag","embeddable":true,"href":"https:\/\/bitcoinvn.io\/shop-2\/wp-json\/wp\/v2\/product_tag?post=3530"}],"curies":[{"name":"wp","href":"https:\/\/api.w.org\/{rel}","templated":true}]}}