{"id":3521,"date":"2022-08-08T12:51:59","date_gmt":"2022-08-08T05:51:59","guid":{"rendered":"https:\/\/bitcoinvn.io\/shop-2\/product\/bitcoin-cap-black\/"},"modified":"2025-06-11T07:47:15","modified_gmt":"2025-06-11T00:47:15","slug":"bitcoin-cap-black","status":"publish","type":"product","link":"https:\/\/bitcoinvn.io\/shop-2\/vi\/product\/bitcoin-cap-black\/","title":{"rendered":"N\u00f3n Bitcoin m\u00e0u \u0111en"},"content":{"rendered":"<p>BitcoinVN cho ra \u0111\u1eddi d\u00f2ng m\u0169 n\u00f3n d\u00e0nh cho Crypto, .. Sau bao l\u1ea7n thay \u0111\u1ed5i, ch\u1ec9nh s\u1eeda BitcoinVN cho ra m\u1eaft m\u1eabu n\u00f3n logo Bitcoin cao c\u1ea5p nh\u01b0 h\u00e0ng xu\u1ea5t kh\u1ea9u.<\/p>\n<p>*Ch\u1ea5t li\u1ec7u v\u1ea3i kaki cotton d\u00e0y d\u1eb7n, c\u1ea7m chi\u1ebfc m\u0169 \u0111\u00e3 th\u1ea5y \u0111\u1ea7m tay. T\u1eebng \u0111\u01b0\u1eddng kim, m\u0169i ch\u1ec9 v\u00e0 Kh\u00f3a kim lo\u1ea1i x\u1ecf khoen inox d\u1ec5 d\u00e0ng n\u1edbi l\u1ecfng, thu g\u1ecdn. \u0111\u1ec1u \u0111\u01b0\u1ee3c BitcoinVN l\u00e0m m\u1ed9t c\u00e1ch ch\u1ec9nh chu nh\u1ea5t.<\/p>\n<p>*Form m\u0169 c\u1ee9ng c\u00e1p, \u0111\u1eb7c bi\u1ec7t r\u1ea5t \u00f4m \u0111\u1ea7u v\u00e0 ph\u00f9 h\u1ee3p v\u1edbi \u0111a s\u1ed1 ng\u01b0\u1eddi Vi\u1ec7t Nam!<\/p>\n<p>* Ch\u1ea5t li\u1ec7u th\u00eau: Logo th\u00eau cao\u00a0 c\u1ea5p 3D<\/p>\n","protected":false},"excerpt":{"rendered":"<p>BitcoinVN cho ra \u0111\u1eddi d\u00f2ng m\u0169 n\u00f3n d\u00e0nh cho Crypto, .. Sau bao l\u1ea7n thay \u0111\u1ed5i, ch\u1ec9nh s\u1eeda BitcoinVN cho ra m\u1eaft m\u1eabu n\u00f3n logo Bitcoin cao c\u1ea5p nh\u01b0 h\u00e0ng xu\u1ea5t kh\u1ea9u.<\/p>\n<p>*Ch\u1ea5t li\u1ec7u v\u1ea3i kaki cotton d\u00e0y d\u1eb7n, c\u1ea7m chi\u1ebfc m\u0169 \u0111\u00e3 th\u1ea5y \u0111\u1ea7m tay. T\u1eebng \u0111\u01b0\u1eddng kim, m\u0169i ch\u1ec9 v\u00e0 Kh\u00f3a kim lo\u1ea1i x\u1ecf khoen inox d\u1ec5 d\u00e0ng n\u1edbi l\u1ecfng, thu g\u1ecdn \u0111\u1ec1u \u0111\u01b0\u1ee3c BitcoinVN l\u00e0m m\u1ed9t c\u00e1ch ch\u1ec9nh chu nh\u1ea5t.<\/p>\n<p>*Form m\u0169 c\u1ee9ng c\u00e1p, \u0111\u1eb7c bi\u1ec7t r\u1ea5t \u00f4m \u0111\u1ea7u. ph\u00f9 h\u1ee3p v\u1edbi \u0111a s\u1ed1 ng\u01b0\u1eddi Vi\u1ec7t Nam!<\/p>\n<p>* Ch\u1ea5t li\u1ec7u th\u00eau: Logo th\u00eau cao c\u1ea5p 3D<\/p>\n","protected":false},"featured_media":3487,"comment_status":"open","ping_status":"closed","template":"","meta":[],"product_brand":[],"product_cat":[331],"product_tag":[],"class_list":{"0":"post-3521","1":"product","2":"type-product","3":"status-publish","4":"has-post-thumbnail","6":"product_cat-gear","8":"first","9":"instock","10":"taxable","11":"shipping-taxable","12":"purchasable","13":"product-type-simple"},"yoast_head":"<!-- This site is optimized with the Yoast SEO plugin v27.2 - https:\/\/yoast.com\/product\/yoast-seo-wordpress\/ -->\n<title>N\u00f3n bitcoin m\u00e0u \u0111en s\u00e0nh \u0111i\u1ec7u, c\u00e1 t\u00ednh, kh\u00f4ng bao gi\u1edd l\u1ed7i m\u1ed1t<\/title>\n<meta name=\"description\" content=\"N\u00f3n Bitcoin - Bitcoin Cap d\u00e0nh cho ng\u01b0\u1eddi y\u00eau th\u00edch Bitcoin! Mua ngay \u0111\u1ec3 th\u1ec3 hi\u1ec7n phong c\u00e1ch c\u1ee7a b\u1ea1n v\u00e0 nh\u1eadn h\u00e0ng nhanh ch\u00f3ng!\" \/>\n<meta name=\"robots\" content=\"index, follow, max-snippet:-1, max-image-preview:large, max-video-preview:-1\" \/>\n<link rel=\"canonical\" href=\"https:\/\/bitcoinvn.io\/shop-2\/vi\/product\/bitcoin-cap-black\/\" \/>\n<meta property=\"og:locale\" content=\"en_US\" \/>\n<meta property=\"og:type\" content=\"article\" \/>\n<meta property=\"og:title\" content=\"N\u00f3n bitcoin m\u00e0u \u0111en s\u00e0nh \u0111i\u1ec7u, c\u00e1 t\u00ednh, kh\u00f4ng bao gi\u1edd l\u1ed7i m\u1ed1t\" \/>\n<meta property=\"og:description\" content=\"N\u00f3n Bitcoin - Bitcoin Cap d\u00e0nh cho ng\u01b0\u1eddi y\u00eau th\u00edch Bitcoin! Mua ngay \u0111\u1ec3 th\u1ec3 hi\u1ec7n phong c\u00e1ch c\u1ee7a b\u1ea1n v\u00e0 nh\u1eadn h\u00e0ng nhanh ch\u00f3ng!\" \/>\n<meta property=\"og:url\" content=\"https:\/\/bitcoinvn.io\/shop-2\/vi\/product\/bitcoin-cap-black\/\" \/>\n<meta property=\"og:site_name\" content=\"BitcoinVN Shop\" \/>\n<meta property=\"article:publisher\" content=\"https:\/\/www.facebook.com\/BitcoinVNShop\/\" \/>\n<meta property=\"article:modified_time\" content=\"2025-06-11T00:47:15+00:00\" \/>\n<meta property=\"og:image\" content=\"https:\/\/bitcoinvn.io\/shop-2\/wp-content\/uploads\/2022\/08\/non3.jpg\" \/>\n\t<meta property=\"og:image:width\" content=\"896\" \/>\n\t<meta property=\"og:image:height\" content=\"874\" \/>\n\t<meta property=\"og:image:type\" content=\"image\/jpeg\" \/>\n<meta name=\"twitter:card\" content=\"summary_large_image\" \/>\n<meta name=\"twitter:site\" content=\"@bitcoinvnshop\" \/>\n<meta name=\"twitter:label1\" content=\"Est. reading time\" \/>\n\t<meta name=\"twitter:data1\" content=\"1 minute\" \/>\n<script type=\"application\/ld+json\" class=\"yoast-schema-graph\">{\"@context\":\"https:\/\/schema.org\",\"@graph\":[{\"@type\":\"WebPage\",\"@id\":\"https:\/\/bitcoinvn.io\/shop-2\/vi\/product\/bitcoin-cap-black\/\",\"url\":\"https:\/\/bitcoinvn.io\/shop-2\/vi\/product\/bitcoin-cap-black\/\",\"name\":\"N\u00f3n bitcoin m\u00e0u \u0111en s\u00e0nh \u0111i\u1ec7u, c\u00e1 t\u00ednh, kh\u00f4ng bao gi\u1edd l\u1ed7i m\u1ed1t\",\"isPartOf\":{\"@id\":\"https:\/\/bitcoinvn.io\/shop-2\/#website\"},\"primaryImageOfPage\":{\"@id\":\"https:\/\/bitcoinvn.io\/shop-2\/vi\/product\/bitcoin-cap-black\/#primaryimage\"},\"image\":{\"@id\":\"https:\/\/bitcoinvn.io\/shop-2\/vi\/product\/bitcoin-cap-black\/#primaryimage\"},\"thumbnailUrl\":\"https:\/\/bitcoinvn.io\/shop-2\/wp-content\/uploads\/2022\/08\/non3.jpg\",\"datePublished\":\"2022-08-08T05:51:59+00:00\",\"dateModified\":\"2025-06-11T00:47:15+00:00\",\"description\":\"N\u00f3n Bitcoin - Bitcoin Cap d\u00e0nh cho ng\u01b0\u1eddi y\u00eau th\u00edch Bitcoin! Mua ngay \u0111\u1ec3 th\u1ec3 hi\u1ec7n phong c\u00e1ch c\u1ee7a b\u1ea1n v\u00e0 nh\u1eadn h\u00e0ng nhanh ch\u00f3ng!\",\"breadcrumb\":{\"@id\":\"https:\/\/bitcoinvn.io\/shop-2\/vi\/product\/bitcoin-cap-black\/#breadcrumb\"},\"inLanguage\":\"en-US\",\"potentialAction\":[{\"@type\":\"ReadAction\",\"target\":[\"https:\/\/bitcoinvn.io\/shop-2\/vi\/product\/bitcoin-cap-black\/\"]}]},{\"@type\":\"ImageObject\",\"inLanguage\":\"en-US\",\"@id\":\"https:\/\/bitcoinvn.io\/shop-2\/vi\/product\/bitcoin-cap-black\/#primaryimage\",\"url\":\"https:\/\/bitcoinvn.io\/shop-2\/wp-content\/uploads\/2022\/08\/non3.jpg\",\"contentUrl\":\"https:\/\/bitcoinvn.io\/shop-2\/wp-content\/uploads\/2022\/08\/non3.jpg\",\"width\":896,\"height\":874},{\"@type\":\"BreadcrumbList\",\"@id\":\"https:\/\/bitcoinvn.io\/shop-2\/vi\/product\/bitcoin-cap-black\/#breadcrumb\",\"itemListElement\":[{\"@type\":\"ListItem\",\"position\":1,\"name\":\"Home\",\"item\":\"https:\/\/bitcoinvn.io\/shop-2\/store\/\"},{\"@type\":\"ListItem\",\"position\":2,\"name\":\"Shop\",\"item\":\"https:\/\/bitcoinvn.io\/shop-2\/shop\/\"},{\"@type\":\"ListItem\",\"position\":3,\"name\":\"N\u00f3n Bitcoin m\u00e0u \u0111en\"}]},{\"@type\":\"WebSite\",\"@id\":\"https:\/\/bitcoinvn.io\/shop-2\/#website\",\"url\":\"https:\/\/bitcoinvn.io\/shop-2\/\",\"name\":\"BitcoinVN Shop\",\"description\":\"Official Hardware Wallet Distributor in Vietnam\",\"publisher\":{\"@id\":\"https:\/\/bitcoinvn.io\/shop-2\/#organization\"},\"potentialAction\":[{\"@type\":\"SearchAction\",\"target\":{\"@type\":\"EntryPoint\",\"urlTemplate\":\"https:\/\/bitcoinvn.io\/shop-2\/?s={search_term_string}\"},\"query-input\":{\"@type\":\"PropertyValueSpecification\",\"valueRequired\":true,\"valueName\":\"search_term_string\"}}],\"inLanguage\":\"en-US\"},{\"@type\":\"Organization\",\"@id\":\"https:\/\/bitcoinvn.io\/shop-2\/#organization\",\"name\":\"BitcoinVN Shop\",\"url\":\"https:\/\/bitcoinvn.io\/shop-2\/\",\"logo\":{\"@type\":\"ImageObject\",\"inLanguage\":\"en-US\",\"@id\":\"https:\/\/bitcoinvn.io\/shop-2\/#\/schema\/logo\/image\/\",\"url\":\"https:\/\/bitcoinvn.io\/shop-2\/wp-content\/uploads\/2021\/03\/logo-bitcoinvn-shop.jpg\",\"contentUrl\":\"https:\/\/bitcoinvn.io\/shop-2\/wp-content\/uploads\/2021\/03\/logo-bitcoinvn-shop.jpg\",\"width\":1200,\"height\":675,\"caption\":\"BitcoinVN Shop\"},\"image\":{\"@id\":\"https:\/\/bitcoinvn.io\/shop-2\/#\/schema\/logo\/image\/\"},\"sameAs\":[\"https:\/\/www.facebook.com\/BitcoinVNShop\/\",\"https:\/\/x.com\/bitcoinvnshop\"]}]}<\/script>\n<!-- \/ Yoast SEO plugin. -->","yoast_head_json":{"title":"N\u00f3n bitcoin m\u00e0u \u0111en s\u00e0nh \u0111i\u1ec7u, c\u00e1 t\u00ednh, kh\u00f4ng bao gi\u1edd l\u1ed7i m\u1ed1t","description":"N\u00f3n Bitcoin - Bitcoin Cap d\u00e0nh cho ng\u01b0\u1eddi y\u00eau th\u00edch Bitcoin! Mua ngay \u0111\u1ec3 th\u1ec3 hi\u1ec7n phong c\u00e1ch c\u1ee7a b\u1ea1n v\u00e0 nh\u1eadn h\u00e0ng nhanh ch\u00f3ng!","robots":{"index":"index","follow":"follow","max-snippet":"max-snippet:-1","max-image-preview":"max-image-preview:large","max-video-preview":"max-video-preview:-1"},"canonical":"https:\/\/bitcoinvn.io\/shop-2\/vi\/product\/bitcoin-cap-black\/","og_locale":"en_US","og_type":"article","og_title":"N\u00f3n bitcoin m\u00e0u \u0111en s\u00e0nh \u0111i\u1ec7u, c\u00e1 t\u00ednh, kh\u00f4ng bao gi\u1edd l\u1ed7i m\u1ed1t","og_description":"N\u00f3n Bitcoin - Bitcoin Cap d\u00e0nh cho ng\u01b0\u1eddi y\u00eau th\u00edch Bitcoin! Mua ngay \u0111\u1ec3 th\u1ec3 hi\u1ec7n phong c\u00e1ch c\u1ee7a b\u1ea1n v\u00e0 nh\u1eadn h\u00e0ng nhanh ch\u00f3ng!","og_url":"https:\/\/bitcoinvn.io\/shop-2\/vi\/product\/bitcoin-cap-black\/","og_site_name":"BitcoinVN Shop","article_publisher":"https:\/\/www.facebook.com\/BitcoinVNShop\/","article_modified_time":"2025-06-11T00:47:15+00:00","og_image":[{"width":896,"height":874,"url":"https:\/\/bitcoinvn.io\/shop-2\/wp-content\/uploads\/2022\/08\/non3.jpg","type":"image\/jpeg"}],"twitter_card":"summary_large_image","twitter_site":"@bitcoinvnshop","twitter_misc":{"Est. reading time":"1 minute"},"schema":{"@context":"https:\/\/schema.org","@graph":[{"@type":"WebPage","@id":"https:\/\/bitcoinvn.io\/shop-2\/vi\/product\/bitcoin-cap-black\/","url":"https:\/\/bitcoinvn.io\/shop-2\/vi\/product\/bitcoin-cap-black\/","name":"N\u00f3n bitcoin m\u00e0u \u0111en s\u00e0nh \u0111i\u1ec7u, c\u00e1 t\u00ednh, kh\u00f4ng bao gi\u1edd l\u1ed7i m\u1ed1t","isPartOf":{"@id":"https:\/\/bitcoinvn.io\/shop-2\/#website"},"primaryImageOfPage":{"@id":"https:\/\/bitcoinvn.io\/shop-2\/vi\/product\/bitcoin-cap-black\/#primaryimage"},"image":{"@id":"https:\/\/bitcoinvn.io\/shop-2\/vi\/product\/bitcoin-cap-black\/#primaryimage"},"thumbnailUrl":"https:\/\/bitcoinvn.io\/shop-2\/wp-content\/uploads\/2022\/08\/non3.jpg","datePublished":"2022-08-08T05:51:59+00:00","dateModified":"2025-06-11T00:47:15+00:00","description":"N\u00f3n Bitcoin - Bitcoin Cap d\u00e0nh cho ng\u01b0\u1eddi y\u00eau th\u00edch Bitcoin! Mua ngay \u0111\u1ec3 th\u1ec3 hi\u1ec7n phong c\u00e1ch c\u1ee7a b\u1ea1n v\u00e0 nh\u1eadn h\u00e0ng nhanh ch\u00f3ng!","breadcrumb":{"@id":"https:\/\/bitcoinvn.io\/shop-2\/vi\/product\/bitcoin-cap-black\/#breadcrumb"},"inLanguage":"en-US","potentialAction":[{"@type":"ReadAction","target":["https:\/\/bitcoinvn.io\/shop-2\/vi\/product\/bitcoin-cap-black\/"]}]},{"@type":"ImageObject","inLanguage":"en-US","@id":"https:\/\/bitcoinvn.io\/shop-2\/vi\/product\/bitcoin-cap-black\/#primaryimage","url":"https:\/\/bitcoinvn.io\/shop-2\/wp-content\/uploads\/2022\/08\/non3.jpg","contentUrl":"https:\/\/bitcoinvn.io\/shop-2\/wp-content\/uploads\/2022\/08\/non3.jpg","width":896,"height":874},{"@type":"BreadcrumbList","@id":"https:\/\/bitcoinvn.io\/shop-2\/vi\/product\/bitcoin-cap-black\/#breadcrumb","itemListElement":[{"@type":"ListItem","position":1,"name":"Home","item":"https:\/\/bitcoinvn.io\/shop-2\/store\/"},{"@type":"ListItem","position":2,"name":"Shop","item":"https:\/\/bitcoinvn.io\/shop-2\/shop\/"},{"@type":"ListItem","position":3,"name":"N\u00f3n Bitcoin m\u00e0u \u0111en"}]},{"@type":"WebSite","@id":"https:\/\/bitcoinvn.io\/shop-2\/#website","url":"https:\/\/bitcoinvn.io\/shop-2\/","name":"BitcoinVN Shop","description":"Official Hardware Wallet Distributor in Vietnam","publisher":{"@id":"https:\/\/bitcoinvn.io\/shop-2\/#organization"},"potentialAction":[{"@type":"SearchAction","target":{"@type":"EntryPoint","urlTemplate":"https:\/\/bitcoinvn.io\/shop-2\/?s={search_term_string}"},"query-input":{"@type":"PropertyValueSpecification","valueRequired":true,"valueName":"search_term_string"}}],"inLanguage":"en-US"},{"@type":"Organization","@id":"https:\/\/bitcoinvn.io\/shop-2\/#organization","name":"BitcoinVN Shop","url":"https:\/\/bitcoinvn.io\/shop-2\/","logo":{"@type":"ImageObject","inLanguage":"en-US","@id":"https:\/\/bitcoinvn.io\/shop-2\/#\/schema\/logo\/image\/","url":"https:\/\/bitcoinvn.io\/shop-2\/wp-content\/uploads\/2021\/03\/logo-bitcoinvn-shop.jpg","contentUrl":"https:\/\/bitcoinvn.io\/shop-2\/wp-content\/uploads\/2021\/03\/logo-bitcoinvn-shop.jpg","width":1200,"height":675,"caption":"BitcoinVN Shop"},"image":{"@id":"https:\/\/bitcoinvn.io\/shop-2\/#\/schema\/logo\/image\/"},"sameAs":["https:\/\/www.facebook.com\/BitcoinVNShop\/","https:\/\/x.com\/bitcoinvnshop"]}]}},"lang":"vi","translations":{"vi":3521},"pll_sync_post":[],"_links":{"self":[{"href":"https:\/\/bitcoinvn.io\/shop-2\/wp-json\/wp\/v2\/product\/3521","targetHints":{"allow":["GET"]}}],"collection":[{"href":"https:\/\/bitcoinvn.io\/shop-2\/wp-json\/wp\/v2\/product"}],"about":[{"href":"https:\/\/bitcoinvn.io\/shop-2\/wp-json\/wp\/v2\/types\/product"}],"replies":[{"embeddable":true,"href":"https:\/\/bitcoinvn.io\/shop-2\/wp-json\/wp\/v2\/comments?post=3521"}],"wp:featuredmedia":[{"embeddable":true,"href":"https:\/\/bitcoinvn.io\/shop-2\/wp-json\/wp\/v2\/media\/3487"}],"wp:attachment":[{"href":"https:\/\/bitcoinvn.io\/shop-2\/wp-json\/wp\/v2\/media?parent=3521"}],"wp:term":[{"taxonomy":"product_brand","embeddable":true,"href":"https:\/\/bitcoinvn.io\/shop-2\/wp-json\/wp\/v2\/product_brand?post=3521"},{"taxonomy":"product_cat","embeddable":true,"href":"https:\/\/bitcoinvn.io\/shop-2\/wp-json\/wp\/v2\/product_cat?post=3521"},{"taxonomy":"product_tag","embeddable":true,"href":"https:\/\/bitcoinvn.io\/shop-2\/wp-json\/wp\/v2\/product_tag?post=3521"}],"curies":[{"name":"wp","href":"https:\/\/api.w.org\/{rel}","templated":true}]}}