{"id":1031,"date":"2021-03-23T03:06:51","date_gmt":"2021-03-22T20:06:51","guid":{"rendered":"https:\/\/bitcoinvn.io\/shop-2\/ve-chung-toi\/"},"modified":"2025-06-11T08:05:01","modified_gmt":"2025-06-11T01:05:01","slug":"about-us","status":"publish","type":"page","link":"https:\/\/bitcoinvn.io\/shop-2\/vi\/about-us\/","title":{"rendered":"V\u1ec1 ch\u00fang t\u00f4i"},"content":{"rendered":"<p><img loading=\"lazy\" decoding=\"async\" class=\"aligncenter wp-image-4187 size-large\" src=\"https:\/\/bitcoinvn.io\/shop-2\/wp-content\/uploads\/2023\/04\/bitcoinvn-shop-your-partner-since-2014-1024x512.jpg\" alt=\"BitcoinVN Shop - Your Partner Since 2014\" width=\"870\" height=\"435\" srcset=\"https:\/\/bitcoinvn.io\/shop-2\/wp-content\/uploads\/2023\/04\/bitcoinvn-shop-your-partner-since-2014-1024x512.jpg 1024w, https:\/\/bitcoinvn.io\/shop-2\/wp-content\/uploads\/2023\/04\/bitcoinvn-shop-your-partner-since-2014-300x150.jpg 300w, https:\/\/bitcoinvn.io\/shop-2\/wp-content\/uploads\/2023\/04\/bitcoinvn-shop-your-partner-since-2014-768x384.jpg 768w, https:\/\/bitcoinvn.io\/shop-2\/wp-content\/uploads\/2023\/04\/bitcoinvn-shop-your-partner-since-2014-600x300.jpg 600w, https:\/\/bitcoinvn.io\/shop-2\/wp-content\/uploads\/2023\/04\/bitcoinvn-shop-your-partner-since-2014.jpg 1280w\" sizes=\"auto, (max-width: 870px) 100vw, 870px\" \/><\/p>\n<p>BitcoinVN shop l\u00e0 c\u1eeda h\u00e0ng tr\u1ef1c tuy\u1ebfn ch\u00ednh th\u1ee9c c\u1ee7a <a href=\"https:\/\/www.bitcoinvn.io\/\">BitcoinVN<\/a>, <a href=\"https:\/\/medium.com\/@MrRowan\/a-brief-history-of-bitcoin-in-vietnam-a41a7b26cb83\">s\u00e0n giao d\u1ecbch Bitcoin l\u00e2u \u0111\u1eddi nh\u1ea5t t\u1ea1i Vi\u1ec7t Nam<\/a>.<\/p>\n<p><!--more--><\/p>\n<p>BitcoinVN \u0111\u01b0\u1ee3c th\u00e0nh l\u1eadp v\u1edbi s\u1ee9 m\u1ec7nh cung c\u1ea5p cho nh\u1eefng ai s\u1ed1ng t\u1ea1i Vi\u1ec7t Nam c\u01a1 h\u1ed9i ti\u1ebfp c\u1eadn d\u1ec5 d\u00e0ng v\u1edbi n\u1ec1n kinh t\u1ebf Bitcoin v\u00e0 c\u00e1c \u1ee9ng d\u1ee5ng r\u1ed9ng l\u1edbn h\u01a1n c\u1ee7a n\u00f3.<\/p>\n<p>C\u00f4ng ty \u0111\u01b0\u1ee3c th\u00e0nh l\u1eadp v\u00e0o cu\u1ed1i n\u0103m 2013 b\u1edfi nh\u00f3m s\u00e1ng l\u1eadp l\u00e0 <a href=\"https:\/\/www.twitter.com\/PhuongBitcoinVN\">Nguy\u1ec5n Tr\u1ea7n B\u1ea3o Ph\u01b0\u01a1ng<\/a>, <a href=\"https:\/\/www.twitter.com\/DominikWeil\">Dominik Weil<\/a> v\u00e0 <a href=\"https:\/\/www.twitter.com\/realalexwinter\">Alex Winter<\/a> v\u00e0 Phil Trinh (sau n\u00e0y r\u1eddi c\u00f4ng ty m\u1ed9t c\u00e1ch t\u1ed1t \u0111\u1eb9p v\u00e0o n\u0103m 2018 \u0111\u1ec3 t\u1eadp trung nhi\u1ec1u h\u01a1n v\u00e0o cu\u1ed9c s\u1ed1ng ri\u00eang t\u01b0).<\/p>\n<p>BitcoinVN v\u1eabn \u0111\u01b0\u1ee3c s\u1edf h\u1eefu v\u00e0 \u0111i\u1ec1u h\u00e0nh b\u1edfi \u0111\u1ed9i ng\u0169 s\u00e1ng l\u1eadp ban \u0111\u1ea7u.<\/p>\n<p>V\u00e0o n\u0103m 2019, <a href=\"https:\/\/www.twitter.com\/hugohanoi\">Hugo Nguy\u1ec5n<\/a> tham gia c\u00f4ng ty v\u1edbi t\u01b0 c\u00e1ch l\u00e0 Nh\u00e0 \u0111\u1ea7u t\u01b0 thi\u00ean th\u1ea7n &#8211; anh \u1ea5y l\u00e0 ng\u01b0\u1eddi \u0111\u00f3ng g\u00f3p \u0111\u1ea7u ti\u00ean (\u0111\u01b0\u1ee3c bi\u1ebft \u0111\u1ebfn) c\u00f3 ngu\u1ed3n g\u1ed1c Vi\u1ec7t Nam cho giao th\u1ee9c Bitcoin v\u00e0 l\u00e0 m\u1ed9t nh\u00e0 v\u0103n &amp; nh\u00e0 t\u01b0 t\u01b0\u1edfng v\u1ec1 c\u00e1c v\u1ea5n \u0111\u1ec1 kinh t\u1ebf v\u00e0 t\u00e0i s\u1ea3n b\u1ea3o m\u1eadt c\u1ee7a Bitcoin.<\/p>\n<p>K\u1ec3 t\u1eeb \u0111\u00f3, Hugo \u0111\u00e3 x\u00e2y d\u1ef1ng <a href=\"https:\/\/www.nunchuk.io\/\">Nunchuk<\/a> &#8211; m\u1ed9t c\u00f4ng ty kh\u1edfi nghi\u1ec7p nh\u1eb1m m\u1ee5c \u0111\u00edch bi\u1ebfn Multisig tr\u1edf th\u00e0nh m\u1ed9t gi\u1ea3i ph\u00e1p l\u01b0u k\u00fd d\u1ec5 ti\u1ebfp c\u1eadn h\u01a1n cho nhi\u1ec1u \u0111\u1ed1i t\u01b0\u1ee3ng h\u01a1n.<\/p>\n<p>Mua Bitcoin l\u00e0 m\u1ed9t vi\u1ec7c l\u00e0m c\u1ea7n thi\u1ebft, nh\u01b0ng kh\u00f4ng \u0111\u1ee7 \u0111\u1ec3 chu\u1ea9n b\u1ecb cho t\u01b0\u01a1ng lai.<\/p>\n<p><strong>\u0110\u1ec3 t\u00ecm hi\u1ec3u v\u00e0 \u00e1p d\u1ee5ng quy\u1ec1n t\u1ef1 qu\u1ea3n l\u00fd an to\u00e0n v\u00e0 qu\u1ea3n l\u00fd kh\u00f3a l\u00e0 \u0111i\u1ec1u quan tr\u1ecdng h\u00e0ng \u0111\u1ea7u \u0111\u1ed1i v\u1edbi m\u1ed9t c\u00e1 nh\u00e2n Bitcoiner.<\/strong><\/p>\n<p>Ch\u00ednh v\u00ec v\u1eady, BitcoinVN Shop cung c\u1ea5p c\u00e1c c\u00f4ng c\u1ee5 v\u00e0 th\u00f4ng tin \u0111\u1ec3 gi\u00fap b\u1ea1n hi\u1ec7n th\u1ef1c ho\u00e1 con \u0111\u01b0\u1eddng tr\u00ean h\u00e0nh tr\u00ecnh n\u00e0y.<\/p>\n<p>&nbsp;<\/p>\n<p><!--more--><\/p>\n<figure id=\"attachment_4178\" aria-describedby=\"caption-attachment-4178\" style=\"width: 870px\" class=\"wp-caption aligncenter\"><img loading=\"lazy\" decoding=\"async\" class=\"wp-image-4178 size-large\" src=\"https:\/\/bitcoinvn.io\/shop-2\/wp-content\/uploads\/2023\/04\/about-bitcoinvn-shop-lightningcon-1024x461.jpg\" alt=\"BitcoinVN Shop - Your Partner Since 2014\" width=\"870\" height=\"392\" srcset=\"https:\/\/bitcoinvn.io\/shop-2\/wp-content\/uploads\/2023\/04\/about-bitcoinvn-shop-lightningcon-1024x461.jpg 1024w, https:\/\/bitcoinvn.io\/shop-2\/wp-content\/uploads\/2023\/04\/about-bitcoinvn-shop-lightningcon-300x135.jpg 300w, https:\/\/bitcoinvn.io\/shop-2\/wp-content\/uploads\/2023\/04\/about-bitcoinvn-shop-lightningcon-768x346.jpg 768w, https:\/\/bitcoinvn.io\/shop-2\/wp-content\/uploads\/2023\/04\/about-bitcoinvn-shop-lightningcon-1536x691.jpg 1536w, https:\/\/bitcoinvn.io\/shop-2\/wp-content\/uploads\/2023\/04\/about-bitcoinvn-shop-lightningcon-2048x922.jpg 2048w, https:\/\/bitcoinvn.io\/shop-2\/wp-content\/uploads\/2023\/04\/about-bitcoinvn-shop-lightningcon-600x270.jpg 600w\" sizes=\"auto, (max-width: 870px) 100vw, 870px\" \/><figcaption id=\"caption-attachment-4178\" class=\"wp-caption-text\">BitcoinVN Shop at <a href=\"https:\/\/lightningcon.org\">LightningCon Da Nang 2023<\/a>.<\/figcaption><\/figure>\n<p>&nbsp;<\/p>\n<figure id=\"attachment_4180\" aria-describedby=\"caption-attachment-4180\" style=\"width: 870px\" class=\"wp-caption aligncenter\"><img loading=\"lazy\" decoding=\"async\" class=\"wp-image-4180 size-large\" src=\"https:\/\/bitcoinvn.io\/shop-2\/wp-content\/uploads\/2023\/04\/about-bitcoinvn-shop-taizen-1024x577.jpg\" alt=\"BitcoinVN Shop at Tai Zen's Cryptocurrency Investing Conference 2022\" width=\"870\" height=\"490\" srcset=\"https:\/\/bitcoinvn.io\/shop-2\/wp-content\/uploads\/2023\/04\/about-bitcoinvn-shop-taizen-1024x577.jpg 1024w, https:\/\/bitcoinvn.io\/shop-2\/wp-content\/uploads\/2023\/04\/about-bitcoinvn-shop-taizen-300x169.jpg 300w, https:\/\/bitcoinvn.io\/shop-2\/wp-content\/uploads\/2023\/04\/about-bitcoinvn-shop-taizen-768x433.jpg 768w, https:\/\/bitcoinvn.io\/shop-2\/wp-content\/uploads\/2023\/04\/about-bitcoinvn-shop-taizen-600x338.jpg 600w, https:\/\/bitcoinvn.io\/shop-2\/wp-content\/uploads\/2023\/04\/about-bitcoinvn-shop-taizen.jpg 1280w\" sizes=\"auto, (max-width: 870px) 100vw, 870px\" \/><figcaption id=\"caption-attachment-4180\" class=\"wp-caption-text\">BitcoinVN Shop at Tai Zen&#8217;s Cryptocurrency Investing Conference 2022<\/figcaption><\/figure>\n","protected":false},"excerpt":{"rendered":"<p>BitcoinVN shop l\u00e0 c\u1eeda h\u00e0ng tr\u1ef1c tuy\u1ebfn ch\u00ednh th\u1ee9c c\u1ee7a BitcoinVN, s\u00e0n giao d\u1ecbch Bitcoin l\u00e2u \u0111\u1eddi nh\u1ea5t t\u1ea1i Vi\u1ec7t Nam.<\/p>\n","protected":false},"author":4,"featured_media":0,"parent":0,"menu_order":0,"comment_status":"closed","ping_status":"closed","template":"","meta":{"footnotes":""},"class_list":["post-1031","page","type-page","status-publish","hentry"],"yoast_head":"<!-- This site is optimized with the Yoast SEO plugin v27.2 - https:\/\/yoast.com\/product\/yoast-seo-wordpress\/ -->\n<title>V\u1ec1 ch\u00fang t\u00f4i - BitcoinVN Shop<\/title>\n<meta name=\"robots\" content=\"index, follow, max-snippet:-1, max-image-preview:large, max-video-preview:-1\" \/>\n<link rel=\"canonical\" href=\"https:\/\/bitcoinvn.io\/shop-2\/vi\/about-us\/\" \/>\n<meta property=\"og:locale\" content=\"en_US\" \/>\n<meta property=\"og:type\" content=\"article\" \/>\n<meta property=\"og:title\" content=\"V\u1ec1 ch\u00fang t\u00f4i - BitcoinVN Shop\" \/>\n<meta property=\"og:description\" content=\"BitcoinVN shop l\u00e0 c\u1eeda h\u00e0ng tr\u1ef1c tuy\u1ebfn ch\u00ednh th\u1ee9c c\u1ee7a BitcoinVN, s\u00e0n giao d\u1ecbch Bitcoin l\u00e2u \u0111\u1eddi nh\u1ea5t t\u1ea1i Vi\u1ec7t Nam.\" \/>\n<meta property=\"og:url\" content=\"https:\/\/bitcoinvn.io\/shop-2\/vi\/about-us\/\" \/>\n<meta property=\"og:site_name\" content=\"BitcoinVN Shop\" \/>\n<meta property=\"article:publisher\" content=\"https:\/\/www.facebook.com\/BitcoinVNShop\/\" \/>\n<meta property=\"article:modified_time\" content=\"2025-06-11T01:05:01+00:00\" \/>\n<meta property=\"og:image\" content=\"https:\/\/bitcoinvn.io\/shop-2\/wp-content\/uploads\/2023\/04\/bitcoinvn-shop-your-partner-since-2014.jpg\" \/>\n\t<meta property=\"og:image:width\" content=\"1280\" \/>\n\t<meta property=\"og:image:height\" content=\"640\" \/>\n\t<meta property=\"og:image:type\" content=\"image\/jpeg\" \/>\n<meta name=\"twitter:card\" content=\"summary_large_image\" \/>\n<meta name=\"twitter:site\" content=\"@bitcoinvnshop\" \/>\n<meta name=\"twitter:label1\" content=\"Est. reading time\" \/>\n\t<meta name=\"twitter:data1\" content=\"2 minutes\" \/>\n<script type=\"application\/ld+json\" class=\"yoast-schema-graph\">{\"@context\":\"https:\/\/schema.org\",\"@graph\":[{\"@type\":\"WebPage\",\"@id\":\"https:\/\/bitcoinvn.io\/shop-2\/vi\/about-us\/\",\"url\":\"https:\/\/bitcoinvn.io\/shop-2\/vi\/about-us\/\",\"name\":\"V\u1ec1 ch\u00fang t\u00f4i - BitcoinVN Shop\",\"isPartOf\":{\"@id\":\"https:\/\/bitcoinvn.io\/shop-2\/#website\"},\"primaryImageOfPage\":{\"@id\":\"https:\/\/bitcoinvn.io\/shop-2\/vi\/about-us\/#primaryimage\"},\"image\":{\"@id\":\"https:\/\/bitcoinvn.io\/shop-2\/vi\/about-us\/#primaryimage\"},\"thumbnailUrl\":\"https:\/\/bitcoinvn.io\/shop-2\/wp-content\/uploads\/2023\/04\/bitcoinvn-shop-your-partner-since-2014-1024x512.jpg\",\"datePublished\":\"2021-03-22T20:06:51+00:00\",\"dateModified\":\"2025-06-11T01:05:01+00:00\",\"breadcrumb\":{\"@id\":\"https:\/\/bitcoinvn.io\/shop-2\/vi\/about-us\/#breadcrumb\"},\"inLanguage\":\"en-US\",\"potentialAction\":[{\"@type\":\"ReadAction\",\"target\":[\"https:\/\/bitcoinvn.io\/shop-2\/vi\/about-us\/\"]}]},{\"@type\":\"ImageObject\",\"inLanguage\":\"en-US\",\"@id\":\"https:\/\/bitcoinvn.io\/shop-2\/vi\/about-us\/#primaryimage\",\"url\":\"https:\/\/bitcoinvn.io\/shop-2\/wp-content\/uploads\/2023\/04\/bitcoinvn-shop-your-partner-since-2014.jpg\",\"contentUrl\":\"https:\/\/bitcoinvn.io\/shop-2\/wp-content\/uploads\/2023\/04\/bitcoinvn-shop-your-partner-since-2014.jpg\",\"width\":1280,\"height\":640,\"caption\":\"BitcoinVN Shop - Your Partner Since 2014\"},{\"@type\":\"BreadcrumbList\",\"@id\":\"https:\/\/bitcoinvn.io\/shop-2\/vi\/about-us\/#breadcrumb\",\"itemListElement\":[{\"@type\":\"ListItem\",\"position\":1,\"name\":\"Home\",\"item\":\"https:\/\/bitcoinvn.io\/shop-2\/store\/\"},{\"@type\":\"ListItem\",\"position\":2,\"name\":\"V\u1ec1 ch\u00fang t\u00f4i\"}]},{\"@type\":\"WebSite\",\"@id\":\"https:\/\/bitcoinvn.io\/shop-2\/#website\",\"url\":\"https:\/\/bitcoinvn.io\/shop-2\/\",\"name\":\"BitcoinVN Shop\",\"description\":\"Official Hardware Wallet Distributor in Vietnam\",\"publisher\":{\"@id\":\"https:\/\/bitcoinvn.io\/shop-2\/#organization\"},\"potentialAction\":[{\"@type\":\"SearchAction\",\"target\":{\"@type\":\"EntryPoint\",\"urlTemplate\":\"https:\/\/bitcoinvn.io\/shop-2\/?s={search_term_string}\"},\"query-input\":{\"@type\":\"PropertyValueSpecification\",\"valueRequired\":true,\"valueName\":\"search_term_string\"}}],\"inLanguage\":\"en-US\"},{\"@type\":\"Organization\",\"@id\":\"https:\/\/bitcoinvn.io\/shop-2\/#organization\",\"name\":\"BitcoinVN Shop\",\"url\":\"https:\/\/bitcoinvn.io\/shop-2\/\",\"logo\":{\"@type\":\"ImageObject\",\"inLanguage\":\"en-US\",\"@id\":\"https:\/\/bitcoinvn.io\/shop-2\/#\/schema\/logo\/image\/\",\"url\":\"https:\/\/bitcoinvn.io\/shop-2\/wp-content\/uploads\/2021\/03\/logo-bitcoinvn-shop.jpg\",\"contentUrl\":\"https:\/\/bitcoinvn.io\/shop-2\/wp-content\/uploads\/2021\/03\/logo-bitcoinvn-shop.jpg\",\"width\":1200,\"height\":675,\"caption\":\"BitcoinVN Shop\"},\"image\":{\"@id\":\"https:\/\/bitcoinvn.io\/shop-2\/#\/schema\/logo\/image\/\"},\"sameAs\":[\"https:\/\/www.facebook.com\/BitcoinVNShop\/\",\"https:\/\/x.com\/bitcoinvnshop\"]}]}<\/script>\n<!-- \/ Yoast SEO plugin. -->","yoast_head_json":{"title":"V\u1ec1 ch\u00fang t\u00f4i - BitcoinVN Shop","robots":{"index":"index","follow":"follow","max-snippet":"max-snippet:-1","max-image-preview":"max-image-preview:large","max-video-preview":"max-video-preview:-1"},"canonical":"https:\/\/bitcoinvn.io\/shop-2\/vi\/about-us\/","og_locale":"en_US","og_type":"article","og_title":"V\u1ec1 ch\u00fang t\u00f4i - BitcoinVN Shop","og_description":"BitcoinVN shop l\u00e0 c\u1eeda h\u00e0ng tr\u1ef1c tuy\u1ebfn ch\u00ednh th\u1ee9c c\u1ee7a BitcoinVN, s\u00e0n giao d\u1ecbch Bitcoin l\u00e2u \u0111\u1eddi nh\u1ea5t t\u1ea1i Vi\u1ec7t Nam.","og_url":"https:\/\/bitcoinvn.io\/shop-2\/vi\/about-us\/","og_site_name":"BitcoinVN Shop","article_publisher":"https:\/\/www.facebook.com\/BitcoinVNShop\/","article_modified_time":"2025-06-11T01:05:01+00:00","og_image":[{"width":1280,"height":640,"url":"https:\/\/bitcoinvn.io\/shop-2\/wp-content\/uploads\/2023\/04\/bitcoinvn-shop-your-partner-since-2014.jpg","type":"image\/jpeg"}],"twitter_card":"summary_large_image","twitter_site":"@bitcoinvnshop","twitter_misc":{"Est. reading time":"2 minutes"},"schema":{"@context":"https:\/\/schema.org","@graph":[{"@type":"WebPage","@id":"https:\/\/bitcoinvn.io\/shop-2\/vi\/about-us\/","url":"https:\/\/bitcoinvn.io\/shop-2\/vi\/about-us\/","name":"V\u1ec1 ch\u00fang t\u00f4i - BitcoinVN Shop","isPartOf":{"@id":"https:\/\/bitcoinvn.io\/shop-2\/#website"},"primaryImageOfPage":{"@id":"https:\/\/bitcoinvn.io\/shop-2\/vi\/about-us\/#primaryimage"},"image":{"@id":"https:\/\/bitcoinvn.io\/shop-2\/vi\/about-us\/#primaryimage"},"thumbnailUrl":"https:\/\/bitcoinvn.io\/shop-2\/wp-content\/uploads\/2023\/04\/bitcoinvn-shop-your-partner-since-2014-1024x512.jpg","datePublished":"2021-03-22T20:06:51+00:00","dateModified":"2025-06-11T01:05:01+00:00","breadcrumb":{"@id":"https:\/\/bitcoinvn.io\/shop-2\/vi\/about-us\/#breadcrumb"},"inLanguage":"en-US","potentialAction":[{"@type":"ReadAction","target":["https:\/\/bitcoinvn.io\/shop-2\/vi\/about-us\/"]}]},{"@type":"ImageObject","inLanguage":"en-US","@id":"https:\/\/bitcoinvn.io\/shop-2\/vi\/about-us\/#primaryimage","url":"https:\/\/bitcoinvn.io\/shop-2\/wp-content\/uploads\/2023\/04\/bitcoinvn-shop-your-partner-since-2014.jpg","contentUrl":"https:\/\/bitcoinvn.io\/shop-2\/wp-content\/uploads\/2023\/04\/bitcoinvn-shop-your-partner-since-2014.jpg","width":1280,"height":640,"caption":"BitcoinVN Shop - Your Partner Since 2014"},{"@type":"BreadcrumbList","@id":"https:\/\/bitcoinvn.io\/shop-2\/vi\/about-us\/#breadcrumb","itemListElement":[{"@type":"ListItem","position":1,"name":"Home","item":"https:\/\/bitcoinvn.io\/shop-2\/store\/"},{"@type":"ListItem","position":2,"name":"V\u1ec1 ch\u00fang t\u00f4i"}]},{"@type":"WebSite","@id":"https:\/\/bitcoinvn.io\/shop-2\/#website","url":"https:\/\/bitcoinvn.io\/shop-2\/","name":"BitcoinVN Shop","description":"Official Hardware Wallet Distributor in Vietnam","publisher":{"@id":"https:\/\/bitcoinvn.io\/shop-2\/#organization"},"potentialAction":[{"@type":"SearchAction","target":{"@type":"EntryPoint","urlTemplate":"https:\/\/bitcoinvn.io\/shop-2\/?s={search_term_string}"},"query-input":{"@type":"PropertyValueSpecification","valueRequired":true,"valueName":"search_term_string"}}],"inLanguage":"en-US"},{"@type":"Organization","@id":"https:\/\/bitcoinvn.io\/shop-2\/#organization","name":"BitcoinVN Shop","url":"https:\/\/bitcoinvn.io\/shop-2\/","logo":{"@type":"ImageObject","inLanguage":"en-US","@id":"https:\/\/bitcoinvn.io\/shop-2\/#\/schema\/logo\/image\/","url":"https:\/\/bitcoinvn.io\/shop-2\/wp-content\/uploads\/2021\/03\/logo-bitcoinvn-shop.jpg","contentUrl":"https:\/\/bitcoinvn.io\/shop-2\/wp-content\/uploads\/2021\/03\/logo-bitcoinvn-shop.jpg","width":1200,"height":675,"caption":"BitcoinVN Shop"},"image":{"@id":"https:\/\/bitcoinvn.io\/shop-2\/#\/schema\/logo\/image\/"},"sameAs":["https:\/\/www.facebook.com\/BitcoinVNShop\/","https:\/\/x.com\/bitcoinvnshop"]}]}},"lang":"vi","translations":{"vi":1031,"en":1028,"ja":6200,"ru":6759,"zh":8072,"ko":8074},"pll_sync_post":[],"_links":{"self":[{"href":"https:\/\/bitcoinvn.io\/shop-2\/wp-json\/wp\/v2\/pages\/1031","targetHints":{"allow":["GET"]}}],"collection":[{"href":"https:\/\/bitcoinvn.io\/shop-2\/wp-json\/wp\/v2\/pages"}],"about":[{"href":"https:\/\/bitcoinvn.io\/shop-2\/wp-json\/wp\/v2\/types\/page"}],"author":[{"embeddable":true,"href":"https:\/\/bitcoinvn.io\/shop-2\/wp-json\/wp\/v2\/users\/4"}],"replies":[{"embeddable":true,"href":"https:\/\/bitcoinvn.io\/shop-2\/wp-json\/wp\/v2\/comments?post=1031"}],"version-history":[{"count":4,"href":"https:\/\/bitcoinvn.io\/shop-2\/wp-json\/wp\/v2\/pages\/1031\/revisions"}],"predecessor-version":[{"id":4190,"href":"https:\/\/bitcoinvn.io\/shop-2\/wp-json\/wp\/v2\/pages\/1031\/revisions\/4190"}],"wp:attachment":[{"href":"https:\/\/bitcoinvn.io\/shop-2\/wp-json\/wp\/v2\/media?parent=1031"}],"curies":[{"name":"wp","href":"https:\/\/api.w.org\/{rel}","templated":true}]}}